
{"id":653,"date":"2023-02-28T15:39:23","date_gmt":"2023-02-28T14:39:23","guid":{"rendered":"https:\/\/passerelle2.ac-nantes.fr\/cio\/?page_id=653"},"modified":"2024-01-08T12:35:09","modified_gmt":"2024-01-08T11:35:09","slug":"secteurs-scolaires-des-conseillers-dorientation-psychologues","status":"publish","type":"page","link":"https:\/\/passerelle2.ac-nantes.fr\/cio-reze\/secteurs-scolaires-des-conseillers-dorientation-psychologues\/","title":{"rendered":"Secteurs scolaires des Psychologues de l&rsquo;Education Nationale du CIO de Rez\u00e9"},"content":{"rendered":"\n<p class=\"has-text-align-center\">Les Psychologues de l&rsquo;\u00c9ducation Nationale du CIO de Rez\u00e9 interviennent dans tous les \u00e9tablissements publics du second degr\u00e9, du bassin Sud Loire &#8211; Pour conna\u00eetre le nom et la permanence du psychologue de l&rsquo;\u00e9tablissement qui vous concerne consultez le document ci dessous :<\/p>\n\n\n\n<p class=\"has-text-align-left\">&nbsp;\u00ab\u00a0\/\u00a0\u00bb<\/p>\n\n\n\n<div data-wp-interactive=\"core\/file\" class=\"wp-block-file\"><object data-wp-bind--hidden=\"!state.hasPdfPreview\" hidden class=\"wp-block-file__embed\" data=\"https:\/\/passerelle2.ac-nantes.fr\/cio-reze\/wp-content\/uploads\/sites\/374\/2024\/01\/CIO-REZE-SUD-LOIRE-Bassin-Sud-Loire-Etablissements.pdf\" type=\"application\/pdf\" style=\"width:100%;height:600px\" aria-label=\"Contenu embarqu\u00e9 CIO-REZE-SUD-LOIRE-Bassin-Sud-Loire-Etablissements.\"><\/object><a id=\"wp-block-file--media-5468cb21-1e68-4422-bd4c-abdca687217c\" href=\"https:\/\/passerelle2.ac-nantes.fr\/cio-reze\/wp-content\/uploads\/sites\/374\/2024\/01\/CIO-REZE-SUD-LOIRE-Bassin-Sud-Loire-Etablissements.pdf\">CIO-REZE-SUD-LOIRE-Bassin-Sud-Loire-Etablissements<\/a><a href=\"https:\/\/passerelle2.ac-nantes.fr\/cio-reze\/wp-content\/uploads\/sites\/374\/2024\/01\/CIO-REZE-SUD-LOIRE-Bassin-Sud-Loire-Etablissements.pdf\" class=\"wp-block-file__button wp-element-button\" download aria-describedby=\"wp-block-file--media-5468cb21-1e68-4422-bd4c-abdca687217c\">T\u00e9l\u00e9charger<\/a><\/div>\n\n\n\n<figure class=\"wp-block-image size-full\"><img loading=\"lazy\" decoding=\"async\" width=\"849\" height=\"600\" src=\"https:\/\/passerelle2.ac-nantes.fr\/cio-reze\/wp-content\/uploads\/sites\/374\/2024\/01\/Organigramme-23-24.jpg\" alt=\"\" class=\"wp-image-2306\" srcset=\"https:\/\/passerelle2.ac-nantes.fr\/cio-reze\/wp-content\/uploads\/sites\/374\/2024\/01\/Organigramme-23-24.jpg 849w, https:\/\/passerelle2.ac-nantes.fr\/cio-reze\/wp-content\/uploads\/sites\/374\/2024\/01\/Organigramme-23-24-300x212.jpg 300w, https:\/\/passerelle2.ac-nantes.fr\/cio-reze\/wp-content\/uploads\/sites\/374\/2024\/01\/Organigramme-23-24-768x543.jpg 768w\" sizes=\"auto, (max-width: 849px) 100vw, 849px\" \/><\/figure>\n","protected":false},"excerpt":{"rendered":"<p>Les Psychologues de l&rsquo;\u00c9ducation Nationale du CIO de Rez\u00e9 interviennent dans tous les \u00e9tablissements publics du second degr\u00e9, du bassin Sud Loire &#8211; Pour conna\u00eetre le nom et la permanence du psychologue de l&rsquo;\u00e9tablissement qui vous concerne consultez le document &hellip; <a href=\"https:\/\/passerelle2.ac-nantes.fr\/cio-reze\/secteurs-scolaires-des-conseillers-dorientation-psychologues\/\">Continuer la lecture <span class=\"meta-nav\">&rarr;<\/span><\/a><\/p>\n","protected":false},"author":5941,"featured_media":0,"parent":0,"menu_order":0,"comment_status":"closed","ping_status":"closed","template":"","meta":{"ngg_post_thumbnail":0,"h5ap_radio_sources":[],"jetpack_post_was_ever_published":false,"footnotes":""},"folder":[],"class_list":["post-653","page","type-page","status-publish","hentry"],"jetpack_sharing_enabled":true,"jetpack_shortlink":"https:\/\/wp.me\/P8Njdd-ax","_links":{"self":[{"href":"https:\/\/passerelle2.ac-nantes.fr\/cio-reze\/wp-json\/wp\/v2\/pages\/653","targetHints":{"allow":["GET"]}}],"collection":[{"href":"https:\/\/passerelle2.ac-nantes.fr\/cio-reze\/wp-json\/wp\/v2\/pages"}],"about":[{"href":"https:\/\/passerelle2.ac-nantes.fr\/cio-reze\/wp-json\/wp\/v2\/types\/page"}],"author":[{"embeddable":true,"href":"https:\/\/passerelle2.ac-nantes.fr\/cio-reze\/wp-json\/wp\/v2\/users\/5941"}],"replies":[{"embeddable":true,"href":"https:\/\/passerelle2.ac-nantes.fr\/cio-reze\/wp-json\/wp\/v2\/comments?post=653"}],"version-history":[{"count":0,"href":"https:\/\/passerelle2.ac-nantes.fr\/cio-reze\/wp-json\/wp\/v2\/pages\/653\/revisions"}],"wp:attachment":[{"href":"https:\/\/passerelle2.ac-nantes.fr\/cio-reze\/wp-json\/wp\/v2\/media?parent=653"}],"wp:term":[{"taxonomy":"folder","embeddable":true,"href":"https:\/\/passerelle2.ac-nantes.fr\/cio-reze\/wp-json\/wp\/v2\/folder?post=653"}],"curies":[{"name":"wp","href":"https:\/\/api.w.org\/{rel}","templated":true}]}}