
{"id":679,"date":"2023-02-28T16:12:29","date_gmt":"2023-02-28T15:12:29","guid":{"rendered":"https:\/\/passerelle2.ac-nantes.fr\/cio-reze\/?page_id=679"},"modified":"2023-02-28T16:12:30","modified_gmt":"2023-02-28T15:12:30","slug":"nos-services","status":"publish","type":"page","link":"https:\/\/passerelle2.ac-nantes.fr\/cio-reze\/nos-services\/","title":{"rendered":"Nos services"},"content":{"rendered":"<p>&nbsp;<\/p>\n<div>\n<h3><span style=\"color: #333399; font-family: georgia, palatino, serif; font-size: 18pt;\"><strong><strong>Entretien avec un Psychologue de l&rsquo;\u00c9ducation Nationale &#8211; Conseil en Orientation Scolaire et Professionnelle<br \/>\n<\/strong><\/strong><\/span><\/h3>\n<p><strong><strong>Les Psychologues de l&rsquo;Education Nationale vous apportent information, aide et conseil personnalis\u00e9 pour votre orientation scolaire et professionnelle ; ils peuvent aussi \u00eatre consult\u00e9s lorsque se pr\u00e9sentent des difficult\u00e9s particuli\u00e8res dans la scolarit\u00e9 et la formation.<\/strong><\/strong><\/p>\n<h3><span style=\"color: #333399; font-size: 18pt;\"><strong>Espaces documentaires <\/strong><\/span><\/h3>\n<p>En consultation libre ou accompagn\u00e9e, vous trouverez des documents sur ces diff\u00e9rents th\u00e8mes :<\/p>\n<ul>\n<li>&nbsp;les \u00e9tudes de la 6\u00e8me au bac<\/li>\n<li>&nbsp;les \u00e9tudes apr\u00e8s le bac<\/li>\n<li>&nbsp;les \u00e9tudes en alternance<\/li>\n<li>&nbsp;les formations pour adultes<\/li>\n<li>&nbsp;les m\u00e9tiers par secteurs professionnels<\/li>\n<li>&nbsp;les concours administratifs<\/li>\n<li>les \u00e9tudes et s\u00e9jours \u00e0 l\u2019\u00e9tranger<\/li>\n<li>les activit\u00e9s extra-scolaires<\/li>\n<\/ul>\n<p><img loading=\"lazy\" decoding=\"async\" class=\"alignnone size-medium wp-image-119\" src=\"https:\/\/passerelle2.ac-nantes.fr\/cio-reze\/wp-content\/uploads\/sites\/374\/2015\/03\/DSC00898-300x168.jpg\" alt=\"\" width=\"300\" height=\"168\" srcset=\"https:\/\/passerelle2.ac-nantes.fr\/cio-reze\/wp-content\/uploads\/sites\/374\/2015\/03\/DSC00898-300x168.jpg 300w, https:\/\/passerelle2.ac-nantes.fr\/cio-reze\/wp-content\/uploads\/sites\/374\/2015\/03\/DSC00898.jpg 1024w\" sizes=\"auto, (max-width: 300px) 100vw, 300px\" \/><\/p>\n<p>&nbsp;<\/p>\n<h3><span style=\"color: #333399; font-size: 18pt;\"><strong>Service de pr\u00eat des brochures ONISEP<\/strong><\/span><\/h3>\n<p>Une grande partie de nos brochures pr\u00e9sent\u00e9es dans les espaces documentaires peuvent \u00eatre emprunt\u00e9es gratuitement pour une dur\u00e9e de 15 jours.<\/p>\n<h3><span style=\"color: #333399; font-size: 18pt;\"><strong>Acc\u00e8s \u00e0 l\u2019espace multim\u00e9dia<\/strong><\/span><\/h3>\n<ul>\n<li>vid\u00e9os sur les m\u00e9tiers et formations<\/li>\n<li>logiciels d\u2019aide \u00e0 l\u2019orientation<\/li>\n<li>acc\u00e8s \u00e0 internet pour la constitution de votre lettre de motivation, CV ou recherches en lien avec l&rsquo;orientation.<\/li>\n<\/ul>\n<p>&nbsp;<\/p>\n<p>&nbsp;<\/p>\n<\/div>\n","protected":false},"excerpt":{"rendered":"<p>&nbsp; Entretien avec un Psychologue de l&rsquo;\u00c9ducation Nationale &#8211; Conseil en Orientation Scolaire et Professionnelle Les Psychologues de l&rsquo;Education Nationale vous apportent information, aide et conseil personnalis\u00e9 pour votre orientation scolaire et professionnelle ; ils peuvent aussi \u00eatre consult\u00e9s lorsque &hellip; <a href=\"https:\/\/passerelle2.ac-nantes.fr\/cio-reze\/nos-services\/\">Continuer la lecture <span class=\"meta-nav\">&rarr;<\/span><\/a><\/p>\n","protected":false},"author":5941,"featured_media":0,"parent":0,"menu_order":0,"comment_status":"closed","ping_status":"closed","template":"","meta":{"ngg_post_thumbnail":0,"h5ap_radio_sources":[],"jetpack_post_was_ever_published":false,"footnotes":""},"folder":[],"class_list":["post-679","page","type-page","status-publish","hentry"],"jetpack_sharing_enabled":true,"jetpack_shortlink":"https:\/\/wp.me\/P8Njdd-aX","_links":{"self":[{"href":"https:\/\/passerelle2.ac-nantes.fr\/cio-reze\/wp-json\/wp\/v2\/pages\/679","targetHints":{"allow":["GET"]}}],"collection":[{"href":"https:\/\/passerelle2.ac-nantes.fr\/cio-reze\/wp-json\/wp\/v2\/pages"}],"about":[{"href":"https:\/\/passerelle2.ac-nantes.fr\/cio-reze\/wp-json\/wp\/v2\/types\/page"}],"author":[{"embeddable":true,"href":"https:\/\/passerelle2.ac-nantes.fr\/cio-reze\/wp-json\/wp\/v2\/users\/5941"}],"replies":[{"embeddable":true,"href":"https:\/\/passerelle2.ac-nantes.fr\/cio-reze\/wp-json\/wp\/v2\/comments?post=679"}],"version-history":[{"count":0,"href":"https:\/\/passerelle2.ac-nantes.fr\/cio-reze\/wp-json\/wp\/v2\/pages\/679\/revisions"}],"wp:attachment":[{"href":"https:\/\/passerelle2.ac-nantes.fr\/cio-reze\/wp-json\/wp\/v2\/media?parent=679"}],"wp:term":[{"taxonomy":"folder","embeddable":true,"href":"https:\/\/passerelle2.ac-nantes.fr\/cio-reze\/wp-json\/wp\/v2\/folder?post=679"}],"curies":[{"name":"wp","href":"https:\/\/api.w.org\/{rel}","templated":true}]}}