
{"id":37,"date":"2013-01-22T20:40:36","date_gmt":"2013-01-22T20:40:36","guid":{"rendered":"https:\/\/passerelle2.ac-nantes.fr\/ec-charlotte-menanteau\/?page_id=37"},"modified":"2024-11-19T14:10:50","modified_gmt":"2024-11-19T13:10:50","slug":"la-cantine","status":"publish","type":"page","link":"https:\/\/passerelle2.ac-nantes.fr\/ec-charlotte-menanteau\/la-cantine\/","title":{"rendered":"La cantine"},"content":{"rendered":"<p>Les repas sont cuisin\u00e9s sur place, par Madame St\u00e9fanie Thir\u00e9.<\/p>\n<p>Elle pr\u00e9pare les plats, et assure \u00e9galement toute l\u2019intendance li\u00e9e \u00e0 la restauration : l&rsquo;\u00e9laboration des menus, le choix des denr\u00e9es, les commandes, la gestion des stocks, la r\u00e9ception des marchandises et le contr\u00f4le sanitaire.<\/p>\n<p>Deux services sont mis en place : le premier de 11h45 \u00e0 12h30 pour les \u00e9l\u00e8ves de maternelle, et le deuxi\u00e8me de 12h30 \u00e0 13h pour les \u00e9l\u00e8ves d\u2019\u00e9l\u00e9mentaire. Mesdames Guibert et Petit sont l\u00e0 pour aider les enfants et faire du temps du repas un moment privil\u00e9gi\u00e9 de plaisir et d&rsquo;\u00e9ducation au go\u00fbt.<\/p>\n<p>Tarif : 3 \u20ac 30 le repas<\/p>\n","protected":false},"excerpt":{"rendered":"<p>Les repas sont cuisin\u00e9s sur place, par Madame St\u00e9fanie Thir\u00e9. Elle pr\u00e9pare les plats, et assure \u00e9galement toute l\u2019intendance li\u00e9e \u00e0 la restauration : l&rsquo;\u00e9laboration des menus, le choix des denr\u00e9es, les commandes, la gestion des stocks, la r\u00e9ception des &hellip; <a href=\"https:\/\/passerelle2.ac-nantes.fr\/ec-charlotte-menanteau\/la-cantine\/\">Continuer la lecture <span class=\"meta-nav\">&rarr;<\/span><\/a><\/p>\n","protected":false},"author":1813,"featured_media":0,"parent":0,"menu_order":1,"comment_status":"closed","ping_status":"open","template":"","meta":{"ngg_post_thumbnail":0,"h5ap_radio_sources":[],"jetpack_post_was_ever_published":false,"footnotes":""},"folder":[],"class_list":["post-37","page","type-page","status-publish","hentry"],"jetpack_sharing_enabled":true,"jetpack_shortlink":"https:\/\/wp.me\/P8SQ1x-B","_links":{"self":[{"href":"https:\/\/passerelle2.ac-nantes.fr\/ec-charlotte-menanteau\/wp-json\/wp\/v2\/pages\/37","targetHints":{"allow":["GET"]}}],"collection":[{"href":"https:\/\/passerelle2.ac-nantes.fr\/ec-charlotte-menanteau\/wp-json\/wp\/v2\/pages"}],"about":[{"href":"https:\/\/passerelle2.ac-nantes.fr\/ec-charlotte-menanteau\/wp-json\/wp\/v2\/types\/page"}],"author":[{"embeddable":true,"href":"https:\/\/passerelle2.ac-nantes.fr\/ec-charlotte-menanteau\/wp-json\/wp\/v2\/users\/1813"}],"replies":[{"embeddable":true,"href":"https:\/\/passerelle2.ac-nantes.fr\/ec-charlotte-menanteau\/wp-json\/wp\/v2\/comments?post=37"}],"version-history":[{"count":0,"href":"https:\/\/passerelle2.ac-nantes.fr\/ec-charlotte-menanteau\/wp-json\/wp\/v2\/pages\/37\/revisions"}],"wp:attachment":[{"href":"https:\/\/passerelle2.ac-nantes.fr\/ec-charlotte-menanteau\/wp-json\/wp\/v2\/media?parent=37"}],"wp:term":[{"taxonomy":"folder","embeddable":true,"href":"https:\/\/passerelle2.ac-nantes.fr\/ec-charlotte-menanteau\/wp-json\/wp\/v2\/folder?post=37"}],"curies":[{"name":"wp","href":"https:\/\/api.w.org\/{rel}","templated":true}]}}