
{"id":78,"date":"2013-08-31T12:01:41","date_gmt":"2013-08-31T10:01:41","guid":{"rendered":"https:\/\/passerelle2.ac-nantes.fr\/ecole-boisviaud\/?page_id=78"},"modified":"2013-08-31T12:31:10","modified_gmt":"2013-08-31T10:31:10","slug":"vie-de-lecole","status":"publish","type":"page","link":"https:\/\/passerelle2.ac-nantes.fr\/ecole-boisviaud\/vie-de-lecole\/","title":{"rendered":"Vie de l&rsquo;\u00e9cole"},"content":{"rendered":"<p><a title=\"Pr\u00e9sentation de notre \u00e9cole\" href=\"https:\/\/passerelle2.ac-nantes.fr\/ecole-boisviaud\/vie-de-lecole\/presentation-de-notre-ecole\/\">Pr\u00e9sentation de notre \u00e9cole<\/a><\/p>\n<p><a title=\"Dates des vacances 2013-2014 ( a modifier )\" href=\"https:\/\/passerelle2.ac-nantes.fr\/ecole-boisviaud\/vie-de-lecole\/dates-des-vacances-2013-2014-a-modifier\/\">Dates des vacances 2013-2014 ( a modifier )<\/a><\/p>\n<p><a title=\"\u00e0 la Une !\" href=\"https:\/\/passerelle2.ac-nantes.fr\/ecole-boisviaud\/vie-de-lecole\/a-la-une\/\">\u00e0 la Une !<\/a><\/p>\n","protected":false},"excerpt":{"rendered":"<p>Pr\u00e9sentation de notre \u00e9cole Dates des vacances 2013-2014 ( a modifier ) \u00e0 la Une !<\/p>\n","protected":false},"author":3956,"featured_media":0,"parent":0,"menu_order":0,"comment_status":"closed","ping_status":"closed","template":"","meta":{"ngg_post_thumbnail":0,"h5ap_radio_sources":[],"footnotes":""},"folder":[],"class_list":["post-78","page","type-page","status-publish","hentry"],"_links":{"self":[{"href":"https:\/\/passerelle2.ac-nantes.fr\/ecole-boisviaud\/wp-json\/wp\/v2\/pages\/78","targetHints":{"allow":["GET"]}}],"collection":[{"href":"https:\/\/passerelle2.ac-nantes.fr\/ecole-boisviaud\/wp-json\/wp\/v2\/pages"}],"about":[{"href":"https:\/\/passerelle2.ac-nantes.fr\/ecole-boisviaud\/wp-json\/wp\/v2\/types\/page"}],"author":[{"embeddable":true,"href":"https:\/\/passerelle2.ac-nantes.fr\/ecole-boisviaud\/wp-json\/wp\/v2\/users\/3956"}],"replies":[{"embeddable":true,"href":"https:\/\/passerelle2.ac-nantes.fr\/ecole-boisviaud\/wp-json\/wp\/v2\/comments?post=78"}],"version-history":[{"count":0,"href":"https:\/\/passerelle2.ac-nantes.fr\/ecole-boisviaud\/wp-json\/wp\/v2\/pages\/78\/revisions"}],"wp:attachment":[{"href":"https:\/\/passerelle2.ac-nantes.fr\/ecole-boisviaud\/wp-json\/wp\/v2\/media?parent=78"}],"wp:term":[{"taxonomy":"folder","embeddable":true,"href":"https:\/\/passerelle2.ac-nantes.fr\/ecole-boisviaud\/wp-json\/wp\/v2\/folder?post=78"}],"curies":[{"name":"wp","href":"https:\/\/api.w.org\/{rel}","templated":true}]}}