
{"id":134,"date":"2013-06-03T08:04:51","date_gmt":"2013-06-03T08:04:51","guid":{"rendered":"https:\/\/passerelle2.ac-nantes.fr\/ecole-hopital-nantes\/?page_id=134"},"modified":"2023-01-19T12:07:30","modified_gmt":"2023-01-19T11:07:30","slug":"coodonnees-des-sapad","status":"publish","type":"page","link":"https:\/\/passerelle2.ac-nantes.fr\/ecole-hopital-nantes\/informations-pratiques\/coodonnees-des-sapad\/","title":{"rendered":"Qu&rsquo;est-ce que le SAPADHE ?  Les coordonn\u00e9es utiles"},"content":{"rendered":"<p><a href=\"https:\/\/passerelle2.ac-nantes.fr\/ecole-hopital-nantes\/wp-content\/uploads\/sites\/169\/2013\/12\/Ecole5.jpg\"><img loading=\"lazy\" decoding=\"async\" class=\"aligncenter size-medium wp-image-633\" src=\"https:\/\/passerelle2.ac-nantes.fr\/ecole-hopital-nantes\/wp-content\/uploads\/sites\/169\/2013\/12\/Ecole5-300x225.jpg\" alt=\"\" width=\"300\" height=\"225\" srcset=\"https:\/\/passerelle2.ac-nantes.fr\/ecole-hopital-nantes\/wp-content\/uploads\/sites\/169\/2013\/12\/Ecole5-300x225.jpg 300w, https:\/\/passerelle2.ac-nantes.fr\/ecole-hopital-nantes\/wp-content\/uploads\/sites\/169\/2013\/12\/Ecole5.jpg 800w\" sizes=\"auto, (max-width: 300px) 100vw, 300px\" \/><\/a><span style=\"font-family: helvetica, arial, sans-serif;\"><strong>Le SAPADHE (Service d&rsquo;Assistance P\u00e9dagogique \u00c0 Domicile, \u00e0 l&rsquo;H\u00f4pital ou \u00e0 l&rsquo;\u00c9cole) propose une assistance p\u00e9dagogique gratuite, aux enfants et aux adolescents malades ou accident\u00e9s. L&rsquo;objectif poursuivi est d&rsquo;assurer la continuit\u00e9 scolaire et de favoriser la r\u00e9int\u00e9gration du jeune dans son \u00e9tablissement d&rsquo;origine.<\/strong><\/span><\/p>\n<table rules=\"none\" cellspacing=\"0\" border=\"0\">\n<tbody>\n<tr>\n<td width=\"128\" height=\"20\" bgcolor=\"#a00cccc\" align=\"center\"><span style=\"font-family: helvetica, arial, sans-serif;\"><strong><span style=\"font-size: small;\">SAPADHE<\/span><\/strong><\/span><\/td>\n<td width=\"471\" bgcolor=\"#a00cccc\" align=\"center\"><span style=\"font-family: helvetica, arial, sans-serif;\"><strong><span style=\"font-size: small;\">Coordonn\u00e9es<\/span><\/strong><\/span><\/td>\n<\/tr>\n<tr>\n<td rowspan=\"4\" valign=\"middle\" height=\"62\" bgcolor=\"#ffffcc\" align=\"center\"><span style=\"font-family: helvetica, arial, sans-serif;\"><strong><span style=\"color: #000000; font-size: small;\">SAPADHE 44<\/span><\/strong><\/span><br><span style=\"font-family: helvetica, arial, sans-serif;\"><strong><span style=\"color: #000000; font-size: small;\"><br><\/span><\/strong><\/span><\/td>\n<td bgcolor=\"#ffffcc\" align=\"center\"><span style=\"font-family: helvetica, arial, sans-serif;\"><span style=\"font-size: small;\">12, rue de Toronto 44 300 Nantes <\/span><\/span><\/td>\n<\/tr>\n<tr>\n<td bgcolor=\"#ffffcc\" align=\"center\">\n<p>Fabienne Boucher<\/p>\n<p><a href=\"mailto:sapadhe44sud@ac-nantes.fr \">sapadhe44sud@ac-nantes.fr <\/a><\/p>\n<p>06 75 25 12 72<\/p>\n<\/td>\n<\/tr>\n<tr>\n<td bgcolor=\"#ffffcc\" align=\"center\">\n<p>Thomas MOINIER<\/p>\n<p><a href=\"mailto:sapadhe44nord@ac-nantes.fr\">sapadhe44nord@ac-nantes.fr<\/a><\/p>\n<p>T\u00e9l : 06 33 70 15 47<\/p>\n<\/td>\n<\/tr>\n<tr>\n<td bgcolor=\"#ffffcc\" align=\"center\">\n<p>Marie-Christine OLIVIER<\/p>\n<p><a href=\"mailto:sapadhe44est@ac-nantes.fr\">sapadhe44est@ac-nantes.fr<\/a><\/p>\n<p>06 14 62 74 16<\/p>\n<\/td>\n<\/tr>\n<tr>\n<td rowspan=\"3\" valign=\"middle\" height=\"62\" bgcolor=\"#aecf00\" align=\"center\"><span style=\"font-family: helvetica, arial, sans-serif;\"><strong><span style=\"color: #000000; font-size: small;\">SAPADHE 85<\/span><\/strong><\/span><\/td>\n<td bgcolor=\"#aecf00\" align=\"center\">\n<p>La Vergne Babouin 85 000 La ROCHE-SUR-YON<\/p>\n<\/td>\n<\/tr>\n<tr>\n<td bgcolor=\"#aecf00\" align=\"center\">\n<p>St\u00e9phanie LAFON JOUBERT<\/p>\n<p><a href=\"mailto:sapadhe85ouest@ac-nantes.fr\">sapadhe85ouest@ac-nantes.fr <\/a><\/p>\n<p>06 82 48 21 34<\/p>\n<\/td>\n<\/tr>\n<tr>\n<td bgcolor=\"#aecf00\" align=\"center\">\n<p>Emmanuel Parveau<\/p>\n<p><a href=\"mailto:sapadhe85est@ac-nantes.fr\">sapadhe85est@ac-nantes.fr <\/a><\/p>\n<p>07 48 11 08 33<\/p>\n<\/td>\n<\/tr>\n<tr>\n<td rowspan=\"2\" valign=\"middle\" height=\"62\" bgcolor=\"#ffffcc\" align=\"center\"><span style=\"font-family: helvetica, arial, sans-serif;\"><strong><span style=\"color: #000000; font-size: small;\">SAPADHE 49<\/span><\/strong><\/span><\/td>\n<td bgcolor=\"#ffffcc\" align=\"center\">\n<p>45, Boulevard de la Romanerie 49 124 Saint Barth\u00e9l\u00e9my d\u2019Anjou<\/p>\n<\/td>\n<\/tr>\n<tr>\n<td bgcolor=\"#ffffcc\" align=\"center\">\n<p>Laure MARTINEAU<\/p>\n<p><a href=\"mailto:sapadhe49@ac-nantes.fr\">sapadhe49<\/a><a href=\"mailto:sapadhe49@ac-nantes.fr\">@ac-nantes.fr<\/a><\/p>\n<p>06 35 03 38 88<\/p>\n<\/td>\n<\/tr>\n<tr>\n<td rowspan=\"2\" valign=\"middle\" height=\"61\" bgcolor=\"#aecf00\" align=\"center\"><span style=\"font-family: helvetica, arial, sans-serif;\"><strong><span style=\"color: #000000; font-size: small;\">SAPADHE 53<\/span><\/strong><\/span><\/td>\n<td bgcolor=\"#aecf00\" align=\"center\">\n<p>41, rue Crossardi\u00e8re 53 000 LAVAL<\/p>\n<\/td>\n<\/tr>\n<tr>\n<td bgcolor=\"#aecf00\" align=\"center\">\n<p>D\u00e9borah BOULIOU<\/p>\n<p><a href=\"mailto:sapadhe53@ac-nantes.fr\">sapadhe53@ac-nantes.fr<\/a><\/p>\n<p>06 32 88 21 48<\/p>\n<\/td>\n<\/tr>\n<tr>\n<td rowspan=\"2\" valign=\"middle\" height=\"61\" bgcolor=\"#ffffcc\" align=\"center\"><span style=\"font-family: helvetica, arial, sans-serif;\"><strong><span style=\"color: #000000; font-size: small;\">SAPADHE 72<\/span><\/strong><\/span><\/td>\n<td bgcolor=\"#ffffcc\" align=\"center\">\n<p>32, rue d&rsquo;Australie 72 100 LE MANS<\/p>\n<\/td>\n<\/tr>\n<tr>\n<td bgcolor=\"#ffffcc\" align=\"center\">\n<p>Nathalie EVRARD<\/p>\n<p><a href=\"mailto:sapadhe72@ac-nantes.fr\">sapadhe72@ac-nantes.fr<\/a><\/p>\n<p>06 82 48 78 07<\/p>\n<\/td>\n<\/tr>\n<\/tbody>\n<\/table>\n<p><span style=\"font-family: helvetica, arial, sans-serif;\"><strong>Vous souhaitez davantage d&rsquo;informations sur le SAPADHE : vous pouvez visionner la vid\u00e9o ci-dessous :<\/strong><\/span><\/p>\n<p><iframe loading=\"lazy\" title=\"Qu&#039;est-ce que le SAPAD ?\" width=\"474\" height=\"267\" src=\"https:\/\/www.youtube.com\/embed\/95v-Kdfg_jA?feature=oembed\" frameborder=\"0\" allow=\"accelerometer; autoplay; clipboard-write; encrypted-media; gyroscope; picture-in-picture; web-share\" referrerpolicy=\"strict-origin-when-cross-origin\" allowfullscreen><\/iframe><\/p>\n<p><strong><a title=\"Les missions de l'\u00e9cole \u00e0 l'h\u00f4pital de Nantes\" href=\"https:\/\/passerelle2.ac-nantes.fr\/ecole-hopital-nantes\/informations-pratiques\/les-missions\/\">Retour \u00e0 la page <span style=\"font-family: helvetica, arial, sans-serif;\">pr\u00e9c\u00e9dente.<\/span><\/a><\/strong><\/p>\n\n\n<p><\/p>\n","protected":false},"excerpt":{"rendered":"<p>Le SAPADHE (Service d&rsquo;Assistance P\u00e9dagogique \u00c0 Domicile, \u00e0 l&rsquo;H\u00f4pital ou \u00e0 l&rsquo;\u00c9cole) propose une assistance p\u00e9dagogique gratuite, aux enfants et aux adolescents malades ou accident\u00e9s. L&rsquo;objectif poursuivi est d&rsquo;assurer la continuit\u00e9 scolaire et de favoriser la r\u00e9int\u00e9gration du jeune dans son \u00e9tablissement d&rsquo;origine. SAPADHE Coordonn\u00e9es SAPADHE 44 12, rue de Toronto 44 300 Nantes Fabienne &hellip; <a href=\"https:\/\/passerelle2.ac-nantes.fr\/ecole-hopital-nantes\/informations-pratiques\/coodonnees-des-sapad\/\" class=\"more-link\">Continuer la lecture de <span class=\"screen-reader-text\">Qu&rsquo;est-ce que le SAPADHE ?  Les coordonn\u00e9es utiles<\/span>  <span class=\"meta-nav\">&rarr;<\/span><\/a><\/p>\n","protected":false},"author":3930,"featured_media":0,"parent":49,"menu_order":6,"comment_status":"open","ping_status":"open","template":"","meta":{"ngg_post_thumbnail":0,"h5ap_radio_sources":[],"footnotes":""},"folder":[],"class_list":["post-134","page","type-page","status-publish","hentry"],"_links":{"self":[{"href":"https:\/\/passerelle2.ac-nantes.fr\/ecole-hopital-nantes\/wp-json\/wp\/v2\/pages\/134","targetHints":{"allow":["GET"]}}],"collection":[{"href":"https:\/\/passerelle2.ac-nantes.fr\/ecole-hopital-nantes\/wp-json\/wp\/v2\/pages"}],"about":[{"href":"https:\/\/passerelle2.ac-nantes.fr\/ecole-hopital-nantes\/wp-json\/wp\/v2\/types\/page"}],"author":[{"embeddable":true,"href":"https:\/\/passerelle2.ac-nantes.fr\/ecole-hopital-nantes\/wp-json\/wp\/v2\/users\/3930"}],"replies":[{"embeddable":true,"href":"https:\/\/passerelle2.ac-nantes.fr\/ecole-hopital-nantes\/wp-json\/wp\/v2\/comments?post=134"}],"version-history":[{"count":0,"href":"https:\/\/passerelle2.ac-nantes.fr\/ecole-hopital-nantes\/wp-json\/wp\/v2\/pages\/134\/revisions"}],"up":[{"embeddable":true,"href":"https:\/\/passerelle2.ac-nantes.fr\/ecole-hopital-nantes\/wp-json\/wp\/v2\/pages\/49"}],"wp:attachment":[{"href":"https:\/\/passerelle2.ac-nantes.fr\/ecole-hopital-nantes\/wp-json\/wp\/v2\/media?parent=134"}],"wp:term":[{"taxonomy":"folder","embeddable":true,"href":"https:\/\/passerelle2.ac-nantes.fr\/ecole-hopital-nantes\/wp-json\/wp\/v2\/folder?post=134"}],"curies":[{"name":"wp","href":"https:\/\/api.w.org\/{rel}","templated":true}]}}