
{"id":2668,"date":"2018-06-19T10:55:41","date_gmt":"2018-06-19T08:55:41","guid":{"rendered":"https:\/\/passerelle2.ac-nantes.fr\/ecole-hopital-nantes\/?page_id=2668"},"modified":"2018-06-22T15:54:10","modified_gmt":"2018-06-22T13:54:10","slug":"rendre-accessible-lecole-dorigine","status":"publish","type":"page","link":"https:\/\/passerelle2.ac-nantes.fr\/ecole-hopital-nantes\/ressources-pedagogiques\/rendre-accessible-lecole-dorigine\/","title":{"rendered":"Rendre accessible l&rsquo;\u00e9cole d&rsquo;origine"},"content":{"rendered":"<p style=\"text-align: center;\"><span style=\"font-family: helvetica, arial, sans-serif;\"><em style=\"text-align: justify; color: #888888;\"><span style=\"font-size: 14pt;\"><strong>Loi de refondation de l&rsquo;\u00e9cole du 8 juillet 2013 :&nbsp;<\/strong><\/span><\/em><\/span><\/p>\n<p style=\"text-align: center;\"><span style=\"color: #888888; font-family: helvetica, arial, sans-serif;\"><em><strong>\u00ab\u00a0Le service public d&rsquo;\u00e9ducation reconna\u00eet que tous les enfants partagent la capacit\u00e9 d&rsquo;apprendre et de progresser. Il veille \u00e0 l&rsquo;inclusion scolaire de tous les enfants, sans aucune distinction\u00a0\u00bb.<\/strong>&nbsp;<\/em><\/span><\/p>\n<p><img loading=\"lazy\" decoding=\"async\" class=\"aligncenter wp-image-2669 size-medium\" src=\"https:\/\/passerelle2.ac-nantes.fr\/ecole-hopital-nantes\/wp-content\/uploads\/sites\/169\/2018\/06\/inclusion-scolaire-300x170.jpg\" alt=\"\" width=\"300\" height=\"170\" srcset=\"https:\/\/passerelle2.ac-nantes.fr\/ecole-hopital-nantes\/wp-content\/uploads\/sites\/169\/2018\/06\/inclusion-scolaire-300x170.jpg 300w, https:\/\/passerelle2.ac-nantes.fr\/ecole-hopital-nantes\/wp-content\/uploads\/sites\/169\/2018\/06\/inclusion-scolaire-768x436.jpg 768w, https:\/\/passerelle2.ac-nantes.fr\/ecole-hopital-nantes\/wp-content\/uploads\/sites\/169\/2018\/06\/inclusion-scolaire.jpg 940w\" sizes=\"auto, (max-width: 300px) 100vw, 300px\" \/><\/p>\n<p style=\"text-align: justify;\"><span style=\"color: #000080; font-family: helvetica, arial, sans-serif; font-size: 12pt;\">M\u00eame malade et absent \u00e0 l&rsquo;\u00e9cole,&nbsp; tout \u00e9l\u00e8ve doit \u00eatre inscrit dans l&rsquo;\u00e9tablissement scolaire le plus proche de son domicile. Lorsque la scolarit\u00e9 de l&rsquo;\u00e9l\u00e8ve malade se poursuit dans l&rsquo;\u00e9tablissement ou bien reprend, il est essentiel que ses besoins particuliers soient bien identifi\u00e9s afin de lui donner toutes les chances de pouvoir poursuivre ses \u00e9tudes et de les r\u00e9ussir. Il s&rsquo;agit de rendre l\u2019\u00e9cole accessible&nbsp; en d\u00e9pit de la maladie&nbsp;et de mettre en oeuvre des adaptations p\u00e9dagogiques appropri\u00e9es (am\u00e9nagements, approches et exigences p\u00e9dagogiques, outils, aide&#8230;) ; tout cela dans le cadre des compensations possibles.&nbsp;<\/span><\/p>\n","protected":false},"excerpt":{"rendered":"<p>Loi de refondation de l&rsquo;\u00e9cole du 8 juillet 2013 :&nbsp; \u00ab\u00a0Le service public d&rsquo;\u00e9ducation reconna\u00eet que tous les enfants partagent la capacit\u00e9 d&rsquo;apprendre et de progresser. Il veille \u00e0 l&rsquo;inclusion scolaire de tous les enfants, sans aucune distinction\u00a0\u00bb.&nbsp; M\u00eame malade et absent \u00e0 l&rsquo;\u00e9cole,&nbsp; tout \u00e9l\u00e8ve doit \u00eatre inscrit dans l&rsquo;\u00e9tablissement scolaire le plus proche &hellip; <a href=\"https:\/\/passerelle2.ac-nantes.fr\/ecole-hopital-nantes\/ressources-pedagogiques\/rendre-accessible-lecole-dorigine\/\" class=\"more-link\">Continuer la lecture de <span class=\"screen-reader-text\">Rendre accessible l&rsquo;\u00e9cole d&rsquo;origine<\/span>  <span class=\"meta-nav\">&rarr;<\/span><\/a><\/p>\n","protected":false},"author":3930,"featured_media":0,"parent":456,"menu_order":0,"comment_status":"closed","ping_status":"closed","template":"","meta":{"ngg_post_thumbnail":0,"h5ap_radio_sources":[],"footnotes":""},"folder":[],"class_list":["post-2668","page","type-page","status-publish","hentry"],"_links":{"self":[{"href":"https:\/\/passerelle2.ac-nantes.fr\/ecole-hopital-nantes\/wp-json\/wp\/v2\/pages\/2668","targetHints":{"allow":["GET"]}}],"collection":[{"href":"https:\/\/passerelle2.ac-nantes.fr\/ecole-hopital-nantes\/wp-json\/wp\/v2\/pages"}],"about":[{"href":"https:\/\/passerelle2.ac-nantes.fr\/ecole-hopital-nantes\/wp-json\/wp\/v2\/types\/page"}],"author":[{"embeddable":true,"href":"https:\/\/passerelle2.ac-nantes.fr\/ecole-hopital-nantes\/wp-json\/wp\/v2\/users\/3930"}],"replies":[{"embeddable":true,"href":"https:\/\/passerelle2.ac-nantes.fr\/ecole-hopital-nantes\/wp-json\/wp\/v2\/comments?post=2668"}],"version-history":[{"count":0,"href":"https:\/\/passerelle2.ac-nantes.fr\/ecole-hopital-nantes\/wp-json\/wp\/v2\/pages\/2668\/revisions"}],"up":[{"embeddable":true,"href":"https:\/\/passerelle2.ac-nantes.fr\/ecole-hopital-nantes\/wp-json\/wp\/v2\/pages\/456"}],"wp:attachment":[{"href":"https:\/\/passerelle2.ac-nantes.fr\/ecole-hopital-nantes\/wp-json\/wp\/v2\/media?parent=2668"}],"wp:term":[{"taxonomy":"folder","embeddable":true,"href":"https:\/\/passerelle2.ac-nantes.fr\/ecole-hopital-nantes\/wp-json\/wp\/v2\/folder?post=2668"}],"curies":[{"name":"wp","href":"https:\/\/api.w.org\/{rel}","templated":true}]}}