
{"id":49,"date":"2013-05-22T08:31:21","date_gmt":"2013-05-22T08:31:21","guid":{"rendered":"https:\/\/passerelle2.ac-nantes.fr\/ecole-hopital-nantes\/?page_id=49"},"modified":"2023-01-19T11:10:51","modified_gmt":"2023-01-19T10:10:51","slug":"informations-pratiques","status":"publish","type":"page","link":"https:\/\/passerelle2.ac-nantes.fr\/ecole-hopital-nantes\/informations-pratiques\/","title":{"rendered":"Informations pratiques"},"content":{"rendered":"<p><span style=\"font-family: helvetica, arial, sans-serif;\"><strong><span style=\"color: #808080;\">Vous trouverez dans cette rubrique toutes les informations utiles sur les missions de l&rsquo;\u00e9cole \u00e0 l&rsquo;h\u00f4pital, les mati\u00e8res qui y sont enseign\u00e9es, les horaires, les locaux, etc.<br \/>\n<\/span><\/strong><\/span><\/p>\n<p><span style=\"font-family: helvetica, arial, sans-serif;\"><strong><span style=\"color: #808080;\">Si vous n&rsquo;avez r\u00e9ponse \u00e0 certaines de vos interrogations, n&rsquo;h\u00e9sitez pas \u00e0 <\/span><\/strong><\/span><strong><a title=\"Cliquez pour nous contacter\" href=\"https:\/\/passerelle2.ac-nantes.fr\/ecole-hopital-nantes\/?page_id=82\"><span style=\"text-decoration: underline;\"><span style=\"font-family: helvetica, arial, sans-serif;\">nous contacter<\/span><\/span><\/a><span style=\"color: #333399; font-family: helvetica, arial, sans-serif;\"><a title=\"Cliquez pour nous contacter\" href=\"https:\/\/passerelle2.ac-nantes.fr\/ecole-hopital-nantes\/?page_id=82\">.<\/a><\/span><\/strong><\/p>\n","protected":false},"excerpt":{"rendered":"<p>Vous trouverez dans cette rubrique toutes les informations utiles sur les missions de l&rsquo;\u00e9cole \u00e0 l&rsquo;h\u00f4pital, les mati\u00e8res qui y sont enseign\u00e9es, les horaires, les locaux, etc. Si vous n&rsquo;avez r\u00e9ponse \u00e0 certaines de vos interrogations, n&rsquo;h\u00e9sitez pas \u00e0 nous contacter.<\/p>\n","protected":false},"author":3930,"featured_media":0,"parent":0,"menu_order":0,"comment_status":"open","ping_status":"open","template":"","meta":{"ngg_post_thumbnail":0,"h5ap_radio_sources":[],"footnotes":""},"folder":[],"class_list":["post-49","page","type-page","status-publish","hentry"],"_links":{"self":[{"href":"https:\/\/passerelle2.ac-nantes.fr\/ecole-hopital-nantes\/wp-json\/wp\/v2\/pages\/49","targetHints":{"allow":["GET"]}}],"collection":[{"href":"https:\/\/passerelle2.ac-nantes.fr\/ecole-hopital-nantes\/wp-json\/wp\/v2\/pages"}],"about":[{"href":"https:\/\/passerelle2.ac-nantes.fr\/ecole-hopital-nantes\/wp-json\/wp\/v2\/types\/page"}],"author":[{"embeddable":true,"href":"https:\/\/passerelle2.ac-nantes.fr\/ecole-hopital-nantes\/wp-json\/wp\/v2\/users\/3930"}],"replies":[{"embeddable":true,"href":"https:\/\/passerelle2.ac-nantes.fr\/ecole-hopital-nantes\/wp-json\/wp\/v2\/comments?post=49"}],"version-history":[{"count":0,"href":"https:\/\/passerelle2.ac-nantes.fr\/ecole-hopital-nantes\/wp-json\/wp\/v2\/pages\/49\/revisions"}],"wp:attachment":[{"href":"https:\/\/passerelle2.ac-nantes.fr\/ecole-hopital-nantes\/wp-json\/wp\/v2\/media?parent=49"}],"wp:term":[{"taxonomy":"folder","embeddable":true,"href":"https:\/\/passerelle2.ac-nantes.fr\/ecole-hopital-nantes\/wp-json\/wp\/v2\/folder?post=49"}],"curies":[{"name":"wp","href":"https:\/\/api.w.org\/{rel}","templated":true}]}}