
{"id":714,"date":"2023-07-02T08:49:35","date_gmt":"2023-07-02T06:49:35","guid":{"rendered":"https:\/\/passerelle2.ac-nantes.fr\/ecoledecourdemanche\/?page_id=714"},"modified":"2024-12-10T10:19:43","modified_gmt":"2024-12-10T09:19:43","slug":"nos-financeurs","status":"publish","type":"page","link":"https:\/\/passerelle2.ac-nantes.fr\/ecoledecourdemanche\/nos-financeurs\/","title":{"rendered":"Nos financeurs"},"content":{"rendered":"\n<p>Nous tenons \u00e0 remercier tr\u00e8s chaleureusement les diff\u00e9rents organismes et personnes qui nous soutiennent financi\u00e8rement pour la r\u00e9ussite de nos \u00e9l\u00e8ves :<\/p>\n\n\n\n<p><\/p>\n\n\n\n<p>Les parents \u00e0 travers l&rsquo;APE qui tous les ans nous versent 1 000\u20ac.<\/p>\n\n\n\n<p>Le SIVOS qui tous les ans nous verse une subvention d&rsquo;environ 600\u20ac et nous finance deux sorties bus en plus des financements de personnels et de mat\u00e9riels scolaire.<\/p>\n\n\n\n<p>Tandem solidaire avec la r\u00e9gion pays de la Loire coop\u00e9ration qui nous finance depuis 4 ans \u00e0 hauteur de 500\u20ac par an.<\/p>\n\n\n\n<p>La fondation de France qui nous a vers\u00e9 500\u20ac en 2020.<\/p>\n\n\n\n<p>L&rsquo;OCCE qui a nous financ\u00e9 2&#215;200\u20ac en 2020 et 2021.<\/p>\n\n\n\n<p>La DAAC qui nous a financ\u00e9 un projet \u00e0 hauteur de 1500\u20ac.<\/p>\n\n\n\n<p>La main \u00e0 la p\u00e2te qui nous a financ\u00e9 \u00e0 hauteur de 500\u20ac en 2022.<\/p>\n\n\n\n<p>Enfance et d\u00e9couvertes qui nous \u00e0 vers\u00e9 1500\u20ac en 2022.<\/p>\n\n\n\n<p>La fabrique de Donuts du Grand-Luc\u00e9 qui nous a offert pour 1800\u20ac de Donuts.<\/p>\n\n\n\n<p>La pharmacie de Courdemanche qui tous les ans participe \u00e0 la coop\u00e9rative scolaire \u00e0 hauteur de 150\u20ac.<\/p>\n\n\n\n<p>La DRAAC qui nous a vers\u00e9 900\u20ac en 2022.<\/p>\n\n\n\n<p>Le CNL qui a financ\u00e9 un projet \u00e0 hauteur de 2000\u20ac.<\/p>\n\n\n\n<p>Le conseil de refondation de l&rsquo;\u00e9cole qui a financ\u00e9 du mat\u00e9riel et des interventions \u00e0 hauteur de 48000\u20ac.<\/p>\n\n\n\n<p><\/p>\n\n\n\n<p>Le voyage \u00e0 la mer, en avril 2024, a \u00e9t\u00e9 enti\u00e8rement financ\u00e9 gr\u00e2ce \u00e0 diff\u00e9rentes personnes via la trousse \u00e0 projet :<\/p>\n\n\n\n<p>La fondation Maud Fontenoy, L&rsquo;APE, le cr\u00e9dit agricole, la MAE, l&rsquo;entreprise architecturale Vallienne, Chantal Carreau et d&rsquo;autres particuliers. Merci beaucoup.<\/p>\n\n\n\n<p><\/p>\n\n\n\n<p>Le voyage au Mont St Michel en octobre 2024, a \u00e9t\u00e9 co-financ\u00e9 par : La fondation Maud Fontenoy, Groupama, la MAE et l&rsquo;APE. <\/p>\n","protected":false},"excerpt":{"rendered":"<p>Nous tenons \u00e0 remercier tr\u00e8s chaleureusement les diff\u00e9rents organismes et personnes qui nous soutiennent financi\u00e8rement pour la r\u00e9ussite de nos \u00e9l\u00e8ves : Les parents \u00e0 travers l&rsquo;APE qui tous les ans nous versent 1 000\u20ac. Le SIVOS qui tous les ans nous verse une subvention d&rsquo;environ 600\u20ac et nous finance deux sorties bus en plus des financements de personnels et de mat\u00e9riels scolaire. Tandem solidaire avec la r\u00e9gion pays de la Loire coop\u00e9ration qui nous finance depuis 4 ans \u00e0&#8230;<\/p>\n<p class=\"read-more\"><a class=\"btn btn-default\" href=\"https:\/\/passerelle2.ac-nantes.fr\/ecoledecourdemanche\/nos-financeurs\/\">Lire la suite<span class=\"screen-reader-text\"> Lire la suite<\/span><\/a><\/p>\n","protected":false},"author":10366,"featured_media":0,"parent":0,"menu_order":0,"comment_status":"closed","ping_status":"closed","template":"","meta":{"ngg_post_thumbnail":0,"h5ap_radio_sources":[],"footnotes":""},"folder":[],"class_list":["post-714","page","type-page","status-publish","hentry"],"_links":{"self":[{"href":"https:\/\/passerelle2.ac-nantes.fr\/ecoledecourdemanche\/wp-json\/wp\/v2\/pages\/714","targetHints":{"allow":["GET"]}}],"collection":[{"href":"https:\/\/passerelle2.ac-nantes.fr\/ecoledecourdemanche\/wp-json\/wp\/v2\/pages"}],"about":[{"href":"https:\/\/passerelle2.ac-nantes.fr\/ecoledecourdemanche\/wp-json\/wp\/v2\/types\/page"}],"author":[{"embeddable":true,"href":"https:\/\/passerelle2.ac-nantes.fr\/ecoledecourdemanche\/wp-json\/wp\/v2\/users\/10366"}],"replies":[{"embeddable":true,"href":"https:\/\/passerelle2.ac-nantes.fr\/ecoledecourdemanche\/wp-json\/wp\/v2\/comments?post=714"}],"version-history":[{"count":0,"href":"https:\/\/passerelle2.ac-nantes.fr\/ecoledecourdemanche\/wp-json\/wp\/v2\/pages\/714\/revisions"}],"wp:attachment":[{"href":"https:\/\/passerelle2.ac-nantes.fr\/ecoledecourdemanche\/wp-json\/wp\/v2\/media?parent=714"}],"wp:term":[{"taxonomy":"folder","embeddable":true,"href":"https:\/\/passerelle2.ac-nantes.fr\/ecoledecourdemanche\/wp-json\/wp\/v2\/folder?post=714"}],"curies":[{"name":"wp","href":"https:\/\/api.w.org\/{rel}","templated":true}]}}