
{"id":17,"date":"2018-09-19T13:23:39","date_gmt":"2018-09-19T11:23:39","guid":{"rendered":"https:\/\/passerelle2.ac-nantes.fr\/ecolegerardphilipe\/?page_id=17"},"modified":"2024-09-18T17:43:00","modified_gmt":"2024-09-18T15:43:00","slug":"lequipe","status":"publish","type":"page","link":"https:\/\/passerelle2.ac-nantes.fr\/ecolegerardphilipe\/lequipe\/","title":{"rendered":"L&rsquo;\u00e9quipe"},"content":{"rendered":"<p><span style=\"font-family: 'comic sans ms', sans-serif; font-size: 14pt;\">Directrice : Barbara AUVIN<\/span><\/p>\n<table style=\"width: 104.478%; height: 399px;\">\n<tbody>\n<tr style=\"background-color: #ccd8d9;\">\n<td style=\"height: 46px; width: 16.7143%;\"><span style=\"font-family: 'comic sans ms', sans-serif;\">&nbsp;<\/span><\/td>\n<td style=\"height: 46px; width: 49.5714%;\"><span style=\"font-family: 'comic sans ms', sans-serif;\">Enseignants<\/span><\/td>\n<td style=\"height: 46px; width: 33.5714%;\"><span style=\"font-family: 'comic sans ms', sans-serif;\">ATSEM<\/span><\/td>\n<\/tr>\n<tr style=\"background-color: #ccd8d9;\">\n<td style=\"height: 77px; width: 16.7143%;\"><span style=\"font-family: comic sans ms, sans-serif;\">TPS<\/span><\/td>\n<td style=\"background-color: #fafafa; height: 77px; width: 49.5714%;\"><span style=\"font-family: comic sans ms, sans-serif;\">Barbara AUVIN <\/span><br \/>\n<span style=\"font-family: comic sans ms, sans-serif;\">Charl\u00e8ne GEORGEON (Jeudi\/vendredi)<\/span><\/td>\n<td style=\"background-color: #fafafa; height: 77px; width: 33.5714%;\"><span style=\"font-family: comic sans ms, sans-serif;\">Katy PAUVERT <\/span><\/td>\n<\/tr>\n<tr style=\"background-color: #ccd8d9;\">\n<td style=\"height: 46px; width: 16.7143%;\"><span style=\"font-family: comic sans ms, sans-serif;\">PS-MS 1<\/span><\/td>\n<td style=\"background-color: #fafafa; height: 46px; width: 49.5714%;\"><span style=\"font-family: comic sans ms, sans-serif;\">Fran\u00e7oise CLOAREC<\/span><\/td>\n<td style=\"background-color: #fafafa; height: 46px; width: 33.5714%;\"><span style=\"font-family: comic sans ms, sans-serif;\">M\u00e9lody DUPORT<\/span><\/td>\n<\/tr>\n<tr style=\"background-color: #ccd8d9;\">\n<td style=\"height: 46px; width: 16.7143%;\"><span style=\"font-family: comic sans ms, sans-serif;\">PS-MS 2<\/span><\/td>\n<td style=\"background-color: #fafafa; height: 46px; width: 49.5714%;\"><span style=\"font-family: comic sans ms, sans-serif;\">Fabrice IGNAZI<\/span><\/td>\n<td style=\"background-color: #fafafa; height: 46px; width: 33.5714%;\"><span style=\"font-family: comic sans ms, sans-serif;\">Murielle THOUEILLE<\/span><\/td>\n<\/tr>\n<tr style=\"background-color: #ccd8d9;\">\n<td style=\"height: 46px; width: 16.7143%;\"><span style=\"font-family: comic sans ms, sans-serif;\">PS-MS 3<\/span><\/td>\n<td style=\"background-color: #fafafa; height: 46px; width: 49.5714%;\"><span style=\"font-family: comic sans ms, sans-serif;\">Evelyne DESLANDE<\/span><\/td>\n<td style=\"background-color: #fafafa; height: 46px; width: 33.5714%;\"><span style=\"font-family: comic sans ms, sans-serif;\">Cl\u00e9mence YGON <\/span><\/td>\n<\/tr>\n<tr style=\"background-color: #ccd8d9;\">\n<td style=\"height: 46px; width: 16.7143%;\"><span style=\"font-family: comic sans ms, sans-serif;\">GS 1<\/span><\/td>\n<td style=\"background-color: #fafafa; height: 46px; width: 49.5714%;\"><span style=\"font-family: comic sans ms, sans-serif;\">C\u00e9line MILET<\/span><\/td>\n<td style=\"background-color: #fafafa; height: 46px; width: 33.5714%;\"><span style=\"font-family: comic sans ms, sans-serif;\">Martine YAHIAOUI<br \/>\n<\/span><\/td>\n<\/tr>\n<tr style=\"background-color: #ccd8d9;\">\n<td style=\"height: 46px; width: 16.7143%;\"><span style=\"font-family: comic sans ms, sans-serif;\">GS 2<\/span><\/td>\n<td style=\"background-color: #fafafa; height: 46px; width: 49.5714%;\"><span style=\"font-family: comic sans ms, sans-serif;\">Sophie BESNAULT<br \/>\n<\/span><\/td>\n<td style=\"background-color: #fafafa; height: 46px; width: 33.5714%;\"><span style=\"font-family: comic sans ms, sans-serif;\">Ghislaine TROST<\/span><\/td>\n<\/tr>\n<tr style=\"background-color: #ccd8d9;\">\n<td style=\"height: 46px; width: 16.7143%;\"><span style=\"font-family: comic sans ms, sans-serif;\">GS 3<\/span><\/td>\n<td style=\"background-color: #fafafa; height: 46px; width: 49.5714%;\"><span style=\"font-family: comic sans ms, sans-serif;\">Rudy CLEMENT<\/span><\/td>\n<td style=\"background-color: #fafafa; height: 46px; width: 33.5714%;\"><span style=\"font-family: comic sans ms, sans-serif;\">Nouria MESSAOUDENE<\/span><\/td>\n<\/tr>\n<\/tbody>\n<\/table>\n<p>&nbsp;<\/p>\n","protected":false},"excerpt":{"rendered":"<p>Directrice : Barbara AUVIN &nbsp; Enseignants ATSEM TPS Barbara AUVIN Charl\u00e8ne GEORGEON (Jeudi\/vendredi) Katy PAUVERT PS-MS 1 Fran\u00e7oise CLOAREC M\u00e9lody DUPORT PS-MS 2 Fabrice IGNAZI Murielle THOUEILLE PS-MS 3 Evelyne DESLANDE Cl\u00e9mence YGON GS 1 C\u00e9line MILET Martine YAHIAOUI GS &hellip; <a href=\"https:\/\/passerelle2.ac-nantes.fr\/ecolegerardphilipe\/lequipe\/\">Continuer la lecture <span class=\"meta-nav\">&rarr;<\/span><\/a><\/p>\n","protected":false},"author":9200,"featured_media":0,"parent":0,"menu_order":3,"comment_status":"closed","ping_status":"closed","template":"","meta":{"ngg_post_thumbnail":0,"h5ap_radio_sources":[],"jetpack_post_was_ever_published":false,"footnotes":""},"folder":[],"class_list":["post-17","page","type-page","status-publish","hentry"],"jetpack_shortlink":"https:\/\/wp.me\/PahpOu-h","jetpack_sharing_enabled":true,"_links":{"self":[{"href":"https:\/\/passerelle2.ac-nantes.fr\/ecolegerardphilipe\/wp-json\/wp\/v2\/pages\/17","targetHints":{"allow":["GET"]}}],"collection":[{"href":"https:\/\/passerelle2.ac-nantes.fr\/ecolegerardphilipe\/wp-json\/wp\/v2\/pages"}],"about":[{"href":"https:\/\/passerelle2.ac-nantes.fr\/ecolegerardphilipe\/wp-json\/wp\/v2\/types\/page"}],"author":[{"embeddable":true,"href":"https:\/\/passerelle2.ac-nantes.fr\/ecolegerardphilipe\/wp-json\/wp\/v2\/users\/9200"}],"replies":[{"embeddable":true,"href":"https:\/\/passerelle2.ac-nantes.fr\/ecolegerardphilipe\/wp-json\/wp\/v2\/comments?post=17"}],"version-history":[{"count":0,"href":"https:\/\/passerelle2.ac-nantes.fr\/ecolegerardphilipe\/wp-json\/wp\/v2\/pages\/17\/revisions"}],"wp:attachment":[{"href":"https:\/\/passerelle2.ac-nantes.fr\/ecolegerardphilipe\/wp-json\/wp\/v2\/media?parent=17"}],"wp:term":[{"taxonomy":"folder","embeddable":true,"href":"https:\/\/passerelle2.ac-nantes.fr\/ecolegerardphilipe\/wp-json\/wp\/v2\/folder?post=17"}],"curies":[{"name":"wp","href":"https:\/\/api.w.org\/{rel}","templated":true}]}}