
{"id":12,"date":"2019-02-26T09:12:46","date_gmt":"2019-02-26T08:12:46","guid":{"rendered":"https:\/\/passerelle2.ac-nantes.fr\/ecolesalainetmichelet\/?page_id=12"},"modified":"2025-01-30T09:22:43","modified_gmt":"2025-01-30T08:22:43","slug":"lecole-maternelle-michelet","status":"publish","type":"page","link":"https:\/\/passerelle2.ac-nantes.fr\/ecolesalainetmichelet\/lecole-maternelle-michelet\/","title":{"rendered":"L&rsquo;\u00e9cole maternelle Michelet"},"content":{"rendered":"<h3><img loading=\"lazy\" decoding=\"async\" class=\"size-medium wp-image-428 aligncenter\" src=\"https:\/\/passerelle2.ac-nantes.fr\/ecolesalainetmichelet\/wp-content\/uploads\/sites\/818\/2019\/12\/Logo-Ecole-300x98.jpg\" alt=\"\" width=\"300\" height=\"98\" srcset=\"https:\/\/passerelle2.ac-nantes.fr\/ecolesalainetmichelet\/wp-content\/uploads\/sites\/818\/2019\/12\/Logo-Ecole-300x98.jpg 300w, https:\/\/passerelle2.ac-nantes.fr\/ecolesalainetmichelet\/wp-content\/uploads\/sites\/818\/2019\/12\/Logo-Ecole.jpg 393w\" sizes=\"auto, (max-width: 300px) 100vw, 300px\" \/><\/h3>\n<h4><strong>\u00c9cole Michelet<\/strong><\/h4>\n<h4>43 rue Ambroise Par\u00e9<\/h4>\n<h4>53000 LAVAL<\/h4>\n<h4>t\u00e9l. : 02 43 53 53 72<\/h4>\n<h4>mail : ce.0530292e@ac-nantes.fr<\/h4>\n<p>Les horaires de classe sont les suivants :<\/p>\n<p>LUNDI, MARDI, JEUDI et VENDREDI de 8h30 \u00e0 11h45 et de 13h30 \u00e0 15h30<\/p>\n<p>MERCREDI de 8h30 \u00e0 11h30.<\/p>\n<p>L&rsquo;acc\u00e8s \u00e0 l&rsquo;\u00e9cole est autoris\u00e9 \u00e0 partir de 8h20 et de 13h20.<\/p>\n<p><a href=\"https:\/\/passerelle2.ac-nantes.fr\/ecolesalainetmichelet\/wp-content\/uploads\/sites\/818\/2020\/11\/R\u00e8glement-de-l\u00e9cole.pdf\">R\u00e8glement de l&rsquo;\u00e9cole<\/a><\/p>\n<p><a href=\"https:\/\/passerelle2.ac-nantes.fr\/ecolesalainetmichelet\/wp-content\/uploads\/sites\/818\/2020\/11\/RTD_53_novembre_2020_V_6.pdf\">R\u00e8glement type d\u00e9partemental des \u00e9coles de la Mayenne<\/a><\/p>\n","protected":false},"excerpt":{"rendered":"<p>\u00c9cole Michelet 43 rue Ambroise Par\u00e9 53000 LAVAL t\u00e9l. : 02 43 53 53 72 mail : ce.0530292e@ac-nantes.fr Les horaires de classe sont les suivants : LUNDI, MARDI, JEUDI et VENDREDI de 8h30 \u00e0 11h45 et de 13h30 \u00e0 15h30 &hellip; <a href=\"https:\/\/passerelle2.ac-nantes.fr\/ecolesalainetmichelet\/lecole-maternelle-michelet\/\">Continuer la lecture <span class=\"meta-nav\">&rarr;<\/span><\/a><\/p>\n","protected":false},"author":1863,"featured_media":0,"parent":0,"menu_order":0,"comment_status":"closed","ping_status":"closed","template":"","meta":{"ngg_post_thumbnail":0,"h5ap_radio_sources":[],"footnotes":""},"folder":[],"class_list":["post-12","page","type-page","status-publish","hentry"],"_links":{"self":[{"href":"https:\/\/passerelle2.ac-nantes.fr\/ecolesalainetmichelet\/wp-json\/wp\/v2\/pages\/12","targetHints":{"allow":["GET"]}}],"collection":[{"href":"https:\/\/passerelle2.ac-nantes.fr\/ecolesalainetmichelet\/wp-json\/wp\/v2\/pages"}],"about":[{"href":"https:\/\/passerelle2.ac-nantes.fr\/ecolesalainetmichelet\/wp-json\/wp\/v2\/types\/page"}],"author":[{"embeddable":true,"href":"https:\/\/passerelle2.ac-nantes.fr\/ecolesalainetmichelet\/wp-json\/wp\/v2\/users\/1863"}],"replies":[{"embeddable":true,"href":"https:\/\/passerelle2.ac-nantes.fr\/ecolesalainetmichelet\/wp-json\/wp\/v2\/comments?post=12"}],"version-history":[{"count":0,"href":"https:\/\/passerelle2.ac-nantes.fr\/ecolesalainetmichelet\/wp-json\/wp\/v2\/pages\/12\/revisions"}],"wp:attachment":[{"href":"https:\/\/passerelle2.ac-nantes.fr\/ecolesalainetmichelet\/wp-json\/wp\/v2\/media?parent=12"}],"wp:term":[{"taxonomy":"folder","embeddable":true,"href":"https:\/\/passerelle2.ac-nantes.fr\/ecolesalainetmichelet\/wp-json\/wp\/v2\/folder?post=12"}],"curies":[{"name":"wp","href":"https:\/\/api.w.org\/{rel}","templated":true}]}}