
{"id":30,"date":"2021-09-20T15:15:40","date_gmt":"2021-09-20T13:15:40","guid":{"rendered":"https:\/\/passerelle2.ac-nantes.fr\/em-fougan-de-mer\/?page_id=30"},"modified":"2025-07-01T11:35:44","modified_gmt":"2025-07-01T09:35:44","slug":"horaires","status":"publish","type":"page","link":"https:\/\/passerelle2.ac-nantes.fr\/em-fougan-de-mer\/horaires\/","title":{"rendered":"Horaires"},"content":{"rendered":"\n<p>Lundi-Mardi-Jeudi-Vendredi : <\/p>\n\n\n\n<p>8h50 \u2013 12h00  (horaires de classe 9h-12h)<\/p>\n\n\n\n<p>13h45 -16h55 (horaires de classe 13h55-16h55)<\/p>\n\n\n\n<p>L\u2019accueil du matin se fait de 8h50 \u00e0 9h00 et de l\u2019apr\u00e8s-midi de 13h45 \u00e0 13h55.<\/p>\n\n\n\n<p>Pour les enfants de petite section et de moyenne section les portes seront ouvertes \u00e0 15h30 de fa\u00e7on \u00e0 pouvoir les accueillir apr\u00e8s la sieste \u00e0 leur domicile.<\/p>\n\n\n\n<p>Pour le bon fonctionnement de l&rsquo;\u00e9cole, nous demandons la plus grande ponctualit\u00e9 aux parents.<\/p>\n","protected":false},"excerpt":{"rendered":"<p>Lundi-Mardi-Jeudi-Vendredi : 8h50 \u2013 12h00 (horaires de classe 9h-12h) 13h45 -16h55 (horaires de classe 13h55-16h55) L\u2019accueil du matin se fait de 8h50 \u00e0 9h00 et de l\u2019apr\u00e8s-midi de 13h45 \u00e0 13h55. Pour les enfants de petite section et de moyenne &hellip; <a href=\"https:\/\/passerelle2.ac-nantes.fr\/em-fougan-de-mer\/horaires\/\">Continuer la lecture <span class=\"meta-nav\">&rarr;<\/span><\/a><\/p>\n","protected":false},"author":10346,"featured_media":0,"parent":0,"menu_order":0,"comment_status":"closed","ping_status":"closed","template":"","meta":{"ngg_post_thumbnail":0,"h5ap_radio_sources":[],"jetpack_post_was_ever_published":false,"footnotes":""},"folder":[],"class_list":["post-30","page","type-page","status-publish","hentry"],"jetpack_sharing_enabled":true,"_links":{"self":[{"href":"https:\/\/passerelle2.ac-nantes.fr\/em-fougan-de-mer\/wp-json\/wp\/v2\/pages\/30","targetHints":{"allow":["GET"]}}],"collection":[{"href":"https:\/\/passerelle2.ac-nantes.fr\/em-fougan-de-mer\/wp-json\/wp\/v2\/pages"}],"about":[{"href":"https:\/\/passerelle2.ac-nantes.fr\/em-fougan-de-mer\/wp-json\/wp\/v2\/types\/page"}],"author":[{"embeddable":true,"href":"https:\/\/passerelle2.ac-nantes.fr\/em-fougan-de-mer\/wp-json\/wp\/v2\/users\/10346"}],"replies":[{"embeddable":true,"href":"https:\/\/passerelle2.ac-nantes.fr\/em-fougan-de-mer\/wp-json\/wp\/v2\/comments?post=30"}],"version-history":[{"count":0,"href":"https:\/\/passerelle2.ac-nantes.fr\/em-fougan-de-mer\/wp-json\/wp\/v2\/pages\/30\/revisions"}],"wp:attachment":[{"href":"https:\/\/passerelle2.ac-nantes.fr\/em-fougan-de-mer\/wp-json\/wp\/v2\/media?parent=30"}],"wp:term":[{"taxonomy":"folder","embeddable":true,"href":"https:\/\/passerelle2.ac-nantes.fr\/em-fougan-de-mer\/wp-json\/wp\/v2\/folder?post=30"}],"curies":[{"name":"wp","href":"https:\/\/api.w.org\/{rel}","templated":true}]}}

<p>Lundi-Mardi-Jeudi-Vendredi : </p>



<p>8h50 – 12h00  (horaires de classe 9h-12h)</p>



<p>13h45 -16h55 (horaires de classe 13h55-16h55)</p>



<p>L’accueil du matin se fait de 8h50 à 9h00 et de l’après-midi de 13h45 à 13h55.</p>



<p>Pour les enfants de petite section et de moyenne section les portes seront ouvertes à 15h30 de façon à pouvoir les accueillir après la sieste à leur domicile.</p>



<p>Pour le bon fonctionnement de l&rsquo;école, nous demandons la plus grande ponctualité aux parents.</p>

<p>Lundi-Mardi-Jeudi-Vendredi : 8h50 – 12h00 (horaires de classe 9h-12h) 13h45 -16h55 (horaires de classe 13h55-16h55) L’accueil du matin se fait de 8h50 à 9h00 et de l’après-midi de 13h45 à 13h55. Pour les enfants de petite section et de moyenne &hellip; <a href="https://passerelle2.ac-nantes.fr/em-fougan-de-mer/horaires/">Continuer la lecture <span class="meta-nav">&rarr;</span></a></p>
