
{"id":1006,"date":"2016-09-11T11:23:58","date_gmt":"2016-09-11T11:23:58","guid":{"rendered":"https:\/\/passerelle2.ac-nantes.fr\/jjauresreze\/?page_id=1006"},"modified":"2020-10-31T13:42:42","modified_gmt":"2020-10-31T12:42:42","slug":"mediatheque-de-reze","status":"publish","type":"page","link":"https:\/\/passerelle2.ac-nantes.fr\/jjauresreze\/partenariats\/mediatheque-de-reze\/","title":{"rendered":"M\u00e9diath\u00e8que de Rez\u00e9"},"content":{"rendered":"<p>La m\u00e9diath\u00e8que propose des services sp\u00e9cifiques pour les \u00e9coles primaires de Rez\u00e9 : carte d\u2019emprunt gratuite, accueil des classes, pr\u00eat de livres en multiples exemplaires\u2026<\/p>\n<p>Chaque ann\u00e9e, les \u00e9l\u00e8ves de l\u2019\u00e9cole Jean Jaur\u00e8s b\u00e9n\u00e9ficient de ces offres.<\/p>\n<p>Informations compl\u00e9mentaires&nbsp; <a href=\"https:\/\/mediatheque.reze.fr\/\" target=\"_blank\" rel=\"noopener noreferrer\">https:\/\/mediatheque.reze.fr\/<\/a><\/p>\n<p>&nbsp;<\/p>\n<p style=\"text-align: center;\"><img loading=\"lazy\" decoding=\"async\" class=\"aligncenter size-medium wp-image-1008\" style=\"border: 0px none;\" src=\"https:\/\/passerelle2.ac-nantes.fr\/jjauresreze\/wp-content\/uploads\/sites\/507\/2016\/09\/mediatheque_reze_01-300x222.jpg\" alt=\"\" width=\"300\" height=\"222\" srcset=\"https:\/\/passerelle2.ac-nantes.fr\/jjauresreze\/wp-content\/uploads\/sites\/507\/2016\/09\/mediatheque_reze_01-300x222.jpg 300w, https:\/\/passerelle2.ac-nantes.fr\/jjauresreze\/wp-content\/uploads\/sites\/507\/2016\/09\/mediatheque_reze_01.jpg 350w\" sizes=\"auto, (max-width: 300px) 100vw, 300px\" \/><\/p>\n<p>&nbsp;<\/p>\n<p>&nbsp;<\/p>\n","protected":false},"excerpt":{"rendered":"<p>La m\u00e9diath\u00e8que propose des services sp\u00e9cifiques pour les \u00e9coles primaires de Rez\u00e9 : carte d\u2019emprunt gratuite, accueil des classes, pr\u00eat de livres en multiples exemplaires\u2026 Chaque ann\u00e9e, les \u00e9l\u00e8ves de l\u2019\u00e9cole Jean Jaur\u00e8s b\u00e9n\u00e9ficient de ces offres. Informations compl\u00e9mentaires&nbsp; https:\/\/mediatheque.reze.fr\/ &nbsp; &nbsp; &nbsp;<\/p>\n","protected":false},"author":7113,"featured_media":0,"parent":1003,"menu_order":0,"comment_status":"closed","ping_status":"open","template":"","meta":{"ngg_post_thumbnail":0,"h5ap_radio_sources":[],"jetpack_post_was_ever_published":false,"footnotes":""},"folder":[],"class_list":["post-1006","page","type-page","status-publish","hentry","nodate","item-wrap"],"jetpack_sharing_enabled":true,"jetpack_shortlink":"https:\/\/wp.me\/P8Njot-ge","_links":{"self":[{"href":"https:\/\/passerelle2.ac-nantes.fr\/jjauresreze\/wp-json\/wp\/v2\/pages\/1006","targetHints":{"allow":["GET"]}}],"collection":[{"href":"https:\/\/passerelle2.ac-nantes.fr\/jjauresreze\/wp-json\/wp\/v2\/pages"}],"about":[{"href":"https:\/\/passerelle2.ac-nantes.fr\/jjauresreze\/wp-json\/wp\/v2\/types\/page"}],"author":[{"embeddable":true,"href":"https:\/\/passerelle2.ac-nantes.fr\/jjauresreze\/wp-json\/wp\/v2\/users\/7113"}],"replies":[{"embeddable":true,"href":"https:\/\/passerelle2.ac-nantes.fr\/jjauresreze\/wp-json\/wp\/v2\/comments?post=1006"}],"version-history":[{"count":0,"href":"https:\/\/passerelle2.ac-nantes.fr\/jjauresreze\/wp-json\/wp\/v2\/pages\/1006\/revisions"}],"up":[{"embeddable":true,"href":"https:\/\/passerelle2.ac-nantes.fr\/jjauresreze\/wp-json\/wp\/v2\/pages\/1003"}],"wp:attachment":[{"href":"https:\/\/passerelle2.ac-nantes.fr\/jjauresreze\/wp-json\/wp\/v2\/media?parent=1006"}],"wp:term":[{"taxonomy":"folder","embeddable":true,"href":"https:\/\/passerelle2.ac-nantes.fr\/jjauresreze\/wp-json\/wp\/v2\/folder?post=1006"}],"curies":[{"name":"wp","href":"https:\/\/api.w.org\/{rel}","templated":true}]}}