
{"id":1016,"date":"2016-09-11T11:32:02","date_gmt":"2016-09-11T11:32:02","guid":{"rendered":"https:\/\/passerelle2.ac-nantes.fr\/jjauresreze\/?page_id=1016"},"modified":"2020-10-31T13:41:49","modified_gmt":"2020-10-31T12:41:49","slug":"la-soufflerie","status":"publish","type":"page","link":"https:\/\/passerelle2.ac-nantes.fr\/jjauresreze\/partenariats\/la-soufflerie\/","title":{"rendered":"La Soufflerie"},"content":{"rendered":"<p>Chaque ann\u00e9e, les \u00e9l\u00e8ves de l\u2019\u00e9cole Jean Jaur\u00e8s assistent \u00e0 un spectacle propos\u00e9 par La Soufflerie (\u00e9tablissement public de coop\u00e9ration culturelle).<\/p>\n<p>&nbsp;<\/p>\n<p>Informations compl\u00e9mentaires<\/p>\n<ul>\n<li>Site Internet de la Soufflerie <a href=\"http:\/\/www.lasoufflerie.org\/\" target=\"_blank\" rel=\"noopener noreferrer\">http:\/\/www.lasoufflerie.org\/<\/a><\/li>\n<\/ul>\n<p>&nbsp;<\/p>\n<p style=\"text-align: center;\"><img loading=\"lazy\" decoding=\"async\" class=\"aligncenter size-medium wp-image-1017\" style=\"border: 0px none;\" src=\"https:\/\/passerelle2.ac-nantes.fr\/jjauresreze\/wp-content\/uploads\/sites\/507\/2016\/09\/logo_la_soufflerie_noir-300x133.jpg\" alt=\"\" width=\"300\" height=\"133\" srcset=\"https:\/\/passerelle2.ac-nantes.fr\/jjauresreze\/wp-content\/uploads\/sites\/507\/2016\/09\/logo_la_soufflerie_noir-300x133.jpg 300w, https:\/\/passerelle2.ac-nantes.fr\/jjauresreze\/wp-content\/uploads\/sites\/507\/2016\/09\/logo_la_soufflerie_noir.jpg 530w\" sizes=\"auto, (max-width: 300px) 100vw, 300px\" \/><\/p>\n<p>&nbsp;<\/p>\n<p>&nbsp;<\/p>\n","protected":false},"excerpt":{"rendered":"<p>Chaque ann\u00e9e, les \u00e9l\u00e8ves de l\u2019\u00e9cole Jean Jaur\u00e8s assistent \u00e0 un spectacle propos\u00e9 par La Soufflerie (\u00e9tablissement public de coop\u00e9ration culturelle). &nbsp; Informations compl\u00e9mentaires Site Internet de la Soufflerie http:\/\/www.lasoufflerie.org\/ &nbsp; &nbsp; &nbsp;<\/p>\n","protected":false},"author":7113,"featured_media":0,"parent":1003,"menu_order":0,"comment_status":"closed","ping_status":"open","template":"","meta":{"ngg_post_thumbnail":0,"h5ap_radio_sources":[],"jetpack_post_was_ever_published":false,"footnotes":""},"folder":[],"class_list":["post-1016","page","type-page","status-publish","hentry","nodate","item-wrap"],"jetpack_sharing_enabled":true,"jetpack_shortlink":"https:\/\/wp.me\/P8Njot-go","_links":{"self":[{"href":"https:\/\/passerelle2.ac-nantes.fr\/jjauresreze\/wp-json\/wp\/v2\/pages\/1016","targetHints":{"allow":["GET"]}}],"collection":[{"href":"https:\/\/passerelle2.ac-nantes.fr\/jjauresreze\/wp-json\/wp\/v2\/pages"}],"about":[{"href":"https:\/\/passerelle2.ac-nantes.fr\/jjauresreze\/wp-json\/wp\/v2\/types\/page"}],"author":[{"embeddable":true,"href":"https:\/\/passerelle2.ac-nantes.fr\/jjauresreze\/wp-json\/wp\/v2\/users\/7113"}],"replies":[{"embeddable":true,"href":"https:\/\/passerelle2.ac-nantes.fr\/jjauresreze\/wp-json\/wp\/v2\/comments?post=1016"}],"version-history":[{"count":0,"href":"https:\/\/passerelle2.ac-nantes.fr\/jjauresreze\/wp-json\/wp\/v2\/pages\/1016\/revisions"}],"up":[{"embeddable":true,"href":"https:\/\/passerelle2.ac-nantes.fr\/jjauresreze\/wp-json\/wp\/v2\/pages\/1003"}],"wp:attachment":[{"href":"https:\/\/passerelle2.ac-nantes.fr\/jjauresreze\/wp-json\/wp\/v2\/media?parent=1016"}],"wp:term":[{"taxonomy":"folder","embeddable":true,"href":"https:\/\/passerelle2.ac-nantes.fr\/jjauresreze\/wp-json\/wp\/v2\/folder?post=1016"}],"curies":[{"name":"wp","href":"https:\/\/api.w.org\/{rel}","templated":true}]}}