
{"id":1022,"date":"2016-09-11T11:34:44","date_gmt":"2016-09-11T11:34:44","guid":{"rendered":"https:\/\/passerelle2.ac-nantes.fr\/jjauresreze\/?page_id=1022"},"modified":"2026-01-30T19:29:48","modified_gmt":"2026-01-30T18:29:48","slug":"usep","status":"publish","type":"page","link":"https:\/\/passerelle2.ac-nantes.fr\/jjauresreze\/partenariats\/usep\/","title":{"rendered":"USEP"},"content":{"rendered":"<p>Chaque ann\u00e9e, l&rsquo;USEP (Union Sportive de l\u2019Enseignement Public) propose aux \u00e9coles primaires de participer \u00e0 des rencontres sportives.<\/p>\n<p>&nbsp;<\/p>\n<p><strong>L\u2019USEP en quelques mots<\/strong><\/p>\n<ul>\n<li>des pratiques sportives adapt\u00e9es aux \u00e9l\u00e8ves de l\u2019\u00e9cole primaire ;<\/li>\n<li>une diversit\u00e9 des activit\u00e9s propos\u00e9es aux enfants, pour un plus large \u00e9panouissement (physique et mental) ;<\/li>\n<li>la promotion de valeurs \u00ab&nbsp;\u00e9ducatives&nbsp;\u00bb, dans le but de former des \u00ab&nbsp;citoyens sportifs&nbsp;\u00bb (pratique des sports dans un esprit de fair-play, respect de soi, de l\u2019autre et de la r\u00e8gle, etc.) ;<\/li>\n<li>des modes d\u2019application favorisant la participation active et la responsabilisation des \u00e9l\u00e8ves lors de l\u2019organisation des rencontres.<\/li>\n<\/ul>\n<p>Pour obtenir des informations compl\u00e9mentaires, vous pouvez consulter l&rsquo;espace Internet du secteur 44&nbsp; <a href=\"https:\/\/www.usep44.org\/\" target=\"_blank\" rel=\"noopener noreferrer\">https:\/\/www.usep44.org\/<\/a><\/p>\n<p>&nbsp;<\/p>\n<p style=\"text-align: center;\"><img loading=\"lazy\" decoding=\"async\" class=\"aligncenter size-medium wp-image-1023\" style=\"border: 0px none;\" src=\"https:\/\/passerelle2.ac-nantes.fr\/jjauresreze\/wp-content\/uploads\/sites\/507\/2016\/09\/logo_usep_reze-300x136.jpg\" alt=\"\" width=\"300\" height=\"136\" srcset=\"https:\/\/passerelle2.ac-nantes.fr\/jjauresreze\/wp-content\/uploads\/sites\/507\/2016\/09\/logo_usep_reze-300x136.jpg 300w, https:\/\/passerelle2.ac-nantes.fr\/jjauresreze\/wp-content\/uploads\/sites\/507\/2016\/09\/logo_usep_reze.jpg 800w\" sizes=\"auto, (max-width: 300px) 100vw, 300px\" \/><\/p>\n<p>&nbsp;<\/p>\n<p>&nbsp;<\/p>\n","protected":false},"excerpt":{"rendered":"<p>Chaque ann\u00e9e, l&rsquo;USEP (Union Sportive de l\u2019Enseignement Public) propose aux \u00e9coles primaires de participer \u00e0 des rencontres sportives. &nbsp; L\u2019USEP en quelques mots des pratiques sportives adapt\u00e9es aux \u00e9l\u00e8ves de l\u2019\u00e9cole primaire ; une diversit\u00e9 des activit\u00e9s propos\u00e9es aux enfants, pour un plus large \u00e9panouissement (physique et mental) ; la promotion de valeurs \u00ab&nbsp;\u00e9ducatives&nbsp;\u00bb, dans &hellip; <\/p>\n<p><a class=\"more-link btn\" href=\"https:\/\/passerelle2.ac-nantes.fr\/jjauresreze\/partenariats\/usep\/\">Lire la suite<\/a><\/p>\n","protected":false},"author":7113,"featured_media":0,"parent":1003,"menu_order":0,"comment_status":"closed","ping_status":"open","template":"","meta":{"ngg_post_thumbnail":0,"h5ap_radio_sources":[],"jetpack_post_was_ever_published":false,"footnotes":""},"folder":[],"class_list":["post-1022","page","type-page","status-publish","hentry","nodate","item-wrap"],"jetpack_sharing_enabled":true,"jetpack_shortlink":"https:\/\/wp.me\/P8Njot-gu","_links":{"self":[{"href":"https:\/\/passerelle2.ac-nantes.fr\/jjauresreze\/wp-json\/wp\/v2\/pages\/1022","targetHints":{"allow":["GET"]}}],"collection":[{"href":"https:\/\/passerelle2.ac-nantes.fr\/jjauresreze\/wp-json\/wp\/v2\/pages"}],"about":[{"href":"https:\/\/passerelle2.ac-nantes.fr\/jjauresreze\/wp-json\/wp\/v2\/types\/page"}],"author":[{"embeddable":true,"href":"https:\/\/passerelle2.ac-nantes.fr\/jjauresreze\/wp-json\/wp\/v2\/users\/7113"}],"replies":[{"embeddable":true,"href":"https:\/\/passerelle2.ac-nantes.fr\/jjauresreze\/wp-json\/wp\/v2\/comments?post=1022"}],"version-history":[{"count":0,"href":"https:\/\/passerelle2.ac-nantes.fr\/jjauresreze\/wp-json\/wp\/v2\/pages\/1022\/revisions"}],"up":[{"embeddable":true,"href":"https:\/\/passerelle2.ac-nantes.fr\/jjauresreze\/wp-json\/wp\/v2\/pages\/1003"}],"wp:attachment":[{"href":"https:\/\/passerelle2.ac-nantes.fr\/jjauresreze\/wp-json\/wp\/v2\/media?parent=1022"}],"wp:term":[{"taxonomy":"folder","embeddable":true,"href":"https:\/\/passerelle2.ac-nantes.fr\/jjauresreze\/wp-json\/wp\/v2\/folder?post=1022"}],"curies":[{"name":"wp","href":"https:\/\/api.w.org\/{rel}","templated":true}]}}