
{"id":170,"date":"2016-05-14T17:57:22","date_gmt":"2016-05-14T17:57:22","guid":{"rendered":"https:\/\/passerelle2.ac-nantes.fr\/jjauresreze\/?page_id=170"},"modified":"2026-01-30T23:13:41","modified_gmt":"2026-01-30T22:13:41","slug":"vide-grenier","status":"publish","type":"page","link":"https:\/\/passerelle2.ac-nantes.fr\/jjauresreze\/parents-deleves\/vide-grenier\/","title":{"rendered":"Vide grenier de Trentemoult"},"content":{"rendered":"<p style=\"text-align: justify;\">Depuis 1996, chaque ann\u00e9e le 1er dimanche d\u2019avril, un vide-grenier est organis\u00e9 dans le quartier de Trentemoult par les parents d\u2019\u00e9l\u00e8ves de l&rsquo;\u00e9cole publique Jean Jaur\u00e8s.<\/p>\n<p style=\"text-align: justify;\">A l&rsquo;initiative de la FCPE qui en a eu la responsabilit\u00e9 jusqu\u2019\u00e0 l\u2019\u00e9dition 2011, le vide-grenier a pour objet la cr\u00e9ation d&rsquo;un \u00e9v\u00e9nement pouvant apporter un lien entre l\u2019\u00e9cole et le quartier et un compl\u00e9ment de financement \u00e0 l\u2019\u00e9cole.<\/p>\n<p style=\"text-align: justify;\">Depuis l&rsquo;\u00e9dition 2011, l&rsquo;association Le Collectif a pris le relai de la FCPE pour orchestrer ce temps fort.<\/p>\n<p style=\"text-align: justify;\">La majeure partie des b\u00e9n\u00e9fices r\u00e9alis\u00e9s est revers\u00e9e \u00e0 la coop\u00e9rative de l\u2019\u00e9cole Jean Jaur\u00e8s afin de compl\u00e9ter les subventions nationales et municipales et de rendre gratuites la plupart des activit\u00e9s de l&rsquo;\u00e9cole : sorties scolaires, spectacles, etc.<\/p>\n<p style=\"text-align: justify;\">&nbsp;<\/p>\n<p style=\"text-align: justify;\">Pour obtenir des informations compl\u00e9mentaires sur le vide-grenier de Trentemoult, vous pouvez consulter le site Internet <a href=\"http:\/\/www.videgrenier-trentemoult.fr\/\" target=\"_blank\" rel=\"noopener\">http:\/\/www.videgrenier-trentemoult.fr\/<\/a><\/p>\n<p style=\"text-align: justify;\">&nbsp;<\/p>\n<p style=\"text-align: center;\"><img loading=\"lazy\" decoding=\"async\" class=\"alignnone size-full wp-image-1796\" src=\"https:\/\/passerelle2.ac-nantes.fr\/jjauresreze\/wp-content\/uploads\/sites\/507\/2026\/01\/VG_2026_Affiche_A4.jpg\" alt=\"\" width=\"424\" height=\"600\" srcset=\"https:\/\/passerelle2.ac-nantes.fr\/jjauresreze\/wp-content\/uploads\/sites\/507\/2026\/01\/VG_2026_Affiche_A4.jpg 424w, https:\/\/passerelle2.ac-nantes.fr\/jjauresreze\/wp-content\/uploads\/sites\/507\/2026\/01\/VG_2026_Affiche_A4-212x300.jpg 212w\" sizes=\"auto, (max-width: 424px) 100vw, 424px\" \/><\/p>\n<p>&nbsp;<\/p>\n<p>&nbsp;<\/p>\n","protected":false},"excerpt":{"rendered":"<p>Depuis 1996, chaque ann\u00e9e le 1er dimanche d\u2019avril, un vide-grenier est organis\u00e9 dans le quartier de Trentemoult par les parents d\u2019\u00e9l\u00e8ves de l&rsquo;\u00e9cole publique Jean Jaur\u00e8s. A l&rsquo;initiative de la FCPE qui en a eu la responsabilit\u00e9 jusqu\u2019\u00e0 l\u2019\u00e9dition 2011, le vide-grenier a pour objet la cr\u00e9ation d&rsquo;un \u00e9v\u00e9nement pouvant apporter un lien entre l\u2019\u00e9cole &hellip; <\/p>\n<p><a class=\"more-link btn\" href=\"https:\/\/passerelle2.ac-nantes.fr\/jjauresreze\/parents-deleves\/vide-grenier\/\">Lire la suite<\/a><\/p>\n","protected":false},"author":7113,"featured_media":0,"parent":25,"menu_order":0,"comment_status":"closed","ping_status":"open","template":"","meta":{"ngg_post_thumbnail":0,"h5ap_radio_sources":[],"jetpack_post_was_ever_published":false,"footnotes":""},"folder":[],"class_list":["post-170","page","type-page","status-publish","hentry","nodate","item-wrap"],"jetpack_sharing_enabled":true,"jetpack_shortlink":"https:\/\/wp.me\/P8Njot-2K","_links":{"self":[{"href":"https:\/\/passerelle2.ac-nantes.fr\/jjauresreze\/wp-json\/wp\/v2\/pages\/170","targetHints":{"allow":["GET"]}}],"collection":[{"href":"https:\/\/passerelle2.ac-nantes.fr\/jjauresreze\/wp-json\/wp\/v2\/pages"}],"about":[{"href":"https:\/\/passerelle2.ac-nantes.fr\/jjauresreze\/wp-json\/wp\/v2\/types\/page"}],"author":[{"embeddable":true,"href":"https:\/\/passerelle2.ac-nantes.fr\/jjauresreze\/wp-json\/wp\/v2\/users\/7113"}],"replies":[{"embeddable":true,"href":"https:\/\/passerelle2.ac-nantes.fr\/jjauresreze\/wp-json\/wp\/v2\/comments?post=170"}],"version-history":[{"count":0,"href":"https:\/\/passerelle2.ac-nantes.fr\/jjauresreze\/wp-json\/wp\/v2\/pages\/170\/revisions"}],"up":[{"embeddable":true,"href":"https:\/\/passerelle2.ac-nantes.fr\/jjauresreze\/wp-json\/wp\/v2\/pages\/25"}],"wp:attachment":[{"href":"https:\/\/passerelle2.ac-nantes.fr\/jjauresreze\/wp-json\/wp\/v2\/media?parent=170"}],"wp:term":[{"taxonomy":"folder","embeddable":true,"href":"https:\/\/passerelle2.ac-nantes.fr\/jjauresreze\/wp-json\/wp\/v2\/folder?post=170"}],"curies":[{"name":"wp","href":"https:\/\/api.w.org\/{rel}","templated":true}]}}