
{"id":177,"date":"2016-05-14T18:02:42","date_gmt":"2016-05-14T18:02:42","guid":{"rendered":"https:\/\/passerelle2.ac-nantes.fr\/jjauresreze\/?page_id=177"},"modified":"2020-10-31T13:34:02","modified_gmt":"2020-10-31T12:34:02","slug":"lire-et-faire-lire","status":"publish","type":"page","link":"https:\/\/passerelle2.ac-nantes.fr\/jjauresreze\/parents-deleves\/lire-et-faire-lire\/","title":{"rendered":"Lire et faire lire"},"content":{"rendered":"<p style=\"text-align: justify;\">Mis en place \u00e0 l&rsquo;\u00e9cole Jean Jaur\u00e8s en novembre 2012, le projet \u00ab\u00a0Lire et faire lire\u00a0\u00bb est le r\u00e9sultat d&rsquo;une collaboration entre l&rsquo;association des parents d&rsquo;\u00e9l\u00e8ves FCPE et l&rsquo;\u00e9quipe p\u00e9riscolaire de notre \u00e9cole.<\/p>\n<p style=\"text-align: justify;\">Des ateliers de \u00ab\u00a0lecture plaisir\u00a0\u00bb sont mis en place sur le temps du midi afin de d\u00e9velopper le plaisir de la lecture et les relations interg\u00e9n\u00e9rationnelles. Les enfants qui le d\u00e9sirent sont regroup\u00e9s par petits groupes avec un b\u00e9n\u00e9vole qui leur lit un livre adapt\u00e9 \u00e0 leur \u00e2ge.<\/p>\n<p style=\"text-align: justify;\">&nbsp;<\/p>\n<h4 style=\"text-align: justify;\">En savoir plus<\/h4>\n<p style=\"text-align: justify;\">Plaisir de lire, plaisir de partager. \u00ab\u00a0Lire et faire lire\u00a0\u00bb est un programme de d\u00e9veloppement du plaisir de la lecture et de la solidarit\u00e9 interg\u00e9n\u00e9rationnelle en direction des enfants fr\u00e9quentant les \u00e9coles primaires et autres structures \u00e9ducatives (centres de loisirs, cr\u00e8ches, biblioth\u00e8ques..). \u00ab\u00a0Lire et faire lire\u00a0\u00bb est d\u00e9velopp\u00e9 dans chaque d\u00e9partement par des coordinateurs des deux r\u00e9seaux associatifs nationaux : la Ligue de l\u2019Enseignement et l\u2019Union Nationale des Associations Familiales (UNAF).<\/p>\n<ul>\n<li>Lien vers le site Internet <a href=\"http:\/\/www.lireetfairelire.org\/\" target=\"_blank\" rel=\"noopener noreferrer\">http:\/\/www.lireetfairelire.org\/<\/a><\/li>\n<\/ul>\n<p>&nbsp;<\/p>\n<p style=\"text-align: center;\"><img loading=\"lazy\" decoding=\"async\" class=\"aligncenter size-full wp-image-360\" style=\"border: 0px none;\" src=\"https:\/\/passerelle2.ac-nantes.fr\/jjauresreze\/wp-content\/uploads\/sites\/507\/2016\/05\/lfl_logo.png\" alt=\"\" width=\"211\" height=\"187\"><\/p>\n<p>&nbsp;<\/p>\n<p>&nbsp;<\/p>\n","protected":false},"excerpt":{"rendered":"<p>Mis en place \u00e0 l&rsquo;\u00e9cole Jean Jaur\u00e8s en novembre 2012, le projet \u00ab\u00a0Lire et faire lire\u00a0\u00bb est le r\u00e9sultat d&rsquo;une collaboration entre l&rsquo;association des parents d&rsquo;\u00e9l\u00e8ves FCPE et l&rsquo;\u00e9quipe p\u00e9riscolaire de notre \u00e9cole. Des ateliers de \u00ab\u00a0lecture plaisir\u00a0\u00bb sont mis en place sur le temps du midi afin de d\u00e9velopper le plaisir de la lecture &hellip; <\/p>\n<p><a class=\"more-link btn\" href=\"https:\/\/passerelle2.ac-nantes.fr\/jjauresreze\/parents-deleves\/lire-et-faire-lire\/\">Lire la suite<\/a><\/p>\n","protected":false},"author":7113,"featured_media":0,"parent":25,"menu_order":0,"comment_status":"closed","ping_status":"open","template":"","meta":{"ngg_post_thumbnail":0,"h5ap_radio_sources":[],"jetpack_post_was_ever_published":false,"footnotes":""},"folder":[],"class_list":["post-177","page","type-page","status-publish","hentry","nodate","item-wrap"],"jetpack_sharing_enabled":true,"jetpack_shortlink":"https:\/\/wp.me\/P8Njot-2R","_links":{"self":[{"href":"https:\/\/passerelle2.ac-nantes.fr\/jjauresreze\/wp-json\/wp\/v2\/pages\/177","targetHints":{"allow":["GET"]}}],"collection":[{"href":"https:\/\/passerelle2.ac-nantes.fr\/jjauresreze\/wp-json\/wp\/v2\/pages"}],"about":[{"href":"https:\/\/passerelle2.ac-nantes.fr\/jjauresreze\/wp-json\/wp\/v2\/types\/page"}],"author":[{"embeddable":true,"href":"https:\/\/passerelle2.ac-nantes.fr\/jjauresreze\/wp-json\/wp\/v2\/users\/7113"}],"replies":[{"embeddable":true,"href":"https:\/\/passerelle2.ac-nantes.fr\/jjauresreze\/wp-json\/wp\/v2\/comments?post=177"}],"version-history":[{"count":0,"href":"https:\/\/passerelle2.ac-nantes.fr\/jjauresreze\/wp-json\/wp\/v2\/pages\/177\/revisions"}],"up":[{"embeddable":true,"href":"https:\/\/passerelle2.ac-nantes.fr\/jjauresreze\/wp-json\/wp\/v2\/pages\/25"}],"wp:attachment":[{"href":"https:\/\/passerelle2.ac-nantes.fr\/jjauresreze\/wp-json\/wp\/v2\/media?parent=177"}],"wp:term":[{"taxonomy":"folder","embeddable":true,"href":"https:\/\/passerelle2.ac-nantes.fr\/jjauresreze\/wp-json\/wp\/v2\/folder?post=177"}],"curies":[{"name":"wp","href":"https:\/\/api.w.org\/{rel}","templated":true}]}}