
{"id":370,"date":"2016-05-16T09:47:01","date_gmt":"2016-05-16T09:47:01","guid":{"rendered":"https:\/\/passerelle2.ac-nantes.fr\/jjauresreze\/?page_id=370"},"modified":"2026-01-30T19:17:10","modified_gmt":"2026-01-30T18:17:10","slug":"gazette-a-tout-a-lire","status":"publish","type":"page","link":"https:\/\/passerelle2.ac-nantes.fr\/jjauresreze\/parents-deleves\/gazette-a-tout-a-lire\/","title":{"rendered":"Gazette A tout \u00e0 lire"},"content":{"rendered":"<p style=\"text-align: justify;\">De 2009 \u00e0 2015, \u00e0 l&rsquo;initiative des associations de parents d&rsquo;\u00e9l\u00e8ves de l&rsquo;\u00e9cole Jean Jaur\u00e8s (Collectif et FCPE), la gazette litt\u00e9raire enfantine \u00ab\u00a0A tout \u00e0 lire\u00a0\u00bb a \u00e9t\u00e9 l&rsquo;occasion de partager la passion des livres avec les \u00e9l\u00e8ves et les familles. En 2015, cette activit\u00e9 a \u00e9t\u00e9 abandonn\u00e9e au profit de d&rsquo;autres projets.<\/p>\n<p style=\"text-align: justify;\">&nbsp;<\/p>\n<p style=\"text-align: center;\"><img loading=\"lazy\" decoding=\"async\" class=\"aligncenter size-full wp-image-374\" style=\"border: 0px none;\" src=\"https:\/\/passerelle2.ac-nantes.fr\/jjauresreze\/wp-content\/uploads\/sites\/507\/2016\/05\/gazette_a-tout-a-lire_reduit.jpg\" alt=\"\" width=\"600\" height=\"123\"><\/p>\n<p>&nbsp;<\/p>\n<p>&nbsp;<\/p>\n","protected":false},"excerpt":{"rendered":"<p>De 2009 \u00e0 2015, \u00e0 l&rsquo;initiative des associations de parents d&rsquo;\u00e9l\u00e8ves de l&rsquo;\u00e9cole Jean Jaur\u00e8s (Collectif et FCPE), la gazette litt\u00e9raire enfantine \u00ab\u00a0A tout \u00e0 lire\u00a0\u00bb a \u00e9t\u00e9 l&rsquo;occasion de partager la passion des livres avec les \u00e9l\u00e8ves et les familles. En 2015, cette activit\u00e9 a \u00e9t\u00e9 abandonn\u00e9e au profit de d&rsquo;autres projets. &nbsp; &nbsp; &hellip; <\/p>\n<p><a class=\"more-link btn\" href=\"https:\/\/passerelle2.ac-nantes.fr\/jjauresreze\/parents-deleves\/gazette-a-tout-a-lire\/\">Lire la suite<\/a><\/p>\n","protected":false},"author":7113,"featured_media":0,"parent":25,"menu_order":0,"comment_status":"closed","ping_status":"open","template":"","meta":{"ngg_post_thumbnail":0,"h5ap_radio_sources":[],"jetpack_post_was_ever_published":false,"footnotes":""},"folder":[],"class_list":["post-370","page","type-page","status-publish","hentry","nodate","item-wrap"],"jetpack_sharing_enabled":true,"jetpack_shortlink":"https:\/\/wp.me\/P8Njot-5Y","_links":{"self":[{"href":"https:\/\/passerelle2.ac-nantes.fr\/jjauresreze\/wp-json\/wp\/v2\/pages\/370","targetHints":{"allow":["GET"]}}],"collection":[{"href":"https:\/\/passerelle2.ac-nantes.fr\/jjauresreze\/wp-json\/wp\/v2\/pages"}],"about":[{"href":"https:\/\/passerelle2.ac-nantes.fr\/jjauresreze\/wp-json\/wp\/v2\/types\/page"}],"author":[{"embeddable":true,"href":"https:\/\/passerelle2.ac-nantes.fr\/jjauresreze\/wp-json\/wp\/v2\/users\/7113"}],"replies":[{"embeddable":true,"href":"https:\/\/passerelle2.ac-nantes.fr\/jjauresreze\/wp-json\/wp\/v2\/comments?post=370"}],"version-history":[{"count":0,"href":"https:\/\/passerelle2.ac-nantes.fr\/jjauresreze\/wp-json\/wp\/v2\/pages\/370\/revisions"}],"up":[{"embeddable":true,"href":"https:\/\/passerelle2.ac-nantes.fr\/jjauresreze\/wp-json\/wp\/v2\/pages\/25"}],"wp:attachment":[{"href":"https:\/\/passerelle2.ac-nantes.fr\/jjauresreze\/wp-json\/wp\/v2\/media?parent=370"}],"wp:term":[{"taxonomy":"folder","embeddable":true,"href":"https:\/\/passerelle2.ac-nantes.fr\/jjauresreze\/wp-json\/wp\/v2\/folder?post=370"}],"curies":[{"name":"wp","href":"https:\/\/api.w.org\/{rel}","templated":true}]}}