
{"id":16,"date":"2012-11-14T09:34:19","date_gmt":"2012-11-14T09:34:19","guid":{"rendered":"https:\/\/passerelle2.ac-nantes.fr\/lhuisserie\/?page_id=16"},"modified":"2024-08-12T12:38:45","modified_gmt":"2024-08-12T10:38:45","slug":"presentation-de-lecole","status":"publish","type":"page","link":"https:\/\/passerelle2.ac-nantes.fr\/lhuisserie\/presentation-de-lecole\/","title":{"rendered":"Conseils d\u2019\u00e9cole"},"content":{"rendered":"\n<h4 class=\"wp-block-heading\">Conseil d&rsquo;\u00e9cole du 18 juin 2024<\/h4>\n\n\n\n<div data-wp-interactive=\"core\/file\" class=\"wp-block-file\"><object data-wp-bind--hidden=\"!state.hasPdfPreview\" hidden class=\"wp-block-file__embed\" data=\"https:\/\/passerelle2.ac-nantes.fr\/lhuisserie\/wp-content\/uploads\/sites\/24\/2024\/08\/CR-CE-18-juin.pdf\" type=\"application\/pdf\" style=\"width:100%;height:600px\" aria-label=\"Contenu embarqu\u00e9 CR-CE-18-juin.\"><\/object><a id=\"wp-block-file--media-2cc9e543-30e8-424b-8a69-217a89ce2d39\" href=\"https:\/\/passerelle2.ac-nantes.fr\/lhuisserie\/wp-content\/uploads\/sites\/24\/2024\/08\/CR-CE-18-juin.pdf\">CR-CE-18-juin<\/a><a href=\"https:\/\/passerelle2.ac-nantes.fr\/lhuisserie\/wp-content\/uploads\/sites\/24\/2024\/08\/CR-CE-18-juin.pdf\" class=\"wp-block-file__button wp-element-button\" download aria-describedby=\"wp-block-file--media-2cc9e543-30e8-424b-8a69-217a89ce2d39\">T\u00e9l\u00e9charger<\/a><\/div>\n\n\n\n<p><strong>Conseil d&rsquo;\u00e9cole du 7 novembre 2023<\/strong><\/p>\n\n\n\n<div data-wp-interactive=\"core\/file\" class=\"wp-block-file\"><object data-wp-bind--hidden=\"!state.hasPdfPreview\" hidden class=\"wp-block-file__embed\" data=\"https:\/\/passerelle2.ac-nantes.fr\/lhuisserie\/wp-content\/uploads\/sites\/24\/2023\/11\/CE_7-nov-2023.pdf\" type=\"application\/pdf\" style=\"width:100%;height:600px\" aria-label=\"Contenu embarqu\u00e9 CE_7-nov-2023.\"><\/object><a id=\"wp-block-file--media-c37ca1b1-7f96-4c2a-a1d9-d8d285159bce\" href=\"https:\/\/passerelle2.ac-nantes.fr\/lhuisserie\/wp-content\/uploads\/sites\/24\/2023\/11\/CE_7-nov-2023.pdf\">CE_7-nov-2023<\/a><a href=\"https:\/\/passerelle2.ac-nantes.fr\/lhuisserie\/wp-content\/uploads\/sites\/24\/2023\/11\/CE_7-nov-2023.pdf\" class=\"wp-block-file__button wp-element-button\" download aria-describedby=\"wp-block-file--media-c37ca1b1-7f96-4c2a-a1d9-d8d285159bce\">T\u00e9l\u00e9charger<\/a><\/div>\n\n\n\n<h4 class=\"wp-block-heading\">Conseil d&rsquo;\u00e9cole du 16 mars 2023<\/h4>\n\n\n\n<div data-wp-interactive=\"core\/file\" class=\"wp-block-file\"><object data-wp-bind--hidden=\"!state.hasPdfPreview\" hidden class=\"wp-block-file__embed\" data=\"https:\/\/passerelle2.ac-nantes.fr\/lhuisserie\/wp-content\/uploads\/sites\/24\/2023\/03\/CE_16-mars-2023.pdf\" type=\"application\/pdf\" style=\"width:100%;height:600px\" aria-label=\"Contenu embarqu\u00e9 CE_16-mars-2023.\"><\/object><a id=\"wp-block-file--media-d0217f7f-c9a5-48c3-8727-bc0734cf2f25\" href=\"https:\/\/passerelle2.ac-nantes.fr\/lhuisserie\/wp-content\/uploads\/sites\/24\/2023\/03\/CE_16-mars-2023.pdf\">CE_16-mars-2023<\/a><a href=\"https:\/\/passerelle2.ac-nantes.fr\/lhuisserie\/wp-content\/uploads\/sites\/24\/2023\/03\/CE_16-mars-2023.pdf\" class=\"wp-block-file__button wp-element-button\" download aria-describedby=\"wp-block-file--media-d0217f7f-c9a5-48c3-8727-bc0734cf2f25\">T\u00e9l\u00e9charger<\/a><\/div>\n\n\n\n<h4 class=\"wp-block-heading\">Conseil d&rsquo;\u00e9cole du 08 novembre 2022<\/h4>\n\n\n\n<div data-wp-interactive=\"core\/file\" class=\"wp-block-file\"><object data-wp-bind--hidden=\"!state.hasPdfPreview\" hidden class=\"wp-block-file__embed\" data=\"https:\/\/passerelle2.ac-nantes.fr\/lhuisserie\/wp-content\/uploads\/sites\/24\/2022\/11\/CR-CE_8-nov-2022.pdf\" type=\"application\/pdf\" style=\"width:100%;height:600px\" aria-label=\"Contenu embarqu\u00e9 CR-CE_8-nov-2022.\"><\/object><a id=\"wp-block-file--media-b7afee97-e375-487a-b77c-8823f12ee520\" href=\"https:\/\/passerelle2.ac-nantes.fr\/lhuisserie\/wp-content\/uploads\/sites\/24\/2022\/11\/CR-CE_8-nov-2022.pdf\">CR-CE_8-nov-2022<\/a><a href=\"https:\/\/passerelle2.ac-nantes.fr\/lhuisserie\/wp-content\/uploads\/sites\/24\/2022\/11\/CR-CE_8-nov-2022.pdf\" class=\"wp-block-file__button wp-element-button\" download aria-describedby=\"wp-block-file--media-b7afee97-e375-487a-b77c-8823f12ee520\">T\u00e9l\u00e9charger<\/a><\/div>\n","protected":false},"excerpt":{"rendered":"<p>Conseil d&rsquo;\u00e9cole du 18 juin 2024 Conseil d&rsquo;\u00e9cole du 7 novembre 2023 Conseil d&rsquo;\u00e9cole du 16 mars 2023 Conseil d&rsquo;\u00e9cole du 08 novembre 2022<\/p>\n","protected":false},"author":1440,"featured_media":0,"parent":0,"menu_order":0,"comment_status":"closed","ping_status":"closed","template":"","meta":{"ngg_post_thumbnail":0,"h5ap_radio_sources":[],"footnotes":""},"folder":[],"class_list":["post-16","page","type-page","status-publish","hentry","nodate","item-wrap"],"jetpack_shortlink":"https:\/\/wp.me\/P8PERX-g","_links":{"self":[{"href":"https:\/\/passerelle2.ac-nantes.fr\/lhuisserie\/wp-json\/wp\/v2\/pages\/16","targetHints":{"allow":["GET"]}}],"collection":[{"href":"https:\/\/passerelle2.ac-nantes.fr\/lhuisserie\/wp-json\/wp\/v2\/pages"}],"about":[{"href":"https:\/\/passerelle2.ac-nantes.fr\/lhuisserie\/wp-json\/wp\/v2\/types\/page"}],"author":[{"embeddable":true,"href":"https:\/\/passerelle2.ac-nantes.fr\/lhuisserie\/wp-json\/wp\/v2\/users\/1440"}],"replies":[{"embeddable":true,"href":"https:\/\/passerelle2.ac-nantes.fr\/lhuisserie\/wp-json\/wp\/v2\/comments?post=16"}],"version-history":[{"count":0,"href":"https:\/\/passerelle2.ac-nantes.fr\/lhuisserie\/wp-json\/wp\/v2\/pages\/16\/revisions"}],"wp:attachment":[{"href":"https:\/\/passerelle2.ac-nantes.fr\/lhuisserie\/wp-json\/wp\/v2\/media?parent=16"}],"wp:term":[{"taxonomy":"folder","embeddable":true,"href":"https:\/\/passerelle2.ac-nantes.fr\/lhuisserie\/wp-json\/wp\/v2\/folder?post=16"}],"curies":[{"name":"wp","href":"https:\/\/api.w.org\/{rel}","templated":true}]}}