
{"id":5840,"date":"2022-11-16T11:37:28","date_gmt":"2022-11-16T10:37:28","guid":{"rendered":"https:\/\/passerelle2.ac-nantes.fr\/lhuisserie\/?page_id=5840"},"modified":"2023-12-21T17:41:50","modified_gmt":"2023-12-21T16:41:50","slug":"lecho-lier-motive","status":"publish","type":"page","link":"https:\/\/passerelle2.ac-nantes.fr\/lhuisserie\/lecho-lier-motive\/","title":{"rendered":"Journal"},"content":{"rendered":"\n<h4 class=\"wp-block-heading\">Num\u00e9ro 10 &#8211; d\u00e9cembre 2023 <\/h4>\n\n\n\n<div data-wp-interactive=\"core\/file\" class=\"wp-block-file\"><object data-wp-bind--hidden=\"!state.hasPdfPreview\" hidden class=\"wp-block-file__embed\" data=\"https:\/\/passerelle2.ac-nantes.fr\/lhuisserie\/wp-content\/uploads\/sites\/24\/2023\/12\/version-finale-journal-ecole-decembre-2023-compresse-compresse.pdf\" type=\"application\/pdf\" style=\"width:100%;height:600px\" aria-label=\"Contenu embarqu\u00e9 version-finale-journal-ecole-decembre-2023-compresse-compresse.\"><\/object><a id=\"wp-block-file--media-ddfe9326-99a1-4fa3-869a-18bffe635125\" href=\"https:\/\/passerelle2.ac-nantes.fr\/lhuisserie\/wp-content\/uploads\/sites\/24\/2023\/12\/version-finale-journal-ecole-decembre-2023-compresse-compresse.pdf\">version-finale-journal-ecole-decembre-2023-compresse-compresse<\/a><a href=\"https:\/\/passerelle2.ac-nantes.fr\/lhuisserie\/wp-content\/uploads\/sites\/24\/2023\/12\/version-finale-journal-ecole-decembre-2023-compresse-compresse.pdf\" class=\"wp-block-file__button wp-element-button\" download aria-describedby=\"wp-block-file--media-ddfe9326-99a1-4fa3-869a-18bffe635125\">T\u00e9l\u00e9charger<\/a><\/div>\n\n\n\n<div class=\"wp-block-file\"><a id=\"wp-block-file--media-4b963bf4-ed03-416f-9618-0f34393758da\" href=\"https:\/\/passerelle2.ac-nantes.fr\/lhuisserie\/wp-content\/uploads\/sites\/24\/2023\/12\/Classe-de-CP-CE2-chant-Sakura.mp3\">Classe-de-CP-CE2-chant-Sakura<\/a><a href=\"https:\/\/passerelle2.ac-nantes.fr\/lhuisserie\/wp-content\/uploads\/sites\/24\/2023\/12\/Classe-de-CP-CE2-chant-Sakura.mp3\" class=\"wp-block-file__button wp-element-button\" download aria-describedby=\"wp-block-file--media-4b963bf4-ed03-416f-9618-0f34393758da\">T\u00e9l\u00e9charger<\/a><\/div>\n\n\n\n<h4 class=\"wp-block-heading\">Num\u00e9ro 9 &#8211; juillet 2023<\/h4>\n\n\n\n<div data-wp-interactive=\"core\/file\" class=\"wp-block-file\"><object data-wp-bind--hidden=\"!state.hasPdfPreview\" hidden class=\"wp-block-file__embed\" data=\"https:\/\/passerelle2.ac-nantes.fr\/lhuisserie\/wp-content\/uploads\/sites\/24\/2023\/07\/journal-ecole-juillet-2023_compressed.pdf\" type=\"application\/pdf\" style=\"width:100%;height:600px\" aria-label=\"Contenu embarqu\u00e9 journal-ecole-juillet-2023_compressed.\"><\/object><a id=\"wp-block-file--media-e700dcce-bc48-47cc-ad5e-b1e0927c5042\" href=\"https:\/\/passerelle2.ac-nantes.fr\/lhuisserie\/wp-content\/uploads\/sites\/24\/2023\/07\/journal-ecole-juillet-2023_compressed.pdf\">journal-ecole-juillet-2023_compressed<\/a><a href=\"https:\/\/passerelle2.ac-nantes.fr\/lhuisserie\/wp-content\/uploads\/sites\/24\/2023\/07\/journal-ecole-juillet-2023_compressed.pdf\" class=\"wp-block-file__button wp-element-button\" download aria-describedby=\"wp-block-file--media-e700dcce-bc48-47cc-ad5e-b1e0927c5042\">T\u00e9l\u00e9charger<\/a><\/div>\n\n\n\n\n\n<h4 class=\"wp-block-heading\">Num\u00e9ro 8 &#8211; avril 2023<\/h4>\n\n\n\n<div data-wp-interactive=\"core\/file\" class=\"wp-block-file\"><object data-wp-bind--hidden=\"!state.hasPdfPreview\" hidden class=\"wp-block-file__embed\" data=\"https:\/\/passerelle2.ac-nantes.fr\/lhuisserie\/wp-content\/uploads\/sites\/24\/2023\/04\/journal-ecole-avril-2023-1.pdf\" type=\"application\/pdf\" style=\"width:100%;height:600px\" aria-label=\"Contenu embarqu\u00e9 journal-ecole-avril-2023-1.\"><\/object><a id=\"wp-block-file--media-e9584193-079c-479f-b14c-e04caae3c039\" href=\"https:\/\/passerelle2.ac-nantes.fr\/lhuisserie\/wp-content\/uploads\/sites\/24\/2023\/04\/journal-ecole-avril-2023-1.pdf\">journal-ecole-avril-2023-1<\/a><a href=\"https:\/\/passerelle2.ac-nantes.fr\/lhuisserie\/wp-content\/uploads\/sites\/24\/2023\/04\/journal-ecole-avril-2023-1.pdf\" class=\"wp-block-file__button wp-element-button\" download aria-describedby=\"wp-block-file--media-e9584193-079c-479f-b14c-e04caae3c039\">T\u00e9l\u00e9charger<\/a><\/div>\n\n\n\n<ul class=\"wp-block-list\">\n<li><\/li>\n<\/ul>\n\n\n\n<h4 class=\"wp-block-heading\">Num\u00e9ro 7 &#8211; d\u00e9cembre 2022<\/h4>\n\n\n\n<div data-wp-interactive=\"core\/file\" class=\"wp-block-file\"><object data-wp-bind--hidden=\"!state.hasPdfPreview\" hidden class=\"wp-block-file__embed\" data=\"https:\/\/passerelle2.ac-nantes.fr\/lhuisserie\/wp-content\/uploads\/sites\/24\/2022\/12\/journal-ecole-n\u00b07-decembre-2022-1.pdf\" type=\"application\/pdf\" style=\"width:100%;height:600px\" aria-label=\"Contenu embarqu\u00e9 journal-ecole-n\u00b07-decembre-2022-1.\"><\/object><a id=\"wp-block-file--media-dad4767c-93ee-4ede-8be5-3174004f51d7\" href=\"https:\/\/passerelle2.ac-nantes.fr\/lhuisserie\/wp-content\/uploads\/sites\/24\/2022\/12\/journal-ecole-n\u00b07-decembre-2022-1.pdf\">journal-ecole-n\u00b07-decembre-2022-1<\/a><a href=\"https:\/\/passerelle2.ac-nantes.fr\/lhuisserie\/wp-content\/uploads\/sites\/24\/2022\/12\/journal-ecole-n\u00b07-decembre-2022-1.pdf\" class=\"wp-block-file__button wp-element-button\" download aria-describedby=\"wp-block-file--media-dad4767c-93ee-4ede-8be5-3174004f51d7\">T\u00e9l\u00e9charger<\/a><\/div>\n\n\n\n<h4 class=\"wp-block-heading\">Num\u00e9ro 6 &#8211; juillet 2022<\/h4>\n\n\n\n<div data-wp-interactive=\"core\/file\" class=\"wp-block-file\"><object data-wp-bind--hidden=\"!state.hasPdfPreview\" hidden class=\"wp-block-file__embed\" data=\"https:\/\/passerelle2.ac-nantes.fr\/lhuisserie\/wp-content\/uploads\/sites\/24\/2022\/11\/Journal-ecole-juillet-2022.pdf\" type=\"application\/pdf\" style=\"width:100%;height:600px\" aria-label=\"Contenu embarqu\u00e9 Journal-ecole-juillet-2022.\"><\/object><a id=\"wp-block-file--media-ac6accc5-477d-4a91-bb27-5e9591d456eb\" href=\"https:\/\/passerelle2.ac-nantes.fr\/lhuisserie\/wp-content\/uploads\/sites\/24\/2022\/11\/Journal-ecole-juillet-2022.pdf\">Journal-ecole-juillet-2022<\/a><a href=\"https:\/\/passerelle2.ac-nantes.fr\/lhuisserie\/wp-content\/uploads\/sites\/24\/2022\/11\/Journal-ecole-juillet-2022.pdf\" class=\"wp-block-file__button wp-element-button\" download aria-describedby=\"wp-block-file--media-ac6accc5-477d-4a91-bb27-5e9591d456eb\">T\u00e9l\u00e9charger<\/a><\/div>\n\n\n\n<h4 class=\"wp-block-heading\">Num\u00e9ro 5 &#8211; avril 2022<\/h4>\n\n\n\n<div data-wp-interactive=\"core\/file\" class=\"wp-block-file\"><object data-wp-bind--hidden=\"!state.hasPdfPreview\" hidden class=\"wp-block-file__embed\" data=\"https:\/\/passerelle2.ac-nantes.fr\/lhuisserie\/wp-content\/uploads\/sites\/24\/2022\/12\/journal-5-2021-2022_compressed.pdf\" type=\"application\/pdf\" style=\"width:100%;height:600px\" aria-label=\"Contenu embarqu\u00e9 journal-5-2021-2022_compressed.\"><\/object><a id=\"wp-block-file--media-5181bbfb-ea08-4dc2-9830-61e461e2d761\" href=\"https:\/\/passerelle2.ac-nantes.fr\/lhuisserie\/wp-content\/uploads\/sites\/24\/2022\/12\/journal-5-2021-2022_compressed.pdf\">journal-5-2021-2022_compressed<\/a><a href=\"https:\/\/passerelle2.ac-nantes.fr\/lhuisserie\/wp-content\/uploads\/sites\/24\/2022\/12\/journal-5-2021-2022_compressed.pdf\" class=\"wp-block-file__button wp-element-button\" download aria-describedby=\"wp-block-file--media-5181bbfb-ea08-4dc2-9830-61e461e2d761\">T\u00e9l\u00e9charger<\/a><\/div>\n\n\n\n<h4 class=\"wp-block-heading\">Num\u00e9ro 4 &#8211; d\u00e9cembre 2021<\/h4>\n\n\n\n<div data-wp-interactive=\"core\/file\" class=\"wp-block-file\"><object data-wp-bind--hidden=\"!state.hasPdfPreview\" hidden class=\"wp-block-file__embed\" data=\"https:\/\/passerelle2.ac-nantes.fr\/lhuisserie\/wp-content\/uploads\/sites\/24\/2022\/12\/journal-2021-2022-4-pdf.pdf\" type=\"application\/pdf\" style=\"width:100%;height:600px\" aria-label=\"Contenu embarqu\u00e9 journal-2021-2022-4-pdf.\"><\/object><a id=\"wp-block-file--media-68c11318-bcb4-4e83-93a3-5db682dd0614\" href=\"https:\/\/passerelle2.ac-nantes.fr\/lhuisserie\/wp-content\/uploads\/sites\/24\/2022\/12\/journal-2021-2022-4-pdf.pdf\">journal-2021-2022-4-pdf<\/a><a href=\"https:\/\/passerelle2.ac-nantes.fr\/lhuisserie\/wp-content\/uploads\/sites\/24\/2022\/12\/journal-2021-2022-4-pdf.pdf\" class=\"wp-block-file__button wp-element-button\" download aria-describedby=\"wp-block-file--media-68c11318-bcb4-4e83-93a3-5db682dd0614\">T\u00e9l\u00e9charger<\/a><\/div>\n","protected":false},"excerpt":{"rendered":"<p>Num\u00e9ro 10 &#8211; d\u00e9cembre 2023 Num\u00e9ro 9 &#8211; juillet 2023 Num\u00e9ro 8 &#8211; avril 2023 Num\u00e9ro 7 &#8211; d\u00e9cembre 2022 Num\u00e9ro 6 &#8211; juillet 2022 Num\u00e9ro 5 &#8211; avril 2022 Num\u00e9ro 4 &#8211; d\u00e9cembre 2021<\/p>\n","protected":false},"author":1440,"featured_media":0,"parent":0,"menu_order":0,"comment_status":"closed","ping_status":"closed","template":"","meta":{"ngg_post_thumbnail":0,"h5ap_radio_sources":[],"footnotes":""},"folder":[],"class_list":["post-5840","page","type-page","status-publish","hentry","nodate","item-wrap"],"jetpack_shortlink":"https:\/\/wp.me\/P8PERX-1wc","_links":{"self":[{"href":"https:\/\/passerelle2.ac-nantes.fr\/lhuisserie\/wp-json\/wp\/v2\/pages\/5840","targetHints":{"allow":["GET"]}}],"collection":[{"href":"https:\/\/passerelle2.ac-nantes.fr\/lhuisserie\/wp-json\/wp\/v2\/pages"}],"about":[{"href":"https:\/\/passerelle2.ac-nantes.fr\/lhuisserie\/wp-json\/wp\/v2\/types\/page"}],"author":[{"embeddable":true,"href":"https:\/\/passerelle2.ac-nantes.fr\/lhuisserie\/wp-json\/wp\/v2\/users\/1440"}],"replies":[{"embeddable":true,"href":"https:\/\/passerelle2.ac-nantes.fr\/lhuisserie\/wp-json\/wp\/v2\/comments?post=5840"}],"version-history":[{"count":0,"href":"https:\/\/passerelle2.ac-nantes.fr\/lhuisserie\/wp-json\/wp\/v2\/pages\/5840\/revisions"}],"wp:attachment":[{"href":"https:\/\/passerelle2.ac-nantes.fr\/lhuisserie\/wp-json\/wp\/v2\/media?parent=5840"}],"wp:term":[{"taxonomy":"folder","embeddable":true,"href":"https:\/\/passerelle2.ac-nantes.fr\/lhuisserie\/wp-json\/wp\/v2\/folder?post=5840"}],"curies":[{"name":"wp","href":"https:\/\/api.w.org\/{rel}","templated":true}]}}