
{"id":3943,"date":"2017-09-21T22:24:14","date_gmt":"2017-09-21T20:24:14","guid":{"rendered":"https:\/\/passerelle2.ac-nantes.fr\/matisse\/?page_id=3943"},"modified":"2019-05-21T15:27:54","modified_gmt":"2019-05-21T13:27:54","slug":"organisation-du-travail-a-la-maison","status":"publish","type":"page","link":"https:\/\/passerelle2.ac-nantes.fr\/matisse\/cycle-3\/organisation-du-travail-a-la-maison\/","title":{"rendered":"Organisation du travail \u00e0 la maison"},"content":{"rendered":"<p>Suite \u00e0 la r\u00e9union de rentr\u00e9e, certains parents ont demand\u00e9 \u00e0 avoir acc\u00e8s au document concernant l&rsquo;organisation du travail \u00e0 la maison, je vous en mets donc un exemple:<\/p>\n<p>Tout est susceptible d&rsquo;\u00eatre modifi\u00e9. Tout n&rsquo;est pas n\u00e9cessairement \u00e0 faire chaque semaine.<\/p>\n<table width=\"698\">\n<tbody>\n<tr>\n<td width=\"233\">lundi<\/td>\n<td width=\"233\">mardi<\/td>\n<td width=\"233\">mercredi<\/td>\n<\/tr>\n<tr>\n<td width=\"233\">*Signature des cahiers et classeur<\/p>\n<p>*Lecture (5\/10\u2019)<\/p>\n<p>*Po\u00e9sie (5\/10\u2019)<\/p>\n<p>* Faire un texte avec les mots de la liste copi\u00e9e le vendredi<\/p>\n<p>* Relire le\u00e7on orthographe\/sciences<\/td>\n<td width=\"233\">*Lecture (5\/10\u2019)<\/p>\n<p>*Po\u00e9sie (10\u2019)<\/p>\n<p>* Relire ou apprendre la le\u00e7on d\u2019histoire\/lexique<\/p>\n<p>&nbsp;<\/td>\n<td width=\"233\">*Lecture (5\/10\u2019)<\/p>\n<p>*Po\u00e9sie (10\u2019)<\/p>\n<p>*faire les op\u00e9rations<\/p>\n<p>*relire ou apprendre le\u00e7on<\/p>\n<p>&nbsp;<\/td>\n<\/tr>\n<tr>\n<td width=\"233\">jeudi<\/td>\n<td width=\"233\">vendredi<\/td>\n<td width=\"233\">&nbsp;<\/td>\n<\/tr>\n<tr>\n<td width=\"233\">*Lecture (5\/10\u2019)<\/p>\n<p>*Po\u00e9sie (10\u2019)<\/p>\n<p>*Relire le\u00e7on grammaire\/g\u00e9ographie\/ anglais<\/p>\n<p>&nbsp;<\/td>\n<td width=\"233\">*Lecture (5\/10\u2019)<\/p>\n<p>*Po\u00e9sie (10\u2019)<\/p>\n<p>* relire conjugaison\/sciences<\/td>\n<td width=\"233\">&nbsp;<\/td>\n<\/tr>\n<\/tbody>\n<\/table>\n<p>&nbsp;<\/p>\n","protected":false},"excerpt":{"rendered":"<p>Suite \u00e0 la r\u00e9union de rentr\u00e9e, certains parents ont demand\u00e9 \u00e0 avoir acc\u00e8s au document concernant l&rsquo;organisation du travail \u00e0 la maison, je vous en mets donc un exemple: Tout est susceptible d&rsquo;\u00eatre modifi\u00e9. Tout n&rsquo;est pas n\u00e9cessairement \u00e0 faire &hellip; <a href=\"https:\/\/passerelle2.ac-nantes.fr\/matisse\/cycle-3\/organisation-du-travail-a-la-maison\/\">Continuer la lecture <span class=\"meta-nav\">&rarr;<\/span><\/a><\/p>\n","protected":false},"author":5554,"featured_media":0,"parent":91,"menu_order":0,"comment_status":"closed","ping_status":"closed","template":"","meta":{"ngg_post_thumbnail":0,"h5ap_radio_sources":[],"jetpack_post_was_ever_published":false,"footnotes":""},"folder":[],"class_list":["post-3943","page","type-page","status-publish","hentry"],"jetpack_sharing_enabled":true,"jetpack_shortlink":"https:\/\/wp.me\/P8Njks-11B","_links":{"self":[{"href":"https:\/\/passerelle2.ac-nantes.fr\/matisse\/wp-json\/wp\/v2\/pages\/3943","targetHints":{"allow":["GET"]}}],"collection":[{"href":"https:\/\/passerelle2.ac-nantes.fr\/matisse\/wp-json\/wp\/v2\/pages"}],"about":[{"href":"https:\/\/passerelle2.ac-nantes.fr\/matisse\/wp-json\/wp\/v2\/types\/page"}],"author":[{"embeddable":true,"href":"https:\/\/passerelle2.ac-nantes.fr\/matisse\/wp-json\/wp\/v2\/users\/5554"}],"replies":[{"embeddable":true,"href":"https:\/\/passerelle2.ac-nantes.fr\/matisse\/wp-json\/wp\/v2\/comments?post=3943"}],"version-history":[{"count":0,"href":"https:\/\/passerelle2.ac-nantes.fr\/matisse\/wp-json\/wp\/v2\/pages\/3943\/revisions"}],"up":[{"embeddable":true,"href":"https:\/\/passerelle2.ac-nantes.fr\/matisse\/wp-json\/wp\/v2\/pages\/91"}],"wp:attachment":[{"href":"https:\/\/passerelle2.ac-nantes.fr\/matisse\/wp-json\/wp\/v2\/media?parent=3943"}],"wp:term":[{"taxonomy":"folder","embeddable":true,"href":"https:\/\/passerelle2.ac-nantes.fr\/matisse\/wp-json\/wp\/v2\/folder?post=3943"}],"curies":[{"name":"wp","href":"https:\/\/api.w.org\/{rel}","templated":true}]}}