
{"id":8533,"date":"2024-07-04T17:47:28","date_gmt":"2024-07-04T15:47:28","guid":{"rendered":"https:\/\/passerelle2.ac-nantes.fr\/matisse\/?page_id=8533"},"modified":"2024-07-05T17:13:37","modified_gmt":"2024-07-05T15:13:37","slug":"annee-2024-2025","status":"publish","type":"page","link":"https:\/\/passerelle2.ac-nantes.fr\/matisse\/les-maternelles\/annee-2024-2025\/","title":{"rendered":"ann\u00e9e 2024-2025"},"content":{"rendered":"\n<p><strong>&nbsp;Une nouvelle ann\u00e9e scolaire va commencer le 2\/9\/24 dans notre classe maternelle qui correspond au cycle 1 des apprentissages! dans notre classe il y a:<\/strong><\/p>\n\n\n\n<ul class=\"wp-block-list\">\n<li>la petite section (PS): les enfants n\u00e9s en 2021<\/li>\n\n\n\n<li>la moyenne section (ms): n\u00e9s en 2020<\/li>\n\n\n\n<li>la grande section (gs): n\u00e9s en 2019<\/li>\n\n\n\n<li>des TPS nous rejoindront en cours d ann\u00e9e : n\u00e9s en 2022<\/li>\n<\/ul>\n\n\n\n<p>(le cp-ce1-ce2 correspond au cycle 2, le cm1\/cm2\/6e au cycle 3 et la 5e\/4e\/3e au cycle 4!)<\/p>\n\n\n\n<p>-&gt; Dans notre classe il y a la maitresse Mme Pourcel (fleur), l \u2018atsem (sarah) et l\u2019atsem qui remplace sarah pendant sa pause (christelle). <\/p>\n\n\n\n<p>-&gt; pour toute question n\u2019h\u00e9sitez pas: \u00e0 l accueil, \u00e0 la sortie, dans le cahier, par mail, par t\u00e9l\u00e9phone (de l \u2018\u00e9cole)!<\/p>\n\n\n\n<p>-> ce blog et le padlet\u00a0\u00a0<a href=\"https:\/\/padlet.com\/fleur_pourcel\/projets-et-creations-cycle-1-preval-2024-2025-ojqg2gxge0qoux34\">https:\/\/padlet.com\/fleur_pourcel\/projets-et-creations-cycle-1-preval-2024-2025-ojqg2gxge0qoux34<\/a> sont des interfaces pour faire du lien entre l\u2019\u00e9cole et la maison, pour savoir ce que votre enfant fait \u00e0 l\u2019\u00e9cole, pour l aider \u00e0 vous raconter ses activit\u00e9s, pour \u00e9changer et m\u00e9moriser \u00e9galement!<\/p>\n\n\n\n<p><\/p>\n","protected":false},"excerpt":{"rendered":"<p>&nbsp;Une nouvelle ann\u00e9e scolaire va commencer le 2\/9\/24 dans notre classe maternelle qui correspond au cycle 1 des apprentissages! dans notre classe il y a: (le cp-ce1-ce2 correspond au cycle 2, le cm1\/cm2\/6e au cycle 3 et la 5e\/4e\/3e au &hellip; <a href=\"https:\/\/passerelle2.ac-nantes.fr\/matisse\/les-maternelles\/annee-2024-2025\/\">Continuer la lecture <span class=\"meta-nav\">&rarr;<\/span><\/a><\/p>\n","protected":false},"author":5554,"featured_media":0,"parent":2,"menu_order":0,"comment_status":"closed","ping_status":"closed","template":"","meta":{"ngg_post_thumbnail":0,"h5ap_radio_sources":[],"jetpack_post_was_ever_published":false,"footnotes":""},"folder":[],"class_list":["post-8533","page","type-page","status-publish","hentry"],"jetpack_sharing_enabled":true,"jetpack_shortlink":"https:\/\/wp.me\/P8Njks-2dD","_links":{"self":[{"href":"https:\/\/passerelle2.ac-nantes.fr\/matisse\/wp-json\/wp\/v2\/pages\/8533","targetHints":{"allow":["GET"]}}],"collection":[{"href":"https:\/\/passerelle2.ac-nantes.fr\/matisse\/wp-json\/wp\/v2\/pages"}],"about":[{"href":"https:\/\/passerelle2.ac-nantes.fr\/matisse\/wp-json\/wp\/v2\/types\/page"}],"author":[{"embeddable":true,"href":"https:\/\/passerelle2.ac-nantes.fr\/matisse\/wp-json\/wp\/v2\/users\/5554"}],"replies":[{"embeddable":true,"href":"https:\/\/passerelle2.ac-nantes.fr\/matisse\/wp-json\/wp\/v2\/comments?post=8533"}],"version-history":[{"count":0,"href":"https:\/\/passerelle2.ac-nantes.fr\/matisse\/wp-json\/wp\/v2\/pages\/8533\/revisions"}],"up":[{"embeddable":true,"href":"https:\/\/passerelle2.ac-nantes.fr\/matisse\/wp-json\/wp\/v2\/pages\/2"}],"wp:attachment":[{"href":"https:\/\/passerelle2.ac-nantes.fr\/matisse\/wp-json\/wp\/v2\/media?parent=8533"}],"wp:term":[{"taxonomy":"folder","embeddable":true,"href":"https:\/\/passerelle2.ac-nantes.fr\/matisse\/wp-json\/wp\/v2\/folder?post=8533"}],"curies":[{"name":"wp","href":"https:\/\/api.w.org\/{rel}","templated":true}]}}