
{"id":8553,"date":"2024-07-05T16:51:12","date_gmt":"2024-07-05T14:51:12","guid":{"rendered":"https:\/\/passerelle2.ac-nantes.fr\/matisse\/?page_id=8553"},"modified":"2025-06-27T16:56:02","modified_gmt":"2025-06-27T14:56:02","slug":"animations","status":"publish","type":"page","link":"https:\/\/passerelle2.ac-nantes.fr\/matisse\/les-maternelles\/annee-2024-2025\/animations\/","title":{"rendered":"RESUME DE LA SEMAINE"},"content":{"rendered":"\n<p>SEMAINE 1: <\/p>\n\n\n\n<p>il y aura une r\u00e9union avec les parents le 20 septembre.<br>il y aura une alerte incendie.<br>c&rsquo;\u00e9tait la rentr\u00e9e des classes! les tout petits sont devenus petits, les moyens sont devenus grands, les petits sont devenus moyens.<\/p>\n\n\n\n<p>SEMAINE 2:<\/p>\n\n\n\n<p>on a fait des nouveaux cahiers.<br>il y aura une r\u00e9union dans 7 jours.<br>on travaille sur les v\u00eatements et les mati\u00e8res.<br>on a l&rsquo;automne qui arrive.<\/p>\n\n\n\n<p>SEMAINE 3:<\/p>\n\n\n\n<p>c&rsquo;est bient\u00f4t l&rsquo;anniversaire d&rsquo;ad\u00e8le.<br>aujourd&rsquo;hui c&rsquo;est la r\u00e9union des parents.<br>on va en for\u00eat vendredi prochain avec des bottes.<br>c&rsquo;est l&rsquo;automne dimanche.<\/p>\n\n\n\n<p>SEMAINE 4:<\/p>\n\n\n\n<p>on a \u00e9t\u00e9 en for\u00eat.<br>mercredi on va f\u00eater l&rsquo;anniversaire de Ad\u00e8le.<br>on va changer de mois.<br>on a ramass\u00e9 des limaces dans la for\u00eat.<br>on a mis des escargots dans un vivarium.<br>on a ramass\u00e9 une coccinelle,des branches avec de la mousse,une araign\u00e9e, un ver de terre, des noisettes, des glands, des chataignes et des feuilles.<br>il y a des grands cp et ce1 aujourd&rsquo;hui avec nous.<\/p>\n\n\n\n<p>SEMAINE 5:<\/p>\n\n\n\n<p>c&rsquo;est bient\u00f4t la photo de classe.<br>on a fait l&rsquo;anniversaire de Ad\u00e8le.<br>on travaille sur un nouveau projet.<br>on a ramass\u00e9 des limaces.<br>on travaille sur la for\u00eat.<br>les escargots ont mang\u00e9 la salade, les feuilles, les pissenlits et la courgette.<br>on a des nouvelles po\u00e9sies.<\/p>\n\n\n\n<p>SEMAINE 6:<\/p>\n\n\n\n<p>on va emmener la fleur de vocabulaire chez les grands.<br>on a \u00e9t\u00e9 dans la for\u00eat 2 jours.<br>mercredi on va faire les photos de classe.<br>c&rsquo;est bient\u00f4t les vacances, dans une semaine.<br>on a fait des lions avec des feuilles.<\/p>\n\n\n\n<p>semaine 7:<\/p>\n\n\n\n<p>c&rsquo;est bient\u00f4t les vacances.<br>on va ramener un grand sac avec les cahiers dedans.<br>on a fait du land art, on a fait des rythmes, on a fait des Arcimboldos, on a fait les photos de classe.<br>on apprend \u00e0 \u00eatre en \u00e9quipe.<br>apr\u00e8s les vacances, il y aura les photos de no\u00ebl.<\/p>\n\n\n\n<p>SEMAINE 8:<\/p>\n\n\n\n<p>on a une ceremonie \u00e0 PARIS parce que on a gagn\u00e9 un prix de l&rsquo;Acad\u00e9mie des sciences.<br>on a eu des hamsters qui s&rsquo;appellent Stella et Billy.<br>le 11 novembre, il y aura une c\u00e9r\u00e9monie.<br>on fait des tests alimentaires avec les hamsters.<br>on a commenc\u00e9 un nouveau projet.<\/p>\n\n\n\n<p>SEMAINE 9:<\/p>\n\n\n\n<p>c&rsquo;est bient\u00f4t l&rsquo;anniversaire de \u00e9l\u00e9onore, jeanne et andr\u00e9a.<br>on a invit\u00e9 les parents \u00e0 faire des cr\u00eapes.<br>les grandes sections vont aller \u00e0 paris parce qu&rsquo;on a gagn\u00e9 un prix.<br>on a invent\u00e9 une histoire sur billy et stella.<\/p>\n\n\n\n<p>SEMAINE 10:<\/p>\n\n\n\n<p>c&rsquo;est bient\u00f4t le jour o\u00f9 on cuisine des cr\u00eapes.<br>c&rsquo;est bient\u00f4t les anniversaires de \u00e9l\u00e9onore, jeanne et andr\u00e9a.<br>il a neig\u00e9!<br>on va bient\u00f4t changer de calendrier.<\/p>\n\n\n\n<p>SEMAINE 11:<\/p>\n\n\n\n<p>on a fait l anniversaire d&rsquo;\u00e9l\u00e9onore et de jeanne.<br>on va changer de calendrier.<br>on a mang\u00e9 des cr\u00eapes!<br>on a fini le livre de billy et stella.<\/p>\n\n\n\n<p>SEMAINE 12:<\/p>\n\n\n\n<p>on va \u00e0 la m\u00e9diath\u00e8que jeudi.<br>on a des nouvelles po\u00e9sies.<br>on va faire l&rsquo;anniversaire de Ma\u00ebl vendredi.<br>c&rsquo;est bient\u00f4t le march\u00e9 de No\u00ebl!<br>on travaille sur un nouveau projet: la lumi\u00e8re et les ombres.<br>on a fait des boules \u00e0 neige.<\/p>\n\n\n\n<p>SEMAINE 13:<\/p>\n\n\n\n<p>c&rsquo;est bient\u00f4t no\u00ebl!<br>ce soir c&rsquo;est le march\u00e9 de no\u00ebl.<br>on a fait l&rsquo;anniversaire de ma\u00ebl.<br>c&rsquo;est bient\u00f4t le go\u00fbter de no\u00ebl.<br>c&rsquo;est bient\u00f4t les vacances.<br>on a \u00e9t\u00e9 \u00e0 la m\u00e9diath\u00e8que.<\/p>\n\n\n\n<p>SEMAINE 14:<\/p>\n\n\n\n<p>il y a le go\u00fbter de no\u00ebl aujourd&rsquo;hui.<br>c&rsquo;est les vacances.<br>c&rsquo;est bient\u00f4t no\u00ebl!<br>hier, on avait fait le repas de no\u00ebl.<br>samedi c&rsquo;est l&rsquo;hiver.<br>Hana\u00eb va partir parce qu&rsquo;elle d\u00e9m\u00e9nage.<br>on va changer de saison, d&rsquo;ann\u00e9e, de mois!<\/p>\n\n\n\n<p>SEMAINE 15:<\/p>\n\n\n\n<p>c&rsquo;est bient\u00f4t l&rsquo;anniversaire de Gabriel et de Rafael.<br>vendredi on \u00e9tait parti au cin\u00e9ma!<br>les grands vont bient\u00f4t faire leur visite m\u00e9dicale.<br>on fabrique la maison de bois, la maison de paille et de briques des petits cochons.<br>on a chang\u00e9 d&rsquo;ann\u00e9e, de mois et de saison!<\/p>\n\n\n\n<p>SEMAINE 16:<\/p>\n\n\n\n<p>on va bient\u00f4t emmener la bo\u00eete des trois petits cochons.<br>c&rsquo;est bient\u00f4t l&rsquo;anniversaire de hana\u00eb.<br>les grands vont bient\u00f4t \u00e0 Paris.<br>on a fabriqu\u00e9 les maisons des trois petits cochons.<br>on a \u00e9t\u00e9 au cin\u00e9ma.<br>on a fait les anniversaires de rafael et gabriel.<\/p>\n\n\n\n<p>SEMAINE 17:<\/p>\n\n\n\n<p>les grands vont aller \u00e0 Paris.<br>jao va arriver lundi en grande section.<br>c&rsquo;est bient\u00f4t l&rsquo;anniversaire de Hana\u00eb.<br>on va bient\u00f4t changer de mois.<br>on va bient\u00f4t changer de projet.<\/p>\n\n\n\n<p>SEMAINE 18:<\/p>\n\n\n\n<p>les grands ont \u00e9t\u00e9 \u00e0 PARIS en train!<br>c &lsquo;est bient\u00f4t l&rsquo;anniversaire de maddy.<br>c&rsquo;est bient\u00f4t les vacances.<br>on va changer de mois.<br>on travaille sur l&rsquo;air.<br>on fabrique des cerfs volants, des moulins \u00e0 vents et un \u00e9ventail.<\/p>\n\n\n\n<p>SEMAINE 19:<\/p>\n\n\n\n<p>ce soir ce sont les vacances.<br>\u00e0 la rentr\u00e9e des vacances, ce sera l&rsquo;anniversaire de Maddy et Tessalia.<br>Billy et Stella sont partis en vacances!<br>on a fait des moulins \u00e0 vent, des \u00e9ventails, des cerfs volants.<\/p>\n\n\n\n<p>SEMAINE 20:<\/p>\n\n\n\n<p>samedi, on passe au mois de mars et c&rsquo;est la soir\u00e9e carnaval.<br>mercredi on va se d\u00e9guiser!<br>on travaille sur boucle d&rsquo;or et les 3 ours.<br>on va faire une mise en sc\u00e8ne sur boucle d&rsquo;or et les 3 ours.<br>on fait la maison en graphisme des ours.<br>on a compar\u00e9 les deux histoires: boucle d&rsquo;or et la revanche des 3 ours.<\/p>\n\n\n\n<p>SEMAINE 21:<\/p>\n\n\n\n<p>on a fait une alarme incendie.<br>on a fait la journ\u00e9e d\u00e9guis\u00e9e mercredi.<br>on travaille sur boucle d&rsquo;or et les 3 ours.<br>c &lsquo;est bient\u00f4t le printemps.<br>nous cr\u00e9ons un livre sur boucle violette et les trois loups.<\/p>\n\n\n\n<p>semaine 22:<\/p>\n\n\n\n<p>c&rsquo;est bient\u00f4t l&rsquo;anniversaire de willian.<br>c&rsquo;est bient\u00f4t le printemps.<br>lundi on commence un nouveau projet.<br>on a fait une mise en sc\u00e8ne et une histoire.<br>on a emmen\u00e9 une fleur de vocabulaire aux grands.<br>on emm\u00e8ne les cahiers de projets.<\/p>\n\n\n\n<p>Semaine 23<\/p>\n\n\n\n<p>On a fait l&rsquo;anniversaire de willian.<br>c&rsquo;est le printemps.<br>des personnes sont venues visiter et observer la classe.<br>on travaille sur Pierre et le loup, on va faire une mise en sc\u00e8ne musicale.<br>on a eu des b\u00e9b\u00e9s hamsters.<\/p>\n\n\n\n<p>Semaine 24<\/p>\n\n\n\n<p>c&rsquo;est bient\u00f4t les vacances.<br>le premier avril c&rsquo;est le poisson d&rsquo;avril!<br>on va bient\u00f4t changer de mois.<br>on a pris le bus pour aller \u00e0 la laverie.<br>on a peint nos tambours.<br>on a travaill\u00e9 l&rsquo;\u00e9quilibre.<br>on a fait du graphisme dans la tristesse du roi.<br>nous allons faire nos maracas.<br>nous travaillons sur le projet \u00ab\u00a0pierre et le loup\u00a0\u00bb et la musique.<br>nous avons fait la mise en sc\u00e8ne.<\/p>\n\n\n\n<p>SEMAINE 25<\/p>\n\n\n\n<p>on emm\u00e8ne les maracas et les masques.<br>c&rsquo;est les vacances et ce sera P\u00e2ques!<br>on a emmen\u00e9 les tambours.<br>on a fait la mise en sc\u00e8ne de Pierre et le loup.<br>on a fait des boutons pour la blague du poisson d&rsquo;avril.<br>nous avons fini le livre des instruments.<br>les b\u00e9b\u00e9s hamsters sont partis faire leur nid car ils sont sevr\u00e9s.<\/p>\n\n\n\n<p>SEMAINE 26<\/p>\n\n\n\n<p>c&rsquo;\u00e9tait l&rsquo;anniversaire de ma\u00efa et jao.<br>on va avoir des poussins de poule et de caille!<br>on a une nouvelle couveuse.<br>jeudi il n&rsquo;y a pas d&rsquo;\u00e9cole.<br>on a fait nos poules de eva crawford.<br>il va y avoir des toutes petites sections.<br>le dentiste va venir en classe.<\/p>\n\n\n\n<p>SEMAINE 27<\/p>\n\n\n\n<p>Le dentiste viendra jeudi \u00e0 l&rsquo;\u00e9cole.<br>on a mir\u00e9 les oeufs!<br>bient\u00f4t les poussins vont \u00e9clore!<br>c&rsquo;est bient\u00f4t la f\u00eate des m\u00e8res.<br>aujourd&rsquo;hui on a fait pique-nique.<br>on a une po\u00e9sie avec des poules.<\/p>\n\n\n\n<p>SEMAINE 28:<\/p>\n\n\n\n<p>une caille a \u00e9clos.<br>demain, on r\u00e9pare l&rsquo;\u00e9cole!<br>on a fait les poules de Chagall.<br>on attend les poussins de poule pour lundi!<br>c&rsquo;est bient\u00f4t la f\u00eate des m\u00e8res.<br>bient\u00f4t on va changer de projet.<br>on va faire un exercice incendie.<br>le dentiste est venu dans la classe pour nous dire comment bien prendre soin de ses dents.<br>il nous a donn\u00e9 un petit dentifrice.<\/p>\n\n\n\n<p>SEMAINE 29<\/p>\n\n\n\n<p>c&rsquo;est bient\u00f4t la f\u00eate des m\u00e8res!<br>on emm\u00e8ne les cadeaux!<br>on a fait l&rsquo;anniversaire de aubane!<br>jeudi et vendredi il n&rsquo;y aura pas d&rsquo;\u00e9cole.<br>dans une semaine on va changer de mois.<br>on a eu 6 b\u00e9b\u00e9s hamsters.<br>on a eu 1 poussin et 2 cailles, ils vont \u00eatre adopt\u00e9s par une poule qui couve.<br>on a \u00e9t\u00e9 voir les poules du papi de maddy!<br>la caille a des plumes qui poussent sur les ailes.<\/p>\n\n\n\n<p>SEMAINE 30 et 31<\/p>\n\n\n\n<p>la f\u00eate de l&rsquo;\u00e9cole c&rsquo;est dimanche!<br>bient\u00f4t il va y avoir une nouvelle \u00e9l\u00e8ve qui s&rsquo;appelle Alana!<br>on a fait l&rsquo;anniversaire de Emma.<br>samedi c&rsquo;est l&rsquo;\u00e9t\u00e9 et la f\u00eate de la musique.<br>on a des cadeaux du chateau de Versailles parce qu&rsquo;on y est all\u00e9!<br>c&rsquo;est le chateau du roi soleil!<br>on a plant\u00e9 des graines de l\u00e9gumes, de fleurs et de fruits.<\/p>\n\n\n\n<p>SEMAINE 32<\/p>\n\n\n\n<p>on a fait les chateaux.<br>on va bient\u00f4t changer de mois.<br>dans une semaine ce seront les vacances!<br>on a parl\u00e9 de la s\u00e9paration.<br>on a fait la f\u00eate de l&rsquo;\u00e9cole.<br>on a plant\u00e9 dans un petit pot des graines de radis.<\/p>\n\n\n\n<p><\/p>\n","protected":false},"excerpt":{"rendered":"<p>SEMAINE 1: il y aura une r\u00e9union avec les parents le 20 septembre.il y aura une alerte incendie.c&rsquo;\u00e9tait la rentr\u00e9e des classes! les tout petits sont devenus petits, les moyens sont devenus grands, les petits sont devenus moyens. SEMAINE 2: &hellip; <a href=\"https:\/\/passerelle2.ac-nantes.fr\/matisse\/les-maternelles\/annee-2024-2025\/animations\/\">Continuer la lecture <span class=\"meta-nav\">&rarr;<\/span><\/a><\/p>\n","protected":false},"author":5554,"featured_media":0,"parent":8533,"menu_order":0,"comment_status":"closed","ping_status":"closed","template":"","meta":{"ngg_post_thumbnail":0,"h5ap_radio_sources":[],"jetpack_post_was_ever_published":false,"footnotes":""},"folder":[],"class_list":["post-8553","page","type-page","status-publish","hentry"],"jetpack_sharing_enabled":true,"jetpack_shortlink":"https:\/\/wp.me\/P8Njks-2dX","_links":{"self":[{"href":"https:\/\/passerelle2.ac-nantes.fr\/matisse\/wp-json\/wp\/v2\/pages\/8553","targetHints":{"allow":["GET"]}}],"collection":[{"href":"https:\/\/passerelle2.ac-nantes.fr\/matisse\/wp-json\/wp\/v2\/pages"}],"about":[{"href":"https:\/\/passerelle2.ac-nantes.fr\/matisse\/wp-json\/wp\/v2\/types\/page"}],"author":[{"embeddable":true,"href":"https:\/\/passerelle2.ac-nantes.fr\/matisse\/wp-json\/wp\/v2\/users\/5554"}],"replies":[{"embeddable":true,"href":"https:\/\/passerelle2.ac-nantes.fr\/matisse\/wp-json\/wp\/v2\/comments?post=8553"}],"version-history":[{"count":0,"href":"https:\/\/passerelle2.ac-nantes.fr\/matisse\/wp-json\/wp\/v2\/pages\/8553\/revisions"}],"up":[{"embeddable":true,"href":"https:\/\/passerelle2.ac-nantes.fr\/matisse\/wp-json\/wp\/v2\/pages\/8533"}],"wp:attachment":[{"href":"https:\/\/passerelle2.ac-nantes.fr\/matisse\/wp-json\/wp\/v2\/media?parent=8553"}],"wp:term":[{"taxonomy":"folder","embeddable":true,"href":"https:\/\/passerelle2.ac-nantes.fr\/matisse\/wp-json\/wp\/v2\/folder?post=8553"}],"curies":[{"name":"wp","href":"https:\/\/api.w.org\/{rel}","templated":true}]}}