
{"id":8584,"date":"2024-09-06T12:50:33","date_gmt":"2024-09-06T10:50:33","guid":{"rendered":"https:\/\/passerelle2.ac-nantes.fr\/matisse\/?page_id=8584"},"modified":"2024-09-06T12:50:33","modified_gmt":"2024-09-06T10:50:33","slug":"reunion-de-rentree-le-20-9-24","status":"publish","type":"page","link":"https:\/\/passerelle2.ac-nantes.fr\/matisse\/les-maternelles\/annee-2024-2025\/dates-et-animations\/reunion-de-rentree-le-20-9-24\/","title":{"rendered":"r\u00e9union de rentr\u00e9e le 20\/9\/24"},"content":{"rendered":"\n<p><strong>R\u00e9union de rentr\u00e9e<\/strong>.<\/p>\n\n\n\n<p>Je vous invite \u00e0 une r\u00e9union de rentr\u00e9e dans la classe maternelle le <strong>2<\/strong><strong>0<\/strong><strong>\/9\/2<\/strong><strong>4<\/strong>afin d\u2019\u00e9changer ensemble sur la vie scolaire de vos enfants. Cette ann\u00e9e je vous propose une r\u00e9union en 2 temps et vous serez ainsi libres de venir au moment qui vous int\u00e9resse, sur les 2 temps ou 1 seul&nbsp;:<\/p>\n\n\n\n<p>&#8211; un temps<strong> portes ouvertes de 16h \u00e0 18h <\/strong>pendant lequel vous pourrez visiter la classe, voir le mat\u00e9riel, poser vos questions individuelles.<\/p>\n\n\n\n<p>&#8211; un temps de <strong>r\u00e9union collectif de 18h \u00e0 19h<\/strong> pendant lequel je vous pr\u00e9senterai l\u2019ann\u00e9e scolaire.<\/p>\n\n\n\n<p>Je vous remercie de me noter ci dessous si vous serez pr\u00e9sents, votre pr\u00e9sence \u00e9tant tr\u00e8s souhaitable. Je vous remercie. Mme pourcel<\/p>\n","protected":false},"excerpt":{"rendered":"<p>R\u00e9union de rentr\u00e9e. Je vous invite \u00e0 une r\u00e9union de rentr\u00e9e dans la classe maternelle le 20\/9\/24afin d\u2019\u00e9changer ensemble sur la vie scolaire de vos enfants. Cette ann\u00e9e je vous propose une r\u00e9union en 2 temps et vous serez ainsi &hellip; <a href=\"https:\/\/passerelle2.ac-nantes.fr\/matisse\/les-maternelles\/annee-2024-2025\/dates-et-animations\/reunion-de-rentree-le-20-9-24\/\">Continuer la lecture <span class=\"meta-nav\">&rarr;<\/span><\/a><\/p>\n","protected":false},"author":5554,"featured_media":0,"parent":8552,"menu_order":0,"comment_status":"closed","ping_status":"closed","template":"","meta":{"ngg_post_thumbnail":0,"h5ap_radio_sources":[],"jetpack_post_was_ever_published":false,"footnotes":""},"folder":[],"class_list":["post-8584","page","type-page","status-publish","hentry"],"jetpack_sharing_enabled":true,"jetpack_shortlink":"https:\/\/wp.me\/P8Njks-2es","_links":{"self":[{"href":"https:\/\/passerelle2.ac-nantes.fr\/matisse\/wp-json\/wp\/v2\/pages\/8584","targetHints":{"allow":["GET"]}}],"collection":[{"href":"https:\/\/passerelle2.ac-nantes.fr\/matisse\/wp-json\/wp\/v2\/pages"}],"about":[{"href":"https:\/\/passerelle2.ac-nantes.fr\/matisse\/wp-json\/wp\/v2\/types\/page"}],"author":[{"embeddable":true,"href":"https:\/\/passerelle2.ac-nantes.fr\/matisse\/wp-json\/wp\/v2\/users\/5554"}],"replies":[{"embeddable":true,"href":"https:\/\/passerelle2.ac-nantes.fr\/matisse\/wp-json\/wp\/v2\/comments?post=8584"}],"version-history":[{"count":0,"href":"https:\/\/passerelle2.ac-nantes.fr\/matisse\/wp-json\/wp\/v2\/pages\/8584\/revisions"}],"up":[{"embeddable":true,"href":"https:\/\/passerelle2.ac-nantes.fr\/matisse\/wp-json\/wp\/v2\/pages\/8552"}],"wp:attachment":[{"href":"https:\/\/passerelle2.ac-nantes.fr\/matisse\/wp-json\/wp\/v2\/media?parent=8584"}],"wp:term":[{"taxonomy":"folder","embeddable":true,"href":"https:\/\/passerelle2.ac-nantes.fr\/matisse\/wp-json\/wp\/v2\/folder?post=8584"}],"curies":[{"name":"wp","href":"https:\/\/api.w.org\/{rel}","templated":true}]}}