
{"id":8651,"date":"2025-01-24T16:54:59","date_gmt":"2025-01-24T15:54:59","guid":{"rendered":"https:\/\/passerelle2.ac-nantes.fr\/matisse\/?page_id=8651"},"modified":"2025-02-05T12:32:49","modified_gmt":"2025-02-05T11:32:49","slug":"projet-6","status":"publish","type":"page","link":"https:\/\/passerelle2.ac-nantes.fr\/matisse\/les-maternelles\/annee-2024-2025\/projet-6\/","title":{"rendered":"PROJET 6"},"content":{"rendered":"\n<h1 class=\"wp-block-heading\"><\/h1>\n\n\n\n<p class=\"has-background\" style=\"background:linear-gradient(135deg,rgb(243,247,27) 0%,rgb(0,208,130) 100%)\"><strong>Ce 6eme petit  projet va nous permettre d\u2019explorer l\u2019\u00e9l\u00e9ment \u00ab&nbsp;air&nbsp;\u00bb.En effet nous allons mener des recherches, des essais et des comparaisons avec des objets qui produisent de l\u2019air ou bien fonctionnent grace \u00e0 l\u2019air. Nous chercherons l\u2019air dans la nature et son utilit\u00e9. Nous cr\u00e9erons en arts visuels et sonores grace et avec de l\u2019air, nous ferons des jeux dans lesquels l\u2019air est une variable et nous utiliserons des instruments \u00e0 vent. Enfin nous fabriquerons des objets qui font de l\u2019air ou fonctionnent avec celui-ci et nous les ram\u00e8nerons \u00e0 la maison !<\/strong><\/p>\n\n\n\n<p><\/p>\n\n\n\n<p><\/p>\n\n\n\n<ul class=\"wp-block-list\">\n<li><strong>LITTERATURE:<\/strong><\/li>\n<\/ul>\n\n\n\n<figure class=\"wp-block-image\"><img loading=\"lazy\" decoding=\"async\" width=\"400\" height=\"534\" src=\"https:\/\/passerelle2.ac-nantes.fr\/matisse\/wp-content\/uploads\/sites\/311\/2022\/11\/couv.jpg\" alt=\"\" class=\"wp-image-7332\" srcset=\"https:\/\/passerelle2.ac-nantes.fr\/matisse\/wp-content\/uploads\/sites\/311\/2022\/11\/couv.jpg 400w, https:\/\/passerelle2.ac-nantes.fr\/matisse\/wp-content\/uploads\/sites\/311\/2022\/11\/couv-225x300.jpg 225w\" sizes=\"auto, (max-width: 400px) 100vw, 400px\" \/><\/figure>\n\n\n\n<p>-compr\u00e9hension et lien avec l\u2019air<\/p>\n\n\n\n<p>-l\u2019air repr\u00e9sent\u00e9 dans les albums jeunesse<\/p>\n\n\n\n<p>-vocabulaire<\/p>\n\n\n\n<ul class=\"wp-block-list\">\n<li><strong>ARTS VISUELS:<\/strong><\/li>\n<\/ul>\n\n\n\n<figure class=\"wp-block-image\"><img loading=\"lazy\" decoding=\"async\" width=\"561\" height=\"600\" src=\"https:\/\/passerelle2.ac-nantes.fr\/matisse\/wp-content\/uploads\/sites\/311\/2022\/11\/cersier2.jpg\" alt=\"\" class=\"wp-image-7333\" srcset=\"https:\/\/passerelle2.ac-nantes.fr\/matisse\/wp-content\/uploads\/sites\/311\/2022\/11\/cersier2.jpg 561w, https:\/\/passerelle2.ac-nantes.fr\/matisse\/wp-content\/uploads\/sites\/311\/2022\/11\/cersier2-281x300.jpg 281w\" sizes=\"auto, (max-width: 561px) 100vw, 561px\" \/><figcaption class=\"wp-element-caption\">sakura: cerisier en fleur avec encre souffl\u00e9e pour les branches<\/figcaption><\/figure>\n\n\n\n<p>-sakura individuel<\/p>\n\n\n\n<figure class=\"wp-block-image size-full\"><img loading=\"lazy\" decoding=\"async\" width=\"800\" height=\"600\" src=\"https:\/\/passerelle2.ac-nantes.fr\/matisse\/wp-content\/uploads\/sites\/311\/2025\/02\/DSCN7418.jpg\" alt=\"\" class=\"wp-image-8939\" srcset=\"https:\/\/passerelle2.ac-nantes.fr\/matisse\/wp-content\/uploads\/sites\/311\/2025\/02\/DSCN7418.jpg 800w, https:\/\/passerelle2.ac-nantes.fr\/matisse\/wp-content\/uploads\/sites\/311\/2025\/02\/DSCN7418-300x225.jpg 300w, https:\/\/passerelle2.ac-nantes.fr\/matisse\/wp-content\/uploads\/sites\/311\/2025\/02\/DSCN7418-768x576.jpg 768w\" sizes=\"auto, (max-width: 800px) 100vw, 800px\" \/><\/figure>\n\n\n\n<p>-fabrication d\u2019objets li\u00e9s \u00e0 l\u2019air\u2026<\/p>\n\n\n\n<ul class=\"wp-block-list\">\n<li><strong>ARTS SONORES:<\/strong><\/li>\n<\/ul>\n\n\n\n<p>-po\u00e9sie<\/p>\n\n\n\n<figure class=\"wp-block-image\"><img loading=\"lazy\" decoding=\"async\" width=\"552\" height=\"520\" src=\"https:\/\/passerelle2.ac-nantes.fr\/matisse\/wp-content\/uploads\/sites\/311\/2022\/11\/mr-le-vent.jpg\" alt=\"\" class=\"wp-image-7334\" srcset=\"https:\/\/passerelle2.ac-nantes.fr\/matisse\/wp-content\/uploads\/sites\/311\/2022\/11\/mr-le-vent.jpg 552w, https:\/\/passerelle2.ac-nantes.fr\/matisse\/wp-content\/uploads\/sites\/311\/2022\/11\/mr-le-vent-300x283.jpg 300w\" sizes=\"auto, (max-width: 552px) 100vw, 552px\" \/><\/figure>\n\n\n\n<p>-chanson:<a href=\"https:\/\/www.youtube.com\/watch?v=Xi6Hwl6RjjE\">https:\/\/www.youtube.com\/watch?v=Xi6Hwl6RjjE<\/a><\/p>\n\n\n\n<figure class=\"wp-block-image size-full\"><img loading=\"lazy\" decoding=\"async\" width=\"940\" height=\"529\" src=\"https:\/\/passerelle2.ac-nantes.fr\/matisse\/wp-content\/uploads\/sites\/311\/2024\/10\/maxresdefault.jpg\" alt=\"\" class=\"wp-image-8652\" srcset=\"https:\/\/passerelle2.ac-nantes.fr\/matisse\/wp-content\/uploads\/sites\/311\/2024\/10\/maxresdefault.jpg 940w, https:\/\/passerelle2.ac-nantes.fr\/matisse\/wp-content\/uploads\/sites\/311\/2024\/10\/maxresdefault-300x169.jpg 300w, https:\/\/passerelle2.ac-nantes.fr\/matisse\/wp-content\/uploads\/sites\/311\/2024\/10\/maxresdefault-768x432.jpg 768w\" sizes=\"auto, (max-width: 940px) 100vw, 940px\" \/><\/figure>\n\n\n\n<figure class=\"wp-block-image size-full\"><img loading=\"lazy\" decoding=\"async\" width=\"299\" height=\"409\" src=\"https:\/\/passerelle2.ac-nantes.fr\/matisse\/wp-content\/uploads\/sites\/311\/2024\/10\/048952954327f433f16bbe3404f56fa9.jpg\" alt=\"\" class=\"wp-image-8653\" srcset=\"https:\/\/passerelle2.ac-nantes.fr\/matisse\/wp-content\/uploads\/sites\/311\/2024\/10\/048952954327f433f16bbe3404f56fa9.jpg 299w, https:\/\/passerelle2.ac-nantes.fr\/matisse\/wp-content\/uploads\/sites\/311\/2024\/10\/048952954327f433f16bbe3404f56fa9-219x300.jpg 219w\" sizes=\"auto, (max-width: 299px) 100vw, 299px\" \/><\/figure>\n\n\n\n<p>lien: <a href=\"https:\/\/www.youtube.com\/watch?v=2GDTx1bLCGQ\">https:\/\/www.youtube.com\/watch?v=2GDTx1bLCGQ<\/a><\/p>\n\n\n\n<p>-lotos sonores li\u00e9s \u00e0 l\u2019air<\/p>\n\n\n\n<p>-les instruments \u00e0 vent<\/p>\n\n\n\n<ul class=\"wp-block-list\">\n<li><strong>EXPLORATION DU MONDE:<\/strong><\/li>\n<\/ul>\n\n\n\n<p>-qu\u2019est ce que l\u2019air?<\/p>\n\n\n\n<p>-&gt; id\u00e9es: une tondeuse, de l herbe, du vent, un moulin \u00e0 vent, un ventilateur, un lapin, papa, un h\u00e9licopt\u00e8re, un \u00e9ventail, un \u00e9pouvantail, des feuilles qui s envolent<\/p>\n\n\n\n<p>-&gt;diff\u00e9rentes activit\u00e9s li\u00e9es \u00e0 l \u2018air vont permettre de comprendre ce qu\u2019est cet \u00e9l\u00e9ment<\/p>\n\n\n\n<figure class=\"wp-block-image size-full\"><img loading=\"lazy\" decoding=\"async\" width=\"451\" height=\"538\" src=\"https:\/\/passerelle2.ac-nantes.fr\/matisse\/wp-content\/uploads\/sites\/311\/2025\/01\/SharedScreenshot2.jpg\" alt=\"\" class=\"wp-image-8906\" srcset=\"https:\/\/passerelle2.ac-nantes.fr\/matisse\/wp-content\/uploads\/sites\/311\/2025\/01\/SharedScreenshot2.jpg 451w, https:\/\/passerelle2.ac-nantes.fr\/matisse\/wp-content\/uploads\/sites\/311\/2025\/01\/SharedScreenshot2-251x300.jpg 251w\" sizes=\"auto, (max-width: 451px) 100vw, 451px\" \/><\/figure>\n\n\n\n<p>-quels&nbsp;<mark>objets font de l\u2019air<\/mark>&nbsp;et quels&nbsp;<mark>objets fonctionnent avec l\u2019air?<\/mark><\/p>\n\n\n\n<p>-&gt; id\u00e9es: <\/p>\n\n\n\n<div class=\"wp-block-jetpack-tiled-gallery aligncenter is-style-rectangular\"><div class=\"\"><div class=\"tiled-gallery__gallery\"><div class=\"tiled-gallery__row\"><div class=\"tiled-gallery__col\" style=\"flex-basis:46.86550%\"><figure class=\"tiled-gallery__item\"><img decoding=\"async\" srcset=\"https:\/\/i0.wp.com\/passerelle2.ac-nantes.fr\/matisse\/wp-content\/uploads\/sites\/311\/2025\/01\/DSCN7405.jpg?strip=info&#038;w=600&#038;ssl=1 600w,https:\/\/i0.wp.com\/passerelle2.ac-nantes.fr\/matisse\/wp-content\/uploads\/sites\/311\/2025\/01\/DSCN7405.jpg?strip=info&#038;w=800&#038;ssl=1 800w\" alt=\"\" data-height=\"600\" data-id=\"8915\" data-link=\"https:\/\/passerelle2.ac-nantes.fr\/matisse\/les-maternelles\/annee-2024-2025\/projet-6\/dscn7405\/\" data-url=\"https:\/\/passerelle2.ac-nantes.fr\/matisse\/wp-content\/uploads\/sites\/311\/2025\/01\/DSCN7405.jpg\" data-width=\"800\" src=\"https:\/\/i0.wp.com\/passerelle2.ac-nantes.fr\/matisse\/wp-content\/uploads\/sites\/311\/2025\/01\/DSCN7405.jpg?ssl=1\" data-amp-layout=\"responsive\" tabindex=\"0\" role=\"button\" aria-label=\"Ouvrir l\u2019image 1 sur 3 en plein \u00e9cran\"\/><\/figure><figure class=\"tiled-gallery__item\"><img decoding=\"async\" srcset=\"https:\/\/i0.wp.com\/passerelle2.ac-nantes.fr\/matisse\/wp-content\/uploads\/sites\/311\/2025\/01\/DSCN7406.jpg?strip=info&#038;w=600&#038;ssl=1 600w,https:\/\/i0.wp.com\/passerelle2.ac-nantes.fr\/matisse\/wp-content\/uploads\/sites\/311\/2025\/01\/DSCN7406.jpg?strip=info&#038;w=800&#038;ssl=1 800w\" alt=\"\" data-height=\"600\" data-id=\"8914\" data-link=\"https:\/\/passerelle2.ac-nantes.fr\/matisse\/les-maternelles\/annee-2024-2025\/projet-6\/dscn7406\/\" data-url=\"https:\/\/passerelle2.ac-nantes.fr\/matisse\/wp-content\/uploads\/sites\/311\/2025\/01\/DSCN7406.jpg\" data-width=\"800\" src=\"https:\/\/i0.wp.com\/passerelle2.ac-nantes.fr\/matisse\/wp-content\/uploads\/sites\/311\/2025\/01\/DSCN7406.jpg?ssl=1\" data-amp-layout=\"responsive\" tabindex=\"0\" role=\"button\" aria-label=\"Ouvrir l\u2019image 2 sur 3 en plein \u00e9cran\"\/><\/figure><\/div><div class=\"tiled-gallery__col\" style=\"flex-basis:53.13450%\"><figure class=\"tiled-gallery__item\"><img decoding=\"async\" srcset=\"https:\/\/i0.wp.com\/passerelle2.ac-nantes.fr\/matisse\/wp-content\/uploads\/sites\/311\/2025\/01\/DSCN7407.jpg?strip=info&#038;w=450&#038;ssl=1 450w\" alt=\"\" data-height=\"600\" data-id=\"8916\" data-link=\"https:\/\/passerelle2.ac-nantes.fr\/matisse\/les-maternelles\/annee-2024-2025\/projet-6\/dscn7407\/\" data-url=\"https:\/\/passerelle2.ac-nantes.fr\/matisse\/wp-content\/uploads\/sites\/311\/2025\/01\/DSCN7407.jpg\" data-width=\"450\" src=\"https:\/\/i0.wp.com\/passerelle2.ac-nantes.fr\/matisse\/wp-content\/uploads\/sites\/311\/2025\/01\/DSCN7407.jpg?ssl=1\" data-amp-layout=\"responsive\" tabindex=\"0\" role=\"button\" aria-label=\"Ouvrir l\u2019image 3 sur 3 en plein \u00e9cran\"\/><\/figure><\/div><\/div><\/div><\/div><\/div>\n\n\n\n<p>-&gt; essais:<\/p>\n\n\n\n<div class=\"wp-block-jetpack-tiled-gallery aligncenter is-style-rectangular\"><div class=\"\"><div class=\"tiled-gallery__gallery\"><div class=\"tiled-gallery__row\"><div class=\"tiled-gallery__col\" style=\"flex-basis:63.82323%\"><figure class=\"tiled-gallery__item\"><img decoding=\"async\" srcset=\"https:\/\/i0.wp.com\/passerelle2.ac-nantes.fr\/matisse\/wp-content\/uploads\/sites\/311\/2025\/01\/DSCN8723.jpg?strip=info&#038;w=600&#038;ssl=1 600w,https:\/\/i0.wp.com\/passerelle2.ac-nantes.fr\/matisse\/wp-content\/uploads\/sites\/311\/2025\/01\/DSCN8723.jpg?strip=info&#038;w=800&#038;ssl=1 800w\" alt=\"\" data-height=\"600\" data-id=\"8911\" data-link=\"https:\/\/passerelle2.ac-nantes.fr\/matisse\/les-maternelles\/annee-2024-2025\/projet-6\/dscn8723-3\/\" data-url=\"https:\/\/passerelle2.ac-nantes.fr\/matisse\/wp-content\/uploads\/sites\/311\/2025\/01\/DSCN8723.jpg\" data-width=\"800\" src=\"https:\/\/i0.wp.com\/passerelle2.ac-nantes.fr\/matisse\/wp-content\/uploads\/sites\/311\/2025\/01\/DSCN8723.jpg?ssl=1\" data-amp-layout=\"responsive\" tabindex=\"0\" role=\"button\" aria-label=\"Ouvrir l\u2019image 1 sur 5 en plein \u00e9cran\"\/><\/figure><\/div><div class=\"tiled-gallery__col\" style=\"flex-basis:36.17677%\"><figure class=\"tiled-gallery__item\"><img decoding=\"async\" srcset=\"https:\/\/i0.wp.com\/passerelle2.ac-nantes.fr\/matisse\/wp-content\/uploads\/sites\/311\/2025\/01\/DSCN8724.jpg?strip=info&#038;w=600&#038;ssl=1 600w,https:\/\/i0.wp.com\/passerelle2.ac-nantes.fr\/matisse\/wp-content\/uploads\/sites\/311\/2025\/01\/DSCN8724.jpg?strip=info&#038;w=800&#038;ssl=1 800w\" alt=\"\" data-height=\"600\" data-id=\"8910\" data-link=\"https:\/\/passerelle2.ac-nantes.fr\/matisse\/les-maternelles\/annee-2024-2025\/projet-6\/dscn8724-2\/\" data-url=\"https:\/\/passerelle2.ac-nantes.fr\/matisse\/wp-content\/uploads\/sites\/311\/2025\/01\/DSCN8724.jpg\" data-width=\"800\" src=\"https:\/\/i0.wp.com\/passerelle2.ac-nantes.fr\/matisse\/wp-content\/uploads\/sites\/311\/2025\/01\/DSCN8724.jpg?ssl=1\" data-amp-layout=\"responsive\" tabindex=\"0\" role=\"button\" aria-label=\"Ouvrir l\u2019image 2 sur 5 en plein \u00e9cran\"\/><\/figure><figure class=\"tiled-gallery__item\"><img decoding=\"async\" srcset=\"https:\/\/i0.wp.com\/passerelle2.ac-nantes.fr\/matisse\/wp-content\/uploads\/sites\/311\/2025\/01\/objets-air-1-300x169-1.jpg?strip=info&#038;w=300&#038;ssl=1 300w\" alt=\"\" data-height=\"169\" data-id=\"8908\" data-link=\"https:\/\/passerelle2.ac-nantes.fr\/matisse\/les-maternelles\/annee-2024-2025\/projet-6\/objets-air-1-300x169\/\" data-url=\"https:\/\/passerelle2.ac-nantes.fr\/matisse\/wp-content\/uploads\/sites\/311\/2025\/01\/objets-air-1-300x169-1.jpg\" data-width=\"300\" src=\"https:\/\/i0.wp.com\/passerelle2.ac-nantes.fr\/matisse\/wp-content\/uploads\/sites\/311\/2025\/01\/objets-air-1-300x169-1.jpg?ssl=1\" data-amp-layout=\"responsive\" tabindex=\"0\" role=\"button\" aria-label=\"Ouvrir l\u2019image 3 sur 5 en plein \u00e9cran\"\/><\/figure><\/div><\/div><div class=\"tiled-gallery__row\"><div class=\"tiled-gallery__col\" style=\"flex-basis:50.00000%\"><figure class=\"tiled-gallery__item\"><img decoding=\"async\" srcset=\"https:\/\/i0.wp.com\/passerelle2.ac-nantes.fr\/matisse\/wp-content\/uploads\/sites\/311\/2025\/01\/objets-air-2-300x169-1.jpg?strip=info&#038;w=300&#038;ssl=1 300w\" alt=\"\" data-height=\"169\" data-id=\"8909\" data-link=\"https:\/\/passerelle2.ac-nantes.fr\/matisse\/les-maternelles\/annee-2024-2025\/projet-6\/objets-air-2-300x169\/\" data-url=\"https:\/\/passerelle2.ac-nantes.fr\/matisse\/wp-content\/uploads\/sites\/311\/2025\/01\/objets-air-2-300x169-1.jpg\" data-width=\"300\" src=\"https:\/\/i0.wp.com\/passerelle2.ac-nantes.fr\/matisse\/wp-content\/uploads\/sites\/311\/2025\/01\/objets-air-2-300x169-1.jpg?ssl=1\" data-amp-layout=\"responsive\" tabindex=\"0\" role=\"button\" aria-label=\"Ouvrir l\u2019image 4 sur 5 en plein \u00e9cran\"\/><\/figure><\/div><div class=\"tiled-gallery__col\" style=\"flex-basis:50.00000%\"><figure class=\"tiled-gallery__item\"><img decoding=\"async\" srcset=\"https:\/\/i0.wp.com\/passerelle2.ac-nantes.fr\/matisse\/wp-content\/uploads\/sites\/311\/2025\/01\/objets-air-3-300x169-1.jpg?strip=info&#038;w=300&#038;ssl=1 300w\" alt=\"\" data-height=\"169\" data-id=\"8907\" data-link=\"https:\/\/passerelle2.ac-nantes.fr\/matisse\/les-maternelles\/annee-2024-2025\/projet-6\/objets-air-3-300x169\/\" data-url=\"https:\/\/passerelle2.ac-nantes.fr\/matisse\/wp-content\/uploads\/sites\/311\/2025\/01\/objets-air-3-300x169-1.jpg\" data-width=\"300\" src=\"https:\/\/i0.wp.com\/passerelle2.ac-nantes.fr\/matisse\/wp-content\/uploads\/sites\/311\/2025\/01\/objets-air-3-300x169-1.jpg?ssl=1\" data-amp-layout=\"responsive\" tabindex=\"0\" role=\"button\" aria-label=\"Ouvrir l\u2019image 5 sur 5 en plein \u00e9cran\"\/><\/figure><\/div><\/div><\/div><\/div><\/div>\n\n\n\n<p>-construction d\u2019objets li\u00e9s \u00e0 l\u2019air et tests de ceux ci.<\/p>\n\n\n\n<div class=\"wp-block-jetpack-tiled-gallery aligncenter is-style-rectangular\"><div class=\"\"><div class=\"tiled-gallery__gallery\"><div class=\"tiled-gallery__row\"><div class=\"tiled-gallery__col\" style=\"flex-basis:36.97962%\"><figure class=\"tiled-gallery__item\"><img decoding=\"async\" srcset=\"https:\/\/i0.wp.com\/passerelle2.ac-nantes.fr\/matisse\/wp-content\/uploads\/sites\/311\/2025\/01\/DSCN7409.jpg?strip=info&#038;w=600&#038;ssl=1 600w,https:\/\/i0.wp.com\/passerelle2.ac-nantes.fr\/matisse\/wp-content\/uploads\/sites\/311\/2025\/01\/DSCN7409.jpg?strip=info&#038;w=800&#038;ssl=1 800w\" alt=\"\" data-height=\"600\" data-id=\"8932\" data-link=\"https:\/\/passerelle2.ac-nantes.fr\/matisse\/les-maternelles\/annee-2024-2025\/projet-6\/dscn7409\/\" data-url=\"https:\/\/passerelle2.ac-nantes.fr\/matisse\/wp-content\/uploads\/sites\/311\/2025\/01\/DSCN7409.jpg\" data-width=\"800\" src=\"https:\/\/i0.wp.com\/passerelle2.ac-nantes.fr\/matisse\/wp-content\/uploads\/sites\/311\/2025\/01\/DSCN7409.jpg?ssl=1\" data-amp-layout=\"responsive\" tabindex=\"0\" role=\"button\" aria-label=\"Ouvrir l\u2019image 1 sur 4 en plein \u00e9cran\"\/><\/figure><figure class=\"tiled-gallery__item\"><img decoding=\"async\" srcset=\"https:\/\/i0.wp.com\/passerelle2.ac-nantes.fr\/matisse\/wp-content\/uploads\/sites\/311\/2025\/01\/DSCN7410.jpg?strip=info&#038;w=600&#038;ssl=1 600w,https:\/\/i0.wp.com\/passerelle2.ac-nantes.fr\/matisse\/wp-content\/uploads\/sites\/311\/2025\/01\/DSCN7410.jpg?strip=info&#038;w=800&#038;ssl=1 800w\" alt=\"\" data-height=\"600\" data-id=\"8933\" data-link=\"https:\/\/passerelle2.ac-nantes.fr\/matisse\/les-maternelles\/annee-2024-2025\/projet-6\/dscn7410\/\" data-url=\"https:\/\/passerelle2.ac-nantes.fr\/matisse\/wp-content\/uploads\/sites\/311\/2025\/01\/DSCN7410.jpg\" data-width=\"800\" src=\"https:\/\/i0.wp.com\/passerelle2.ac-nantes.fr\/matisse\/wp-content\/uploads\/sites\/311\/2025\/01\/DSCN7410.jpg?ssl=1\" data-amp-layout=\"responsive\" tabindex=\"0\" role=\"button\" aria-label=\"Ouvrir l\u2019image 2 sur 4 en plein \u00e9cran\"\/><\/figure><figure class=\"tiled-gallery__item\"><img decoding=\"async\" srcset=\"https:\/\/i0.wp.com\/passerelle2.ac-nantes.fr\/matisse\/wp-content\/uploads\/sites\/311\/2025\/02\/DSCN7414.jpg?strip=info&#038;w=600&#038;ssl=1 600w,https:\/\/i0.wp.com\/passerelle2.ac-nantes.fr\/matisse\/wp-content\/uploads\/sites\/311\/2025\/02\/DSCN7414.jpg?strip=info&#038;w=800&#038;ssl=1 800w\" alt=\"\" data-height=\"600\" data-id=\"8936\" data-link=\"https:\/\/passerelle2.ac-nantes.fr\/matisse\/les-maternelles\/annee-2024-2025\/projet-6\/dscn7414\/\" data-url=\"https:\/\/passerelle2.ac-nantes.fr\/matisse\/wp-content\/uploads\/sites\/311\/2025\/02\/DSCN7414.jpg\" data-width=\"800\" src=\"https:\/\/i0.wp.com\/passerelle2.ac-nantes.fr\/matisse\/wp-content\/uploads\/sites\/311\/2025\/02\/DSCN7414.jpg?ssl=1\" data-amp-layout=\"responsive\" tabindex=\"0\" role=\"button\" aria-label=\"Ouvrir l\u2019image 3 sur 4 en plein \u00e9cran\"\/><\/figure><\/div><div class=\"tiled-gallery__col\" style=\"flex-basis:63.02038%\"><figure class=\"tiled-gallery__item\"><img decoding=\"async\" srcset=\"https:\/\/i0.wp.com\/passerelle2.ac-nantes.fr\/matisse\/wp-content\/uploads\/sites\/311\/2025\/02\/DSCN7415.jpg?strip=info&#038;w=450&#038;ssl=1 450w\" alt=\"\" data-height=\"600\" data-id=\"8937\" data-link=\"https:\/\/passerelle2.ac-nantes.fr\/matisse\/les-maternelles\/annee-2024-2025\/projet-6\/dscn7415\/\" data-url=\"https:\/\/passerelle2.ac-nantes.fr\/matisse\/wp-content\/uploads\/sites\/311\/2025\/02\/DSCN7415.jpg\" data-width=\"450\" src=\"https:\/\/i0.wp.com\/passerelle2.ac-nantes.fr\/matisse\/wp-content\/uploads\/sites\/311\/2025\/02\/DSCN7415.jpg?ssl=1\" data-amp-layout=\"responsive\" tabindex=\"0\" role=\"button\" aria-label=\"Ouvrir l\u2019image 4 sur 4 en plein \u00e9cran\"\/><\/figure><\/div><\/div><\/div><\/div><\/div>\n\n\n\n<p>-jeux li\u00e9s \u00e0 l\u2019air<\/p>\n\n\n\n<ul class=\"wp-block-list\">\n<li><strong>OUTILS POUR STRUCTURER SA PENSEE:<\/strong><\/li>\n<\/ul>\n\n\n\n<p>-mesures et grandeurs li\u00e9es aux constructions.<\/p>\n\n\n\n<p><a href=\"https:\/\/passerelle2.ac-nantes.fr\/matisse\/wp-content\/uploads\/sites\/311\/2023\/03\/Moulin-a-vent-en-papier.doc\">Moulin-a-vent-en-papier<\/a><a href=\"https:\/\/passerelle2.ac-nantes.fr\/matisse\/wp-content\/uploads\/sites\/311\/2023\/03\/Moulin-a-vent-en-papier.doc\">T\u00e9l\u00e9charger<\/a><\/p>\n\n\n\n<p><a href=\"https:\/\/passerelle2.ac-nantes.fr\/matisse\/wp-content\/uploads\/sites\/311\/2023\/03\/ptron-fiche-cerf-volant-classe.docx\">ptron-fiche-cerf-volant-classe<\/a><a href=\"https:\/\/passerelle2.ac-nantes.fr\/matisse\/wp-content\/uploads\/sites\/311\/2023\/03\/ptron-fiche-cerf-volant-classe.docx\">T\u00e9l\u00e9charger<\/a><\/p>\n\n\n\n<figure class=\"wp-block-image\"><img decoding=\"async\" src=\"https:\/\/i0.wp.com\/passerelle2.ac-nantes.fr\/matisse\/wp-content\/uploads\/sites\/311\/2023\/03\/c.jpg?ssl=1\" alt=\"\"\/><\/figure>\n\n\n\n<figure class=\"wp-block-image\"><img decoding=\"async\" src=\"https:\/\/i0.wp.com\/passerelle2.ac-nantes.fr\/matisse\/wp-content\/uploads\/sites\/311\/2023\/03\/SharedScreenshot-1.jpg?ssl=1\" alt=\"\"\/><\/figure>\n\n\n\n<figure class=\"wp-block-image\"><img decoding=\"async\" src=\"https:\/\/i0.wp.com\/passerelle2.ac-nantes.fr\/matisse\/wp-content\/uploads\/sites\/311\/2023\/03\/SharedScreenshot2-1.jpg?ssl=1\" alt=\"\"\/><\/figure>\n\n\n\n<p><a href=\"https:\/\/passerelle2.ac-nantes.fr\/matisse\/wp-admin\/post.php?post=7331&amp;action=edit\">Modifier<\/a><\/p>\n\n\n\n<ul class=\"wp-block-list\">\n<li>&nbsp;<\/li>\n\n\n\n<li>Articles r\u00e9cents\n<ul class=\"wp-block-list\">\n<li><a href=\"https:\/\/passerelle2.ac-nantes.fr\/matisse\/2024\/07\/04\/calendrier-scolaire-24-25\/\">CALENDRIER SCOLAIRE 24-25<\/a><\/li>\n\n\n\n<li><a href=\"https:\/\/passerelle2.ac-nantes.fr\/matisse\/2024\/01\/07\/bonne-annee\/\">bonne ann\u00e9e!<\/a><\/li>\n\n\n\n<li><a href=\"https:\/\/passerelle2.ac-nantes.fr\/matisse\/2023\/12\/22\/gouter-de-noel-du-22-12-2023\/\">gouter de no\u00ebl du 22\/12\/2023<\/a><\/li>\n\n\n\n<li><a href=\"https:\/\/passerelle2.ac-nantes.fr\/matisse\/2023\/07\/07\/bonnes-vacances-2\/\">bonnes vacances!<\/a><\/li>\n\n\n\n<li><a href=\"https:\/\/passerelle2.ac-nantes.fr\/matisse\/2023\/06\/05\/fete-de-lecole-du-1-7-2023\/\">F\u00eate de l\u2019\u00e9cole du 1\/7\/2023<\/a><\/li>\n<\/ul>\n<\/li>\n\n\n\n<li>Commentaires r\u00e9cents\n<ul class=\"wp-block-list\">\n<li><\/li>\n<\/ul>\n<\/li>\n\n\n\n<li>Archives\n<ul class=\"wp-block-list\">\n<li><a href=\"https:\/\/passerelle2.ac-nantes.fr\/matisse\/2024\/07\/\">juillet 2024<\/a><\/li>\n\n\n\n<li><a href=\"https:\/\/passerelle2.ac-nantes.fr\/matisse\/2024\/01\/\">janvier 2024<\/a><\/li>\n\n\n\n<li><a href=\"https:\/\/passerelle2.ac-nantes.fr\/matisse\/2023\/12\/\">d\u00e9cembre 2023<\/a><\/li>\n\n\n\n<li><a href=\"https:\/\/passerelle2.ac-nantes.fr\/matisse\/2023\/07\/\">juillet 2023<\/a><\/li>\n\n\n\n<li><a href=\"https:\/\/passerelle2.ac-nantes.fr\/matisse\/2023\/06\/\">juin 2023<\/a><\/li>\n\n\n\n<li><a href=\"https:\/\/passerelle2.ac-nantes.fr\/matisse\/2023\/02\/\">f\u00e9vrier 2023<\/a><\/li>\n\n\n\n<li><a href=\"https:\/\/passerelle2.ac-nantes.fr\/matisse\/2022\/11\/\">novembre 2022<\/a><\/li>\n\n\n\n<li><a href=\"https:\/\/passerelle2.ac-nantes.fr\/matisse\/2022\/08\/\">ao\u00fbt 2022<\/a><\/li>\n\n\n\n<li><a href=\"https:\/\/passerelle2.ac-nantes.fr\/matisse\/2022\/07\/\">juillet 2022<\/a><\/li>\n\n\n\n<li><a href=\"https:\/\/passerelle2.ac-nantes.fr\/matisse\/2019\/09\/\">septembre 2019<\/a><\/li>\n<\/ul>\n<\/li>\n\n\n\n<li>Cat\u00e9gories\n<ul class=\"wp-block-list\">\n<li><a href=\"https:\/\/passerelle2.ac-nantes.fr\/matisse\/category\/non-classe\/\">Non class\u00e9<\/a><\/li>\n<\/ul>\n<\/li>\n<\/ul>\n","protected":false},"excerpt":{"rendered":"<p>Ce 6eme petit projet va nous permettre d\u2019explorer l\u2019\u00e9l\u00e9ment \u00ab&nbsp;air&nbsp;\u00bb.En effet nous allons mener des recherches, des essais et des comparaisons avec des objets qui produisent de l\u2019air ou bien fonctionnent grace \u00e0 l\u2019air. Nous chercherons l\u2019air dans la nature &hellip; <a href=\"https:\/\/passerelle2.ac-nantes.fr\/matisse\/les-maternelles\/annee-2024-2025\/projet-6\/\">Continuer la lecture <span class=\"meta-nav\">&rarr;<\/span><\/a><\/p>\n","protected":false},"author":5554,"featured_media":0,"parent":8533,"menu_order":0,"comment_status":"closed","ping_status":"closed","template":"","meta":{"ngg_post_thumbnail":0,"h5ap_radio_sources":[],"jetpack_post_was_ever_published":false,"footnotes":""},"folder":[],"class_list":["post-8651","page","type-page","status-publish","hentry"],"jetpack_sharing_enabled":true,"jetpack_shortlink":"https:\/\/wp.me\/P8Njks-2fx","_links":{"self":[{"href":"https:\/\/passerelle2.ac-nantes.fr\/matisse\/wp-json\/wp\/v2\/pages\/8651","targetHints":{"allow":["GET"]}}],"collection":[{"href":"https:\/\/passerelle2.ac-nantes.fr\/matisse\/wp-json\/wp\/v2\/pages"}],"about":[{"href":"https:\/\/passerelle2.ac-nantes.fr\/matisse\/wp-json\/wp\/v2\/types\/page"}],"author":[{"embeddable":true,"href":"https:\/\/passerelle2.ac-nantes.fr\/matisse\/wp-json\/wp\/v2\/users\/5554"}],"replies":[{"embeddable":true,"href":"https:\/\/passerelle2.ac-nantes.fr\/matisse\/wp-json\/wp\/v2\/comments?post=8651"}],"version-history":[{"count":0,"href":"https:\/\/passerelle2.ac-nantes.fr\/matisse\/wp-json\/wp\/v2\/pages\/8651\/revisions"}],"up":[{"embeddable":true,"href":"https:\/\/passerelle2.ac-nantes.fr\/matisse\/wp-json\/wp\/v2\/pages\/8533"}],"wp:attachment":[{"href":"https:\/\/passerelle2.ac-nantes.fr\/matisse\/wp-json\/wp\/v2\/media?parent=8651"}],"wp:term":[{"taxonomy":"folder","embeddable":true,"href":"https:\/\/passerelle2.ac-nantes.fr\/matisse\/wp-json\/wp\/v2\/folder?post=8651"}],"curies":[{"name":"wp","href":"https:\/\/api.w.org\/{rel}","templated":true}]}}