
{"id":9184,"date":"2025-06-16T08:20:52","date_gmt":"2025-06-16T06:20:52","guid":{"rendered":"https:\/\/passerelle2.ac-nantes.fr\/matisse\/?page_id=9184"},"modified":"2025-06-25T10:46:09","modified_gmt":"2025-06-25T08:46:09","slug":"fournitures-pour-l-annee-prochaine","status":"publish","type":"page","link":"https:\/\/passerelle2.ac-nantes.fr\/matisse\/les-maternelles\/annee-2024-2025\/informations-pratiques\/fournitures-pour-l-annee-prochaine\/","title":{"rendered":"FOURNITURES POUR L ANNEE PROCHAINE"},"content":{"rendered":"\n<p><strong>MATERIEL pour l\u2019ann\u00e9e prochaine<\/strong><\/p>\n\n\n\n<p>Votre enfant recommencera une nouvelle ann\u00e9e scolaire et, pour que celle-ci se d\u00e9roule dans de bonnes conditions, il lui faudra ramener \u00e0 la rentr\u00e9e &nbsp;:<\/p>\n\n\n\n<ul class=\"wp-block-list\">\n<li>Une blouse de peinture avec manches et pr\u00e9nom (plastifi\u00e9e et pas en tissus)<\/li>\n\n\n\n<li>2 bo\u00eetes de mouchoirs en papier<\/li>\n\n\n\n<li>Une serviette de cantine avec pr\u00e9nom pour ceux qui y mangent avec pochette de rangement et \u00e9pingle \u00e0 linge pour l\u2019accrocher.<\/li>\n\n\n\n<li>Pour ceux qui feront la sieste (futurs PS et MS pour ceux qui le souhaitent encore), il faudra ramener un petit drap et une petite couverture. Ceux-ci seront \u00e0 laver chaque mois.<\/li>\n\n\n\n<li>un gobelet ou gourde qui reste dans le sac pour pouvoir boire et les remplir au robinet selon les besoins<\/li>\n\n\n\n<li>une casquette ou chapeau qui reste dans le sac\u00a0<\/li>\n\n\n\n<li>un sac assez grand pour pouvoir y mettre les cahiers (24&#215;32 cm)<\/li>\n<\/ul>\n","protected":false},"excerpt":{"rendered":"<p>MATERIEL pour l\u2019ann\u00e9e prochaine Votre enfant recommencera une nouvelle ann\u00e9e scolaire et, pour que celle-ci se d\u00e9roule dans de bonnes conditions, il lui faudra ramener \u00e0 la rentr\u00e9e &nbsp;:<\/p>\n","protected":false},"author":5554,"featured_media":0,"parent":8534,"menu_order":0,"comment_status":"closed","ping_status":"closed","template":"","meta":{"ngg_post_thumbnail":0,"h5ap_radio_sources":[],"jetpack_post_was_ever_published":false,"footnotes":""},"folder":[],"class_list":["post-9184","page","type-page","status-publish","hentry"],"jetpack_sharing_enabled":true,"jetpack_shortlink":"https:\/\/wp.me\/P8Njks-2o8","_links":{"self":[{"href":"https:\/\/passerelle2.ac-nantes.fr\/matisse\/wp-json\/wp\/v2\/pages\/9184","targetHints":{"allow":["GET"]}}],"collection":[{"href":"https:\/\/passerelle2.ac-nantes.fr\/matisse\/wp-json\/wp\/v2\/pages"}],"about":[{"href":"https:\/\/passerelle2.ac-nantes.fr\/matisse\/wp-json\/wp\/v2\/types\/page"}],"author":[{"embeddable":true,"href":"https:\/\/passerelle2.ac-nantes.fr\/matisse\/wp-json\/wp\/v2\/users\/5554"}],"replies":[{"embeddable":true,"href":"https:\/\/passerelle2.ac-nantes.fr\/matisse\/wp-json\/wp\/v2\/comments?post=9184"}],"version-history":[{"count":0,"href":"https:\/\/passerelle2.ac-nantes.fr\/matisse\/wp-json\/wp\/v2\/pages\/9184\/revisions"}],"up":[{"embeddable":true,"href":"https:\/\/passerelle2.ac-nantes.fr\/matisse\/wp-json\/wp\/v2\/pages\/8534"}],"wp:attachment":[{"href":"https:\/\/passerelle2.ac-nantes.fr\/matisse\/wp-json\/wp\/v2\/media?parent=9184"}],"wp:term":[{"taxonomy":"folder","embeddable":true,"href":"https:\/\/passerelle2.ac-nantes.fr\/matisse\/wp-json\/wp\/v2\/folder?post=9184"}],"curies":[{"name":"wp","href":"https:\/\/api.w.org\/{rel}","templated":true}]}}