
{"id":9220,"date":"2025-06-27T17:06:50","date_gmt":"2025-06-27T15:06:50","guid":{"rendered":"https:\/\/passerelle2.ac-nantes.fr\/matisse\/?page_id=9220"},"modified":"2026-04-03T15:32:10","modified_gmt":"2026-04-03T13:32:10","slug":"le-resume-de-la-semaine","status":"publish","type":"page","link":"https:\/\/passerelle2.ac-nantes.fr\/matisse\/les-maternelles\/annee-2025-2026\/le-resume-de-la-semaine\/","title":{"rendered":"LE RESUME DE LA SEMAINE"},"content":{"rendered":"\n<p>semaine 1<\/p>\n\n\n\n<p>on a chang\u00e9 de mois, on est pass\u00e9 au mois de septembre.<br>on a fait les couvertures en peinture de notre cahier.<br>on a des nouvelles po\u00e9sies.<br>on va faire un nouveau livre sur les boutons!<br>c&rsquo;\u00e9tait la rentr\u00e9e de l&rsquo;\u00e9cole!<br>les moyens sont pass\u00e9s en grande section, les tout petits en petite section et les petits en moyenne section!<\/p>\n\n\n\n<p>semaine 2<\/p>\n\n\n\n<p>c&rsquo;est bient\u00f4t les photos de classe et la r\u00e9union des parents.<br>c&rsquo;est bient\u00f4t l&rsquo;automne.<br>on fait les carrosses avec de la peinture \u00e0 paillettes.<br>on a fait notre cahier en colonnes avec de l&rsquo;encre nacr\u00e9e.<br>on apprend une po\u00e9sie.<\/p>\n\n\n\n<p>semaine 3:<\/p>\n\n\n\n<p>on a fait notre nouveau marque page.<br>on a fait le carrosse.<br>c&rsquo;est bient\u00f4t l&rsquo;automne.<br>c&rsquo;est la r\u00e9union des parents et des tatas.<br>on va faire un vasarely en rythme.<br>vendredi prochain, nous emm\u00e8nerons les cahiers de projets.<\/p>\n\n\n\n<p>semaine 4<\/p>\n\n\n\n<p>il y a eu une alerte incendie.<br>on a fini le livre des boutons.<br>on a fait un vasarely.<br>on ram\u00e8ne les cahiers de projet.<br>on va bient\u00f4t changer de mois.<br>on va commencer un nouveau projet.<\/p>\n\n\n\n<p>SEMAINE 5<\/p>\n\n\n\n<p>nous allons au cin\u00e9ma lundi!<br>on va aller ramasser les couleurs dans la nature.<br>on a fait le papillon en papier calque.<br>on a commenc\u00e9 un nouveau projet.<br>on travaille sur la m\u00e9tamorphose: on a des vers de farine dans un vivarium.<br>on a des nouvelles po\u00e9sies. on a chang\u00e9 de mois.<\/p>\n\n\n\n<p>SEMAINE 6<\/p>\n\n\n\n<p>lundi on a \u00e9t\u00e9 au cin\u00e9ma.<br>on va bient\u00f4t emmener les cahiers.<br>on va finir Chagall.<br>on a des b\u00e9b\u00e9s vers de farine.<br>c&rsquo;est bient\u00f4t les vacances.<br>les vers de farine vont se m\u00e9tamorphoser en scarab\u00e9es: des t\u00e9n\u00e9brions.<br>on a bient\u00f4t fini le livre des vers de farine.<\/p>\n\n\n\n<p>SEMAINE 7<\/p>\n\n\n\n<p>on a fini le livre des vers de farine.<br>demain on est en vacances!<br>lundi les grands nous ont lu des histoires.<br>on va emmener tous les cahiers: projets, r\u00e9ussites et liaison.<br>apr\u00e8s les vacances, on va changer de mois.<br>on a fini les chenilles en rythme.<br>on aura de8s cocons pendant les vacances: des nymphes.<\/p>\n\n\n\n<p>SEMAINE 8<\/p>\n\n\n\n<p>on va faire 3 recettes les mercredis !<br>on a chang\u00e9 de mois.<br>mardi il n&rsquo;y aura pas d&rsquo;\u00e9cole.<br>on a fait des lapins en graphisme.<br>on a fait une journ\u00e9e bleue contre le harc\u00e8lement!<br>on a commenc\u00e9 un nouveau projet!<br>avec le car, nous irons \u00e0 la laverie jeudi.<br>c&rsquo;\u00e9tait l&rsquo;anniversaire de Marceau mardi.<\/p>\n\n\n\n<p>SEMAINE 9<\/p>\n\n\n\n<p>on a \u00e9t\u00e9 \u00e0 la laverie.<br>on a fait une recette de salade compos\u00e9e.<br>nous allons bient\u00f4t faire les sandwichs petits monstres.<br>on a fait le Warhol dans monsieur lapin.<br>on va faire un exercice d&rsquo;alerte \u00e9vacuation.<\/p>\n\n\n\n<p>SEMAINE 10<\/p>\n\n\n\n<p>on a eu des t\u00e9n\u00e9brions.<br>on a fait la deuxi\u00e8me recette.<br>on a fait l&rsquo;alerte intrusion (le chat).<br>on a gagn\u00e9 \u00e0 l&rsquo;acad\u00e9mie des sciences et les grands iront \u00e0 Paris!<br>on a une chanson de fruits en anglais.<br>on va bient\u00f4t faire la recette num\u00e9ro 3.<br>on a fait une salade compos\u00e9e la semaine derni\u00e8re.<br>on a presque fini notre pop art.<\/p>\n\n\n\n<p>SEMAINE 11<\/p>\n\n\n\n<p>aujourd&rsquo;hui c&rsquo;est l&rsquo;anniversaire de jeanne!<br>on va bient\u00f4t passer au mois de d\u00e9cembre.<br>on a fini nos lapins carottes en fluo.<br>c&rsquo;est bient\u00f4t l&rsquo;anniversaire de andr\u00e9a.<br>on a fait les 3 recettes.<br>les grands ont emmen\u00e9 la fleur de vocabulaire chez les cp et ce1.<br>lundi, nous commencerons un nouveau projet.<\/p>\n\n\n\n<p>SEMAINE 12<\/p>\n\n\n\n<p>on a fini les pots de bulbes de jacinthe.<br>le 12 ce sera le march\u00e9 de no\u00ebl.<br>on a mis de la terre dans les pots et de l&rsquo;eau, on a peint les pots.<br>on est pass\u00e9 au mois de d\u00e9cembre.<\/p>\n\n\n\n<p>SEMAINE 13:<\/p>\n\n\n\n<p>aujourd&rsquo;hui, nous avons fait l&rsquo;anniversaire de Ma\u00ebl!<br>nous allons faire le march\u00e9 de no\u00ebl!<br>on a fini nos pots de jacinthe.<br>vendredi on ram\u00e8nera des jeux et un grand sac.<\/p>\n\n\n\n<p>Semaine 14:<\/p>\n\n\n\n<p>aujourd&rsquo;hui, on a fait des jeux.<br>on a fini les amaryllis.<br>on a fini le projet.<br>on a fait le go\u00fbter de no\u00ebl!<br>dans 6 jours c&rsquo;est no\u00ebl!<br>on a eu des cadeaux: une cabane pour la cour et des ardoises magiques.<\/p>\n\n\n\n<p>SEMAINE 15:<\/p>\n\n\n\n<p>mercredi, ce sera l&rsquo;anniversaire de Gabriel.<br>lundi nous avons des devoirs: ramener un gla\u00e7on \u00e0 l&rsquo;\u00e9cole!<br>on est pass\u00e9 au mois de janvier.<br>les moyens n&rsquo;ont pas fait de sieste.<br>le 27 janvier, les grands vont \u00e0 PARIS.<br>on a un poisson qui s&rsquo;appelle ARC EN CIEL.<\/p>\n\n\n\n<p>SEMAINE 16:<\/p>\n\n\n\n<p>demain nous avons des devoirs: il faut faire un gla\u00e7on color\u00e9 dans un gobelet.<br>on a fini les sir\u00e8nes en graphisme.<br>les grands vont bient\u00f4t \u00e0 paris.<br>on fait les voiliers de VAN GOGH avec de l&rsquo;encre et du gros sel.<br>on a transvas\u00e9 de l&rsquo;eau et on a cherch\u00e9 ce qui flotte et ce qui coule.<br>on travaille sur l&rsquo;eau.<\/p>\n\n\n\n<p>SEMAINE 17:<\/p>\n\n\n\n<p>les grandes sections vont bient\u00f4t \u00e0 Paris.<br>lundi on commence un nouveau projet.<br>on a fait des gla\u00e7ons color\u00e9s.<br>aujourd&rsquo;hui, on ram\u00e8ne les cahiers de projets.<br>on a chang\u00e9 le bac \u00e0 eau, on a mis du riz dedans.<br>on va bient\u00f4t changer de mois et passer au mois de f\u00e9vrier.<\/p>\n\n\n\n<p>SEMAINE 18:<\/p>\n\n\n\n<p>pour les camarades en classe, ils ont achet\u00e9 des souvenirs.<br>on travaille sur les formes et les solides: on va fabriquer un livre de formes et on va faire une exposition.<\/p>\n\n\n\n<p>SEMAINE 19:<\/p>\n\n\n\n<p>c&rsquo;est bient\u00f4t l&rsquo;anniversaire de Maddy.<br>on est pass\u00e9 au mois de f\u00e9vrier.<br>bient\u00f4t c&rsquo;est les vacances.<br>nous travaillons sur les formes.<br>on a fini les tableaux de Auguste Herbin pour le concours national AMOPA.<\/p>\n\n\n\n<p>SEMAINE 20:<\/p>\n\n\n\n<p>aujourd&rsquo;hui, c&rsquo;est les vacances.<br>on a fini le livre de madame coeur.<br>aujourd&rsquo;hui on a fait l&rsquo;anniversaire de Maddy.<br>on a fini les Paul Klee, les Kandinsky, le graphisme dans Paul Klee, Mondrian et Delaunay.<\/p>\n\n\n\n<p>SEMAINE 21:<\/p>\n\n\n\n<p>on a fait l&rsquo;anniversaire de Mahamadou.<br>c&rsquo;est bient\u00f4t l&rsquo;anniversaire de Willian.<br>nous avons chang\u00e9 de mois.<br>on a commenc\u00e9 les KEITH HARING en graphisme.<br>on a commenc\u00e9 notre pantin articul\u00e9.<br>nous avons commenc\u00e9 un nouveau projet.<br>il y aura des tout petits qui viendront \u00e0 l&rsquo;\u00e9cole .<\/p>\n\n\n\n<p>SEMAINE 22:<\/p>\n\n\n\n<p>nous avons fait des Keith Haring en peinture et en graphisme.<br>c&rsquo;est bient\u00f4t l&rsquo;anniversaire de Willian et le printemps.<br>on pr\u00e9pare la danse avec les parapluies et les lunettes de soleil.<br>nous avons fabriqu\u00e9 des pantins articul\u00e9s.<br>on va faire une alerte incendie mercredi 18 mars.<\/p>\n\n\n\n<p>SEMAINE 23:<\/p>\n\n\n\n<p>on est pass\u00e9 au printemps.<br>on a fait l&rsquo;alarme incendie mercredi.<br>c&rsquo;est bient\u00f4t l&rsquo;anniversaire de willian.<br>aujourd&rsquo;hui on emm\u00e8ne les cahiers et les pantins articul\u00e9s car on va changer de projet.<\/p>\n\n\n\n<p>SEMAINE  24:<\/p>\n\n\n\n<p>c&rsquo;est bient\u00f4t la visite m\u00e9dicale des grands.<br>nous travaillons sur le chaperon rouge.<br>on va bient\u00f4t changer de mois: c&rsquo;est avril.<br>on a des nouvelles po\u00e9sies.<br>on va faire un chaperon en graphisme recto verso, un c\u00f4t\u00e9 chat et un c\u00f4t\u00e9 enfant.<\/p>\n\n\n\n<p>SEMAINE 25:<\/p>\n\n\n\n<p>vendredi, on emm\u00e8nera les grands sacs et il y aura un go\u00fbter de P\u00e2ques.<br>c&rsquo;est presque l&rsquo;anniversaire de Ma\u00efa!<br>c&rsquo;est bient\u00f4t P\u00e2ques et les vacances.<br>c&rsquo;est aujourd&rsquo;hui que nous emmenons nos chaperons rouges.<\/p>\n\n\n\n<p>SEMAINE 26:<\/p>\n","protected":false},"excerpt":{"rendered":"<p>semaine 1 on a chang\u00e9 de mois, on est pass\u00e9 au mois de septembre.on a fait les couvertures en peinture de notre cahier.on a des nouvelles po\u00e9sies.on va faire un nouveau livre sur les boutons!c&rsquo;\u00e9tait la rentr\u00e9e de l&rsquo;\u00e9cole!les moyens &hellip; <a href=\"https:\/\/passerelle2.ac-nantes.fr\/matisse\/les-maternelles\/annee-2025-2026\/le-resume-de-la-semaine\/\">Continuer la lecture <span class=\"meta-nav\">&rarr;<\/span><\/a><\/p>\n","protected":false},"author":5554,"featured_media":0,"parent":9216,"menu_order":0,"comment_status":"closed","ping_status":"closed","template":"","meta":{"ngg_post_thumbnail":0,"h5ap_radio_sources":[],"jetpack_post_was_ever_published":false,"footnotes":""},"folder":[],"class_list":["post-9220","page","type-page","status-publish","hentry"],"jetpack_sharing_enabled":true,"jetpack_shortlink":"https:\/\/wp.me\/P8Njks-2oI","_links":{"self":[{"href":"https:\/\/passerelle2.ac-nantes.fr\/matisse\/wp-json\/wp\/v2\/pages\/9220","targetHints":{"allow":["GET"]}}],"collection":[{"href":"https:\/\/passerelle2.ac-nantes.fr\/matisse\/wp-json\/wp\/v2\/pages"}],"about":[{"href":"https:\/\/passerelle2.ac-nantes.fr\/matisse\/wp-json\/wp\/v2\/types\/page"}],"author":[{"embeddable":true,"href":"https:\/\/passerelle2.ac-nantes.fr\/matisse\/wp-json\/wp\/v2\/users\/5554"}],"replies":[{"embeddable":true,"href":"https:\/\/passerelle2.ac-nantes.fr\/matisse\/wp-json\/wp\/v2\/comments?post=9220"}],"version-history":[{"count":0,"href":"https:\/\/passerelle2.ac-nantes.fr\/matisse\/wp-json\/wp\/v2\/pages\/9220\/revisions"}],"up":[{"embeddable":true,"href":"https:\/\/passerelle2.ac-nantes.fr\/matisse\/wp-json\/wp\/v2\/pages\/9216"}],"wp:attachment":[{"href":"https:\/\/passerelle2.ac-nantes.fr\/matisse\/wp-json\/wp\/v2\/media?parent=9220"}],"wp:term":[{"taxonomy":"folder","embeddable":true,"href":"https:\/\/passerelle2.ac-nantes.fr\/matisse\/wp-json\/wp\/v2\/folder?post=9220"}],"curies":[{"name":"wp","href":"https:\/\/api.w.org\/{rel}","templated":true}]}}

<p>semaine 1</p>



<p>on a changé de mois, on est passé au mois de septembre.<br>on a fait les couvertures en peinture de notre cahier.<br>on a des nouvelles poésies.<br>on va faire un nouveau livre sur les boutons!<br>c&rsquo;était la rentrée de l&rsquo;école!<br>les moyens sont passés en grande section, les tout petits en petite section et les petits en moyenne section!</p>



<p>semaine 2</p>



<p>c&rsquo;est bientôt les photos de classe et la réunion des parents.<br>c&rsquo;est bientôt l&rsquo;automne.<br>on fait les carrosses avec de la peinture à paillettes.<br>on a fait notre cahier en colonnes avec de l&rsquo;encre nacrée.<br>on apprend une poésie.</p>



<p>semaine 3:</p>



<p>on a fait notre nouveau marque page.<br>on a fait le carrosse.<br>c&rsquo;est bientôt l&rsquo;automne.<br>c&rsquo;est la réunion des parents et des tatas.<br>on va faire un vasarely en rythme.<br>vendredi prochain, nous emmènerons les cahiers de projets.</p>



<p>semaine 4</p>



<p>il y a eu une alerte incendie.<br>on a fini le livre des boutons.<br>on a fait un vasarely.<br>on ramène les cahiers de projet.<br>on va bientôt changer de mois.<br>on va commencer un nouveau projet.</p>



<p>SEMAINE 5</p>



<p>nous allons au cinéma lundi!<br>on va aller ramasser les couleurs dans la nature.<br>on a fait le papillon en papier calque.<br>on a commencé un nouveau projet.<br>on travaille sur la métamorphose: on a des vers de farine dans un vivarium.<br>on a des nouvelles poésies. on a changé de mois.</p>



<p>SEMAINE 6</p>



<p>lundi on a été au cinéma.<br>on va bientôt emmener les cahiers.<br>on va finir Chagall.<br>on a des bébés vers de farine.<br>c&rsquo;est bientôt les vacances.<br>les vers de farine vont se métamorphoser en scarabées: des ténébrions.<br>on a bientôt fini le livre des vers de farine.</p>



<p>SEMAINE 7</p>



<p>on a fini le livre des vers de farine.<br>demain on est en vacances!<br>lundi les grands nous ont lu des histoires.<br>on va emmener tous les cahiers: projets, réussites et liaison.<br>après les vacances, on va changer de mois.<br>on a fini les chenilles en rythme.<br>on aura de8s cocons pendant les vacances: des nymphes.</p>



<p>SEMAINE 8</p>



<p>on va faire 3 recettes les mercredis !<br>on a changé de mois.<br>mardi il n&rsquo;y aura pas d&rsquo;école.<br>on a fait des lapins en graphisme.<br>on a fait une journée bleue contre le harcèlement!<br>on a commencé un nouveau projet!<br>avec le car, nous irons à la laverie jeudi.<br>c&rsquo;était l&rsquo;anniversaire de Marceau mardi.</p>



<p>SEMAINE 9</p>



<p>on a été à la laverie.<br>on a fait une recette de salade composée.<br>nous allons bientôt faire les sandwichs petits monstres.<br>on a fait le Warhol dans monsieur lapin.<br>on va faire un exercice d&rsquo;alerte évacuation.</p>



<p>SEMAINE 10</p>



<p>on a eu des ténébrions.<br>on a fait la deuxième recette.<br>on a fait l&rsquo;alerte intrusion (le chat).<br>on a gagné à l&rsquo;académie des sciences et les grands iront à Paris!<br>on a une chanson de fruits en anglais.<br>on va bientôt faire la recette numéro 3.<br>on a fait une salade composée la semaine dernière.<br>on a presque fini notre pop art.</p>



<p>SEMAINE 11</p>



<p>aujourd&rsquo;hui c&rsquo;est l&rsquo;anniversaire de jeanne!<br>on va bientôt passer au mois de décembre.<br>on a fini nos lapins carottes en fluo.<br>c&rsquo;est bientôt l&rsquo;anniversaire de andréa.<br>on a fait les 3 recettes.<br>les grands ont emmené la fleur de vocabulaire chez les cp et ce1.<br>lundi, nous commencerons un nouveau projet.</p>



<p>SEMAINE 12</p>



<p>on a fini les pots de bulbes de jacinthe.<br>le 12 ce sera le marché de noël.<br>on a mis de la terre dans les pots et de l&rsquo;eau, on a peint les pots.<br>on est passé au mois de décembre.</p>



<p>SEMAINE 13:</p>



<p>aujourd&rsquo;hui, nous avons fait l&rsquo;anniversaire de Maël!<br>nous allons faire le marché de noël!<br>on a fini nos pots de jacinthe.<br>vendredi on ramènera des jeux et un grand sac.</p>



<p>Semaine 14:</p>



<p>aujourd&rsquo;hui, on a fait des jeux.<br>on a fini les amaryllis.<br>on a fini le projet.<br>on a fait le goûter de noël!<br>dans 6 jours c&rsquo;est noël!<br>on a eu des cadeaux: une cabane pour la cour et des ardoises magiques.</p>



<p>SEMAINE 15:</p>



<p>mercredi, ce sera l&rsquo;anniversaire de Gabriel.<br>lundi nous avons des devoirs: ramener un glaçon à l&rsquo;école!<br>on est passé au mois de janvier.<br>les moyens n&rsquo;ont pas fait de sieste.<br>le 27 janvier, les grands vont à PARIS.<br>on a un poisson qui s&rsquo;appelle ARC EN CIEL.</p>



<p>SEMAINE 16:</p>



<p>demain nous avons des devoirs: il faut faire un glaçon coloré dans un gobelet.<br>on a fini les sirènes en graphisme.<br>les grands vont bientôt à paris.<br>on fait les voiliers de VAN GOGH avec de l&rsquo;encre et du gros sel.<br>on a transvasé de l&rsquo;eau et on a cherché ce qui flotte et ce qui coule.<br>on travaille sur l&rsquo;eau.</p>



<p>SEMAINE 17:</p>



<p>les grandes sections vont bientôt à Paris.<br>lundi on commence un nouveau projet.<br>on a fait des glaçons colorés.<br>aujourd&rsquo;hui, on ramène les cahiers de projets.<br>on a changé le bac à eau, on a mis du riz dedans.<br>on va bientôt changer de mois et passer au mois de février.</p>



<p>SEMAINE 18:</p>



<p>pour les camarades en classe, ils ont acheté des souvenirs.<br>on travaille sur les formes et les solides: on va fabriquer un livre de formes et on va faire une exposition.</p>



<p>SEMAINE 19:</p>



<p>c&rsquo;est bientôt l&rsquo;anniversaire de Maddy.<br>on est passé au mois de février.<br>bientôt c&rsquo;est les vacances.<br>nous travaillons sur les formes.<br>on a fini les tableaux de Auguste Herbin pour le concours national AMOPA.</p>



<p>SEMAINE 20:</p>



<p>aujourd&rsquo;hui, c&rsquo;est les vacances.<br>on a fini le livre de madame coeur.<br>aujourd&rsquo;hui on a fait l&rsquo;anniversaire de Maddy.<br>on a fini les Paul Klee, les Kandinsky, le graphisme dans Paul Klee, Mondrian et Delaunay.</p>



<p>SEMAINE 21:</p>



<p>on a fait l&rsquo;anniversaire de Mahamadou.<br>c&rsquo;est bientôt l&rsquo;anniversaire de Willian.<br>nous avons changé de mois.<br>on a commencé les KEITH HARING en graphisme.<br>on a commencé notre pantin articulé.<br>nous avons commencé un nouveau projet.<br>il y aura des tout petits qui viendront à l&rsquo;école .</p>



<p>SEMAINE 22:</p>



<p>nous avons fait des Keith Haring en peinture et en graphisme.<br>c&rsquo;est bientôt l&rsquo;anniversaire de Willian et le printemps.<br>on prépare la danse avec les parapluies et les lunettes de soleil.<br>nous avons fabriqué des pantins articulés.<br>on va faire une alerte incendie mercredi 18 mars.</p>



<p>SEMAINE 23:</p>



<p>on est passé au printemps.<br>on a fait l&rsquo;alarme incendie mercredi.<br>c&rsquo;est bientôt l&rsquo;anniversaire de willian.<br>aujourd&rsquo;hui on emmène les cahiers et les pantins articulés car on va changer de projet.</p>



<p>SEMAINE  24:</p>



<p>c&rsquo;est bientôt la visite médicale des grands.<br>nous travaillons sur le chaperon rouge.<br>on va bientôt changer de mois: c&rsquo;est avril.<br>on a des nouvelles poésies.<br>on va faire un chaperon en graphisme recto verso, un côté chat et un côté enfant.</p>



<p>SEMAINE 25:</p>



<p>vendredi, on emmènera les grands sacs et il y aura un goûter de Pâques.<br>c&rsquo;est presque l&rsquo;anniversaire de Maïa!<br>c&rsquo;est bientôt Pâques et les vacances.<br>c&rsquo;est aujourd&rsquo;hui que nous emmenons nos chaperons rouges.</p>



<p>SEMAINE 26:</p>

<p>semaine 1 on a changé de mois, on est passé au mois de septembre.on a fait les couvertures en peinture de notre cahier.on a des nouvelles poésies.on va faire un nouveau livre sur les boutons!c&rsquo;était la rentrée de l&rsquo;école!les moyens &hellip; <a href="https://passerelle2.ac-nantes.fr/matisse/les-maternelles/annee-2025-2026/le-resume-de-la-semaine/">Continuer la lecture <span class="meta-nav">&rarr;</span></a></p>
