
{"id":2,"date":"2013-10-07T13:14:32","date_gmt":"2013-10-07T13:14:32","guid":{"rendered":"https:\/\/passerelle2.ac-nantes.fr\/sourcesmag\/?page_id=2"},"modified":"2022-05-12T00:05:23","modified_gmt":"2022-05-11T22:05:23","slug":"page-d-exemple","status":"publish","type":"page","link":"https:\/\/passerelle2.ac-nantes.fr\/sourcesmag\/page-d-exemple\/","title":{"rendered":"\u00c0 propos"},"content":{"rendered":"<blockquote><p>Bonjour ! Ce blog est consacr\u00e9 \u00e0 l&rsquo;actualit\u00e9 et \u00e0 la culture en g\u00e9n\u00e9ral. Vous y trouverez des articles \u00e9crits par des \u00e9l\u00e8ves du coll\u00e8ge B\u00e9reng\u00e8re de Navarre (ex. Coll\u00e8ge Les Sources) inscrits \u00e0 l&rsquo;op\u00e9ration Classes Presse.&nbsp; Ce travail journalistique est supervis\u00e9 par les professeurs de fran\u00e7ais, Mmes Coispel et Saulin, et par le professeur documentaliste Mme Blin.<\/p>\n<p>&nbsp;<\/p><\/blockquote>\n","protected":false},"excerpt":{"rendered":"<p>Bonjour ! Ce blog est consacr\u00e9 \u00e0 l&rsquo;actualit\u00e9 et \u00e0 la culture en g\u00e9n\u00e9ral. Vous y trouverez des articles \u00e9crits par des \u00e9l\u00e8ves du coll\u00e8ge B\u00e9reng\u00e8re de Navarre (ex. Coll\u00e8ge Les Sources) inscrits \u00e0 l&rsquo;op\u00e9ration Classes Presse.&nbsp; Ce travail journalistique est supervis\u00e9 par les professeurs de fran\u00e7ais, Mmes Coispel et Saulin, et par le professeur &hellip; <a href=\"https:\/\/passerelle2.ac-nantes.fr\/sourcesmag\/page-d-exemple\/\" class=\"more-link\">Continuer la lecture de <span class=\"screen-reader-text\">\u00c0 propos<\/span>  <span class=\"meta-nav\">&rarr;<\/span><\/a><\/p>\n","protected":false},"author":4132,"featured_media":0,"parent":0,"menu_order":0,"comment_status":"open","ping_status":"open","template":"","meta":{"ngg_post_thumbnail":0,"h5ap_radio_sources":[],"jetpack_post_was_ever_published":false,"footnotes":""},"folder":[],"class_list":["post-2","page","type-page","status-publish","hentry"],"jetpack_sharing_enabled":true,"jetpack_shortlink":"https:\/\/wp.me\/P8Njdg-2","_links":{"self":[{"href":"https:\/\/passerelle2.ac-nantes.fr\/sourcesmag\/wp-json\/wp\/v2\/pages\/2","targetHints":{"allow":["GET"]}}],"collection":[{"href":"https:\/\/passerelle2.ac-nantes.fr\/sourcesmag\/wp-json\/wp\/v2\/pages"}],"about":[{"href":"https:\/\/passerelle2.ac-nantes.fr\/sourcesmag\/wp-json\/wp\/v2\/types\/page"}],"author":[{"embeddable":true,"href":"https:\/\/passerelle2.ac-nantes.fr\/sourcesmag\/wp-json\/wp\/v2\/users\/4132"}],"replies":[{"embeddable":true,"href":"https:\/\/passerelle2.ac-nantes.fr\/sourcesmag\/wp-json\/wp\/v2\/comments?post=2"}],"version-history":[{"count":0,"href":"https:\/\/passerelle2.ac-nantes.fr\/sourcesmag\/wp-json\/wp\/v2\/pages\/2\/revisions"}],"wp:attachment":[{"href":"https:\/\/passerelle2.ac-nantes.fr\/sourcesmag\/wp-json\/wp\/v2\/media?parent=2"}],"wp:term":[{"taxonomy":"folder","embeddable":true,"href":"https:\/\/passerelle2.ac-nantes.fr\/sourcesmag\/wp-json\/wp\/v2\/folder?post=2"}],"curies":[{"name":"wp","href":"https:\/\/api.w.org\/{rel}","templated":true}]}}